{"id":6440,"date":"2025-06-28T17:52:56","date_gmt":"2025-06-28T15:52:56","guid":{"rendered":"https:\/\/uj.adatbank.ro\/lexikon\/termek\/dali-jozsef\/"},"modified":"2025-06-28T17:52:56","modified_gmt":"2025-06-28T15:52:56","slug":"dali-jozsef","status":"publish","type":"product","link":"https:\/\/uj.adatbank.ro\/lexikon\/termek\/dali-jozsef\/","title":{"rendered":"DALI J\u00f3zsef"},"content":{"rendered":"<p>S\u00e1rpatak, 1868., \u2020\u00a0Nagykend, 1939. m\u00e1j. 20.: ref. tan\u00edt\u00f3. \u2013 Maross\u00e1rpatakon k\u00e1ntortan\u00edt\u00f3 (1892\u201396). A kiskendi gy\u00fclekezet megh\u00edvta tan\u00edt\u00f3nak, \u00e9s 36 \u00e9ven kereszt\u00fcl szolg\u00e1lt (1897\u20131933). A Kiss Lajos lelk\u00e9sz \u00e1ltal l\u00e9tes\u00edtett dal\u00e1rd\u00e1t (1890) tov\u00e1bb fejlesztette, majd a h\u00e1bor\u00fas sz\u00fcnet ut\u00e1n \u00fajraszervezte azt. (1915). \u00cdr\u00e1sbeli javaslatot ny\u00fajtott be az egyh\u00e1zi \u00e9nekesk\u00f6nyv reformj\u00e1ra. N\u00e9pk\u00f6nyvt\u00e1rat l\u00e9tes\u00edtett (1913). Amikor a lelk\u00e9sz t\u00e1vol volt, rendszeresen v\u00e9gezte a lelk\u00e9szi teend\u0151ket is. Nyugd\u00edjazt\u00e1k (1933. szept. 17). <br \/><strong>Irod.:<\/strong> Berekm\u00e9ri\u2013G\u00e1lfi; B\u00f6jthe Andor; Kend \u00e9s egyh\u00e1za<\/br><\/p>\n","protected":false},"excerpt":{"rendered":"<p>S\u00e1rpatak, 1868., \u2020\u00a0Nagykend, 1939. m\u00e1j. 20.: ref. tan\u00edt\u00f3. \u2013 Maross\u00e1rpatakon k\u00e1ntortan\u00edt\u00f3 (1892\u201396). A kiskendi gy\u00fclekezet megh\u00edvta tan\u00edt\u00f3nak, \u00e9s 36 \u00e9ven kereszt\u00fcl szolg\u00e1lt (1897\u20131933). A Kiss Lajos lelk\u00e9sz \u00e1ltal l\u00e9tes\u00edtett dal\u00e1rd\u00e1t (1890) tov\u00e1bb fejlesztette, majd a h\u00e1bor\u00fas sz\u00fcnet ut\u00e1n \u00fajraszervezte azt. (1915). \u00cdr\u00e1sbeli javaslatot ny\u00fajtott be az egyh\u00e1zi \u00e9nekesk\u00f6nyv reformj\u00e1ra. N\u00e9pk\u00f6nyvt\u00e1rat l\u00e9tes\u00edtett (1913). Amikor a lelk\u00e9sz [&hellip;]<\/p>\n","protected":false},"featured_media":0,"comment_status":"open","ping_status":"closed","template":"","meta":[],"product_brand":[],"product_cat":[137],"product_tag":[],"class_list":{"0":"post-6440","1":"product","2":"type-product","3":"status-publish","5":"product_cat-maros-megyei-eletrajzi-lexikon","7":"first","8":"instock","9":"shipping-taxable","10":"product-type-simple"},"_links":{"self":[{"href":"https:\/\/uj.adatbank.ro\/lexikon\/wp-json\/wp\/v2\/product\/6440","targetHints":{"allow":["GET"]}}],"collection":[{"href":"https:\/\/uj.adatbank.ro\/lexikon\/wp-json\/wp\/v2\/product"}],"about":[{"href":"https:\/\/uj.adatbank.ro\/lexikon\/wp-json\/wp\/v2\/types\/product"}],"replies":[{"embeddable":true,"href":"https:\/\/uj.adatbank.ro\/lexikon\/wp-json\/wp\/v2\/comments?post=6440"}],"wp:attachment":[{"href":"https:\/\/uj.adatbank.ro\/lexikon\/wp-json\/wp\/v2\/media?parent=6440"}],"wp:term":[{"taxonomy":"product_brand","embeddable":true,"href":"https:\/\/uj.adatbank.ro\/lexikon\/wp-json\/wp\/v2\/product_brand?post=6440"},{"taxonomy":"product_cat","embeddable":true,"href":"https:\/\/uj.adatbank.ro\/lexikon\/wp-json\/wp\/v2\/product_cat?post=6440"},{"taxonomy":"product_tag","embeddable":true,"href":"https:\/\/uj.adatbank.ro\/lexikon\/wp-json\/wp\/v2\/product_tag?post=6440"}],"curies":[{"name":"wp","href":"https:\/\/api.w.org\/{rel}","templated":true}]}}

DALI József

<p>Sárpatak, 1868., † Nagykend, 1939. máj. 20.: ref. tanító. – Marossárpatakon kántortanító (1892–96). A kiskendi gyülekezet meghívta tanítónak, és 36 éven keresztül szolgált (1897–1933). A Kiss Lajos lelkész által létesített dalárdát (1890) tovább fejlesztette, majd a háborús szünet után újraszervezte azt. (1915). Írásbeli javaslatot nyújtott be az egyházi énekeskönyv reformjára. Népkönyvtárat létesített (1913). Amikor a lelkész távol volt, rendszeresen végezte a lelkészi teendőket is. Nyugdíjazták (1933. szept. 17). <br /><strong>Irod.:</strong> Berekméri–Gálfi; Böjthe Andor; Kend és egyháza</br></p>

<p>Sárpatak, 1868., † Nagykend, 1939. máj. 20.: ref. tanító. – Marossárpatakon kántortanító (1892–96). A kiskendi gyülekezet meghívta tanítónak, és 36 éven keresztül szolgált (1897–1933). A Kiss Lajos lelkész által létesített dalárdát (1890) tovább fejlesztette, majd a háborús szünet után újraszervezte azt. (1915). Írásbeli javaslatot nyújtott be az egyházi énekeskönyv reformjára. Népkönyvtárat létesített (1913). Amikor a lelkész [&hellip;]</p>
