{"id":6443,"date":"2025-06-28T17:53:05","date_gmt":"2025-06-28T15:53:05","guid":{"rendered":"https:\/\/uj.adatbank.ro\/lexikon\/termek\/dali-sandor-%c2%a7\/"},"modified":"2025-06-28T17:53:05","modified_gmt":"2025-06-28T15:53:05","slug":"dali-sandor-%c2%a7","status":"publish","type":"product","link":"https:\/\/uj.adatbank.ro\/lexikon\/termek\/dali-sandor-%c2%a7\/","title":{"rendered":"DALI S\u00e1ndor \u00a7"},"content":{"rendered":"<p>Szov\u00e1ta, 1930. j\u00fan. 29., \u2020\u00a0Sepsiszentgy\u00f6rgy, 2010. nov. 22.: szerkeszt\u0151, k\u00f6z\u00edr\u00f3, sz\u00ednh\u00e1z igazgat\u00f3. \u2013 Mv.-en\u00a0Eg\u00e9szs\u00e9g\u00fcgyi szakk\u00f6z\u00e9piskol\u00e1t v\u00e9gzett, jeles diplom\u00e1val, Kv.-on a BTE p edag\u00f3gia-l\u00e9lektan szak\u00e1n szerzett oklevelet (1955). Ifj\u00fas\u00e1gi szervez\u0151munka ut\u00e1n: pedag\u00f3gus a kv.-i tan\u00edt\u00f3k\u00e9pz\u0151ben (1953\u201355), a mv.-i OGYI IMSZ titk\u00e1ra, gyakornok az OGYI filoz\u00f3fia katedr\u00e1j\u00e1n (1951\u201361), az Ifj\u00famunk\u00e1s f\u0151szerk.-je (1961\u201368), a lapot n\u00e9pszer\u0171 sajt\u00f3org\u00e1numm\u00e1 fejlesztette. Kir\u00e1ly K\u00e1roly h\u00edv\u00e1s\u00e1ra Sepsiszentgy\u00f6rgy\u00f6n a Megyei T\u00fck\u00f6r alap\u00edt\u00f3 f\u0151szerk.-je (1968\u201374); az RKP Kov\u00e1szna megyei bizotts\u00e1ga, propaganda-oszt\u00e1ly\u00e1nak munkat\u00e1rsa (1975\u201377). A H\u00e9t c. Buk.-ben megjelen\u0151 hetilap bels\u0151 munkat\u00e1rsa (1977\u201385). A sepsiszentgy\u00f6rgyi \u00c1llami Sz\u00ednh\u00e1z igazgat\u00f3ja nyugd\u00edjaz\u00e1s\u00e1ig (1985\u201393). 1989 ut\u00e1n r\u00e9szt vett a magyars\u00e1g \u00faj politiz\u00e1l\u00e1s\u00e1ba. A Nemzeti Megment\u00e9si Front megyei vezet\u0151s\u00e9g\u00e9nek tagja (1989\u201390), a h\u00e1romsz\u00e9ki RMDSZ alap\u00edt\u00f3ja volt. Cikkei\u00a0: A H\u00e9t, Megyei T\u00fck\u00f6r, Kapu-ban. \u2013 <strong>F. m.:<\/strong> Le a kalappal (Buk., 1967, 1968); Hut ab; Le a kalappal! (Buk., 1968); Mindenki viselkedik (Buk., 1978). <br \/><strong>Irod.:<\/strong> Aranykorszak; B\u00edr\u00f3 Blanka: Elhunyt D. S. (Kr\u00f3nika, 2010. nov. 24.); Dezs\u0151 Istv\u00e1n; EMKK; KKACs; L\u00e1z\u00e1r L\u00e1szl\u00f3: A sz\u00ednpadon t\u00f6rt\u00e9nik minden (\u00daj \u00c9let, 1. sz., 1986); RMIL<\/br><\/p>\n","protected":false},"excerpt":{"rendered":"<p>Szov\u00e1ta, 1930. j\u00fan. 29., \u2020\u00a0Sepsiszentgy\u00f6rgy, 2010. nov. 22.: szerkeszt\u0151, k\u00f6z\u00edr\u00f3, sz\u00ednh\u00e1z igazgat\u00f3. \u2013 Mv.-en\u00a0Eg\u00e9szs\u00e9g\u00fcgyi szakk\u00f6z\u00e9piskol\u00e1t v\u00e9gzett, jeles diplom\u00e1val, Kv.-on a BTE p edag\u00f3gia-l\u00e9lektan szak\u00e1n szerzett oklevelet (1955). Ifj\u00fas\u00e1gi szervez\u0151munka ut\u00e1n: pedag\u00f3gus a kv.-i tan\u00edt\u00f3k\u00e9pz\u0151ben (1953\u201355), a mv.-i OGYI IMSZ titk\u00e1ra, gyakornok az OGYI filoz\u00f3fia katedr\u00e1j\u00e1n (1951\u201361), az Ifj\u00famunk\u00e1s f\u0151szerk.-je (1961\u201368), a lapot n\u00e9pszer\u0171 sajt\u00f3org\u00e1numm\u00e1 fejlesztette. [&hellip;]<\/p>\n","protected":false},"featured_media":0,"comment_status":"open","ping_status":"closed","template":"","meta":[],"product_brand":[],"product_cat":[137],"product_tag":[],"class_list":{"0":"post-6443","1":"product","2":"type-product","3":"status-publish","5":"product_cat-maros-megyei-eletrajzi-lexikon","7":"first","8":"instock","9":"shipping-taxable","10":"product-type-simple"},"_links":{"self":[{"href":"https:\/\/uj.adatbank.ro\/lexikon\/wp-json\/wp\/v2\/product\/6443","targetHints":{"allow":["GET"]}}],"collection":[{"href":"https:\/\/uj.adatbank.ro\/lexikon\/wp-json\/wp\/v2\/product"}],"about":[{"href":"https:\/\/uj.adatbank.ro\/lexikon\/wp-json\/wp\/v2\/types\/product"}],"replies":[{"embeddable":true,"href":"https:\/\/uj.adatbank.ro\/lexikon\/wp-json\/wp\/v2\/comments?post=6443"}],"wp:attachment":[{"href":"https:\/\/uj.adatbank.ro\/lexikon\/wp-json\/wp\/v2\/media?parent=6443"}],"wp:term":[{"taxonomy":"product_brand","embeddable":true,"href":"https:\/\/uj.adatbank.ro\/lexikon\/wp-json\/wp\/v2\/product_brand?post=6443"},{"taxonomy":"product_cat","embeddable":true,"href":"https:\/\/uj.adatbank.ro\/lexikon\/wp-json\/wp\/v2\/product_cat?post=6443"},{"taxonomy":"product_tag","embeddable":true,"href":"https:\/\/uj.adatbank.ro\/lexikon\/wp-json\/wp\/v2\/product_tag?post=6443"}],"curies":[{"name":"wp","href":"https:\/\/api.w.org\/{rel}","templated":true}]}}

DALI Sándor §

<p>Szováta, 1930. jún. 29., † Sepsiszentgyörgy, 2010. nov. 22.: szerkesztő, közíró, színház igazgató. – Mv.-en Egészségügyi szakközépiskolát végzett, jeles diplomával, Kv.-on a BTE p edagógia-lélektan szakán szerzett oklevelet (1955). Ifjúsági szervezőmunka után: pedagógus a kv.-i tanítóképzőben (1953–55), a mv.-i OGYI IMSZ titkára, gyakornok az OGYI filozófia katedráján (1951–61), az Ifjúmunkás főszerk.-je (1961–68), a lapot népszerű sajtóorgánummá fejlesztette. Király Károly hívására Sepsiszentgyörgyön a Megyei Tükör alapító főszerk.-je (1968–74); az RKP Kovászna megyei bizottsága, propaganda-osztályának munkatársa (1975–77). A Hét c. Buk.-ben megjelenő hetilap belső munkatársa (1977–85). A sepsiszentgyörgyi Állami Színház igazgatója nyugdíjazásáig (1985–93). 1989 után részt vett a magyarság új politizálásába. A Nemzeti Megmentési Front megyei vezetőségének tagja (1989–90), a háromszéki RMDSZ alapítója volt. Cikkei : A Hét, Megyei Tükör, Kapu-ban. – <strong>F. m.:</strong> Le a kalappal (Buk., 1967, 1968); Hut ab; Le a kalappal! (Buk., 1968); Mindenki viselkedik (Buk., 1978). <br /><strong>Irod.:</strong> Aranykorszak; Bíró Blanka: Elhunyt D. S. (Krónika, 2010. nov. 24.); Dezső István; EMKK; KKACs; Lázár László: A színpadon történik minden (Új Élet, 1. sz., 1986); RMIL</br></p>

<p>Szováta, 1930. jún. 29., † Sepsiszentgyörgy, 2010. nov. 22.: szerkesztő, közíró, színház igazgató. – Mv.-en Egészségügyi szakközépiskolát végzett, jeles diplomával, Kv.-on a BTE p edagógia-lélektan szakán szerzett oklevelet (1955). Ifjúsági szervezőmunka után: pedagógus a kv.-i tanítóképzőben (1953–55), a mv.-i OGYI IMSZ titkára, gyakornok az OGYI filozófia katedráján (1951–61), az Ifjúmunkás főszerk.-je (1961–68), a lapot népszerű sajtóorgánummá fejlesztette. [&hellip;]</p>
