{"id":6467,"date":"2025-06-28T17:53:51","date_gmt":"2025-06-28T15:53:51","guid":{"rendered":"https:\/\/uj.adatbank.ro\/lexikon\/termek\/damaschin-brandusa\/"},"modified":"2025-06-28T17:53:51","modified_gmt":"2025-06-28T15:53:51","slug":"damaschin-brandusa","status":"publish","type":"product","link":"https:\/\/uj.adatbank.ro\/lexikon\/termek\/damaschin-brandusa\/","title":{"rendered":"DAMASCHIN Br\u00e2ndu\u015fa"},"content":{"rendered":"<p>D\u00e1nos, 1893., \u2020 ?: titkos \u00fcgyn\u00f6k. \u2013 A marosi Siguranca szolg\u00e1lat\u00e1ban \u00e1llt (1922\u2013), \u00e9s mint ilyen a kommunist\u00e1k \u00fcld\u00f6z\u0151je volt. A rendszerv\u00e1ltoz\u00e1s ut\u00e1n letart\u00f3ztatt\u00e1k (1954. m\u00e1j. 7.), a Marosi F\u0151 Katonai \u00dcgy\u00e9szs\u00e9g el\u00e9 \u00e1ll\u00edtott\u00e1k, \u00e9s azzal a v\u00e1ddal, h. a kv.-i Fuchs Simon zsid\u00f3 kommunista vezet\u0151t b\u00f6rt\u00f6nbe juttatta (1927), el\u00edt\u00e9lt\u00e9k \u00e9s b\u00f6rt\u00f6nbe z\u00e1rt\u00e1k. <br \/><strong>Irod.:<\/strong> Nicolae Balint<\/br><\/p>\n","protected":false},"excerpt":{"rendered":"<p>D\u00e1nos, 1893., \u2020 ?: titkos \u00fcgyn\u00f6k. \u2013 A marosi Siguranca szolg\u00e1lat\u00e1ban \u00e1llt (1922\u2013), \u00e9s mint ilyen a kommunist\u00e1k \u00fcld\u00f6z\u0151je volt. A rendszerv\u00e1ltoz\u00e1s ut\u00e1n letart\u00f3ztatt\u00e1k (1954. m\u00e1j. 7.), a Marosi F\u0151 Katonai \u00dcgy\u00e9szs\u00e9g el\u00e9 \u00e1ll\u00edtott\u00e1k, \u00e9s azzal a v\u00e1ddal, h. a kv.-i Fuchs Simon zsid\u00f3 kommunista vezet\u0151t b\u00f6rt\u00f6nbe juttatta (1927), el\u00edt\u00e9lt\u00e9k \u00e9s b\u00f6rt\u00f6nbe z\u00e1rt\u00e1k. Irod.: Nicolae [&hellip;]<\/p>\n","protected":false},"featured_media":0,"comment_status":"open","ping_status":"closed","template":"","meta":[],"product_brand":[],"product_cat":[137],"product_tag":[],"class_list":{"0":"post-6467","1":"product","2":"type-product","3":"status-publish","5":"product_cat-maros-megyei-eletrajzi-lexikon","7":"first","8":"instock","9":"shipping-taxable","10":"product-type-simple"},"_links":{"self":[{"href":"https:\/\/uj.adatbank.ro\/lexikon\/wp-json\/wp\/v2\/product\/6467","targetHints":{"allow":["GET"]}}],"collection":[{"href":"https:\/\/uj.adatbank.ro\/lexikon\/wp-json\/wp\/v2\/product"}],"about":[{"href":"https:\/\/uj.adatbank.ro\/lexikon\/wp-json\/wp\/v2\/types\/product"}],"replies":[{"embeddable":true,"href":"https:\/\/uj.adatbank.ro\/lexikon\/wp-json\/wp\/v2\/comments?post=6467"}],"wp:attachment":[{"href":"https:\/\/uj.adatbank.ro\/lexikon\/wp-json\/wp\/v2\/media?parent=6467"}],"wp:term":[{"taxonomy":"product_brand","embeddable":true,"href":"https:\/\/uj.adatbank.ro\/lexikon\/wp-json\/wp\/v2\/product_brand?post=6467"},{"taxonomy":"product_cat","embeddable":true,"href":"https:\/\/uj.adatbank.ro\/lexikon\/wp-json\/wp\/v2\/product_cat?post=6467"},{"taxonomy":"product_tag","embeddable":true,"href":"https:\/\/uj.adatbank.ro\/lexikon\/wp-json\/wp\/v2\/product_tag?post=6467"}],"curies":[{"name":"wp","href":"https:\/\/api.w.org\/{rel}","templated":true}]}}