{"id":6469,"date":"2025-06-28T17:53:54","date_gmt":"2025-06-28T15:53:54","guid":{"rendered":"https:\/\/uj.adatbank.ro\/lexikon\/termek\/damian-emil\/"},"modified":"2025-06-28T17:53:54","modified_gmt":"2025-06-28T15:53:54","slug":"damian-emil","status":"publish","type":"product","link":"https:\/\/uj.adatbank.ro\/lexikon\/termek\/damian-emil\/","title":{"rendered":"DAMIAN Emil"},"content":{"rendered":"<p>Toldalag, 1906. \u00e1pr. 16., \u2020 ? : g\u00f6r. kat. pap. \u2013 Mez\u0151banyic\u00e1ban, ahol apja szint\u00e9n pap volt, kezdett tanulni, l\u00edc. -ot Sz\u00e1szr\u00e9genben, teol\u00f3gi\u00e1t Bal\u00e1zsfalv\u00e1n v\u00e9gzett. Papp\u00e1 szentelt\u00e9k \u00e9s Kisf\u00fclp\u00f6s\u00f6n szolg\u00e1lt (1931-?), majd Magyarf\u00fclp\u00f6sbe helyezt\u00e9k lelk\u00e9sznek (?\u20131948). A falu k\u00f6zep\u00e9n l\u00e9v\u0151 templom \u00e9p\u00edttet\u0151je (1935\u2013), falfestm\u00e9nyeit k\u00e9s\u0151bb (1962) fejezt\u00e9k be, Nicolae Mladin, Erd\u00e9ly mitropolit\u00e1ja szentelte fel (1971. szept. 23.). A g\u00f6r. kat. egyh\u00e1z betilt\u00e1sa ut\u00e1n (1948), nem akart \u00e1tt\u00e9rni az ort. vall\u00e1sra, letart\u00f3ztatt\u00e1k, kivizsg\u00e1l\u00e1soknak vetett\u00e9k al\u00e1, \u00e9s Kv.-on h\u00e1rom h\u00f3napig fogva tartott\u00e1k, csal\u00e1dja tudta n\u00e9lk\u00fcl (1948. okt. 28. \u2013). K\u00f6zben a csal\u00e1dot is \u00e1lland\u00f3an zaklatt\u00e1k, h\u00e1zkutat\u00e1st v\u00e9geztek. Kiszabadul\u00e1sa ut\u00e1n titokban folytatta papi tev\u00e9kenys\u00e9g\u00e9t, mis\u00e9zett, keresztelt. \u00dajb\u00f3l letart\u00f3ztatt\u00e1k, Kv.-on \u00e1llamellenes tev\u00e9kenys\u00e9g v\u00e1dj\u00e1val n\u00e9gy \u00e9v b\u00f6rt\u00f6nre \u00edt\u00e9lt\u00e9k (1960. m\u00e1rc. 23. \u2013). Kiszabadul\u00e1sa ut\u00e1n k\u00fcl\u00f6nb\u00f6z\u0151 fizikai munk\u00e1kat v\u00e1llalt, a. meg\u00e9lhese c\u00e9lj\u00e1b\u00f3l. A rendszerv\u00e1ltoz\u00e1sig (1989. dec.) a securitaten periodikusan kellett jelentkeznie. \u00c1tt\u00e9rt az ort. vall\u00e1sra, majd \u00fajb\u00f3l papp\u00e1 v\u00e1lasztott\u00e1k (1957\u201359). \u0150 vezette az \u00e1llami rom\u00e1n iskol\u00e1t is a r\u00e9gi g. kat. iskola \u00e9p\u00fclet\u00e9ben. <br \/><strong>Irod.:<\/strong> Butiurc\u0103; Filipi\u015ful Mic; Reghin, Protopopiat<\/br><\/p>\n","protected":false},"excerpt":{"rendered":"<p>Toldalag, 1906. \u00e1pr. 16., \u2020 ? : g\u00f6r. kat. pap. \u2013 Mez\u0151banyic\u00e1ban, ahol apja szint\u00e9n pap volt, kezdett tanulni, l\u00edc. -ot Sz\u00e1szr\u00e9genben, teol\u00f3gi\u00e1t Bal\u00e1zsfalv\u00e1n v\u00e9gzett. Papp\u00e1 szentelt\u00e9k \u00e9s Kisf\u00fclp\u00f6s\u00f6n szolg\u00e1lt (1931-?), majd Magyarf\u00fclp\u00f6sbe helyezt\u00e9k lelk\u00e9sznek (?\u20131948). A falu k\u00f6zep\u00e9n l\u00e9v\u0151 templom \u00e9p\u00edttet\u0151je (1935\u2013), falfestm\u00e9nyeit k\u00e9s\u0151bb (1962) fejezt\u00e9k be, Nicolae Mladin, Erd\u00e9ly mitropolit\u00e1ja szentelte fel (1971. [&hellip;]<\/p>\n","protected":false},"featured_media":0,"comment_status":"open","ping_status":"closed","template":"","meta":[],"product_brand":[],"product_cat":[137],"product_tag":[],"class_list":{"0":"post-6469","1":"product","2":"type-product","3":"status-publish","5":"product_cat-maros-megyei-eletrajzi-lexikon","7":"first","8":"instock","9":"shipping-taxable","10":"product-type-simple"},"_links":{"self":[{"href":"https:\/\/uj.adatbank.ro\/lexikon\/wp-json\/wp\/v2\/product\/6469","targetHints":{"allow":["GET"]}}],"collection":[{"href":"https:\/\/uj.adatbank.ro\/lexikon\/wp-json\/wp\/v2\/product"}],"about":[{"href":"https:\/\/uj.adatbank.ro\/lexikon\/wp-json\/wp\/v2\/types\/product"}],"replies":[{"embeddable":true,"href":"https:\/\/uj.adatbank.ro\/lexikon\/wp-json\/wp\/v2\/comments?post=6469"}],"wp:attachment":[{"href":"https:\/\/uj.adatbank.ro\/lexikon\/wp-json\/wp\/v2\/media?parent=6469"}],"wp:term":[{"taxonomy":"product_brand","embeddable":true,"href":"https:\/\/uj.adatbank.ro\/lexikon\/wp-json\/wp\/v2\/product_brand?post=6469"},{"taxonomy":"product_cat","embeddable":true,"href":"https:\/\/uj.adatbank.ro\/lexikon\/wp-json\/wp\/v2\/product_cat?post=6469"},{"taxonomy":"product_tag","embeddable":true,"href":"https:\/\/uj.adatbank.ro\/lexikon\/wp-json\/wp\/v2\/product_tag?post=6469"}],"curies":[{"name":"wp","href":"https:\/\/api.w.org\/{rel}","templated":true}]}}

<p>Toldalag, 1906. ápr. 16., † ? : gör. kat. pap. – Mezőbanyicában, ahol apja szintén pap volt, kezdett tanulni, líc. -ot Szászrégenben, teológiát Balázsfalván végzett. Pappá szentelték és Kisfülpösön szolgált (1931-?), majd Magyarfülpösbe helyezték lelkésznek (?–1948). A falu közepén lévő templom építtetője (1935–), falfestményeit később (1962) fejezték be, Nicolae Mladin, Erdély mitropolitája szentelte fel (1971. szept. 23.). A gör. kat. egyház betiltása után (1948), nem akart áttérni az ort. vallásra, letartóztatták, kivizsgálásoknak vetették alá, és Kv.-on három hónapig fogva tartották, családja tudta nélkül (1948. okt. 28. –). Közben a családot is állandóan zaklatták, házkutatást végeztek. Kiszabadulása után titokban folytatta papi tevékenységét, misézett, keresztelt. Újból letartóztatták, Kv.-on államellenes tevékenység vádjával négy év börtönre ítélték (1960. márc. 23. –). Kiszabadulása után különböző fizikai munkákat vállalt, a. megélhese céljából. A rendszerváltozásig (1989. dec.) a securitaten periodikusan kellett jelentkeznie. Áttért az ort. vallásra, majd újból pappá választották (1957–59). Ő vezette az állami román iskolát is a régi g. kat. iskola épületében. <br /><strong>Irod.:</strong> Butiurcă; Filipişul Mic; Reghin, Protopopiat</br></p>

<p>Toldalag, 1906. ápr. 16., † ? : gör. kat. pap. – Mezőbanyicában, ahol apja szintén pap volt, kezdett tanulni, líc. -ot Szászrégenben, teológiát Balázsfalván végzett. Pappá szentelték és Kisfülpösön szolgált (1931-?), majd Magyarfülpösbe helyezték lelkésznek (?–1948). A falu közepén lévő templom építtetője (1935–), falfestményeit később (1962) fejezték be, Nicolae Mladin, Erdély mitropolitája szentelte fel (1971. [&hellip;]</p>
