{"id":6470,"date":"2025-06-28T17:53:56","date_gmt":"2025-06-28T15:53:56","guid":{"rendered":"https:\/\/uj.adatbank.ro\/lexikon\/termek\/damian-emil-2\/"},"modified":"2025-06-28T17:53:56","modified_gmt":"2025-06-28T15:53:56","slug":"damian-emil-2","status":"publish","type":"product","link":"https:\/\/uj.adatbank.ro\/lexikon\/termek\/damian-emil-2\/","title":{"rendered":"DAMIAN Emil"},"content":{"rendered":"<p>Teke\u00fajfalu, 1906. j\u00fan. 15, \u2020\u00a0? : g\u00f6r. kat. pap, jogtan\u00e1csos. \u2013 Sz\u00e1szr\u00e1genben jogtan\u00e1csos. A Faliboga \u2013f\u00e9le \u00f6sszeesk\u00fcv\u00e9s III. csoportj\u00e1nak tagja. Letart\u00f3ztatt\u00e1k (1956. nov. 14.). El\u00edt\u00e9lt\u00e9k (1956). <br \/><strong>Irod.:<\/strong> \u00c1ldozatok; P\u00e1l-Antal 2013<\/br><\/p>\n","protected":false},"excerpt":{"rendered":"<p>Teke\u00fajfalu, 1906. j\u00fan. 15, \u2020\u00a0? : g\u00f6r. kat. pap, jogtan\u00e1csos. \u2013 Sz\u00e1szr\u00e1genben jogtan\u00e1csos. A Faliboga \u2013f\u00e9le \u00f6sszeesk\u00fcv\u00e9s III. csoportj\u00e1nak tagja. Letart\u00f3ztatt\u00e1k (1956. nov. 14.). El\u00edt\u00e9lt\u00e9k (1956). Irod.: \u00c1ldozatok; P\u00e1l-Antal 2013<\/p>\n","protected":false},"featured_media":0,"comment_status":"open","ping_status":"closed","template":"","meta":[],"product_brand":[],"product_cat":[137],"product_tag":[],"class_list":{"0":"post-6470","1":"product","2":"type-product","3":"status-publish","5":"product_cat-maros-megyei-eletrajzi-lexikon","7":"first","8":"instock","9":"shipping-taxable","10":"product-type-simple"},"_links":{"self":[{"href":"https:\/\/uj.adatbank.ro\/lexikon\/wp-json\/wp\/v2\/product\/6470","targetHints":{"allow":["GET"]}}],"collection":[{"href":"https:\/\/uj.adatbank.ro\/lexikon\/wp-json\/wp\/v2\/product"}],"about":[{"href":"https:\/\/uj.adatbank.ro\/lexikon\/wp-json\/wp\/v2\/types\/product"}],"replies":[{"embeddable":true,"href":"https:\/\/uj.adatbank.ro\/lexikon\/wp-json\/wp\/v2\/comments?post=6470"}],"wp:attachment":[{"href":"https:\/\/uj.adatbank.ro\/lexikon\/wp-json\/wp\/v2\/media?parent=6470"}],"wp:term":[{"taxonomy":"product_brand","embeddable":true,"href":"https:\/\/uj.adatbank.ro\/lexikon\/wp-json\/wp\/v2\/product_brand?post=6470"},{"taxonomy":"product_cat","embeddable":true,"href":"https:\/\/uj.adatbank.ro\/lexikon\/wp-json\/wp\/v2\/product_cat?post=6470"},{"taxonomy":"product_tag","embeddable":true,"href":"https:\/\/uj.adatbank.ro\/lexikon\/wp-json\/wp\/v2\/product_tag?post=6470"}],"curies":[{"name":"wp","href":"https:\/\/api.w.org\/{rel}","templated":true}]}}