{"id":6471,"date":"2025-06-28T17:53:58","date_gmt":"2025-06-28T15:53:58","guid":{"rendered":"https:\/\/uj.adatbank.ro\/lexikon\/termek\/damian-ioan-damian-ion\/"},"modified":"2025-06-28T17:53:58","modified_gmt":"2025-06-28T15:53:58","slug":"damian-ioan-damian-ion","status":"publish","type":"product","link":"https:\/\/uj.adatbank.ro\/lexikon\/termek\/damian-ioan-damian-ion\/","title":{"rendered":"DAMIAN Ioan, Damian, Ion"},"content":{"rendered":"<p>Borz\u00e1s, 1933. febr. 18., \u2020 Dics\u0151szentm\u00e1rton, 2004. \u00e1pr. 17.: tan\u00e1r, k\u00f6nyvt\u00e1ros. \u2013 Feles\u00e9ge: D. Eugenia. \u2013 Buk.-ben filol\u00f3gi\u00e1t (1956) \u00e9s a kv.-i egyetemen t\u00f6rt\u00e9nelem-filoz\u00f3fia szakot v\u00e9gzett (1962). A dics\u0151szentm\u00e1rtoni Rajoni K\u00f6nyvt\u00e1r igazgat\u00f3jak\u00e9nt, egy \u00e9rtelmis\u00e9gi csoport k\u00f6zrem\u0171k\u00f6d\u00e9s\u00e9vel megszervezte a Tudor Arghezi Irodalmi K\u00f6rt (1956), ami az Elena din Ardeal elnevez\u00e9st kapta (1990). G\u00f6r\u00f6g kat. k\u00e1poln\u00e1t \u00e9p\u00edttetett h\u00e1za udvar\u00e1n a kiadott v\u00e1rosi monogr\u00e1fi\u00e1ja j\u00f6vedelm\u00e9b\u0151l. A Steaua Ro\u015fie c. lap egyik munkat\u00e1rsa. \u2013 <strong>F. m.:<\/strong> Monografia ora\u015fului T\u00e2rn\u0103veni (Cluj., 1996); Al\u0103ute; <strong>t\u00e1rssz.:<\/strong> Spitalul din T\u00e2rn\u0103veni la 75-a aniversare (1973). <br \/><strong>Irod.:<\/strong> C. L. (1999. szept. 14.); Todea\u2013F\u00fcl\u00f6p\u2013Avram<\/br><\/p>\n","protected":false},"excerpt":{"rendered":"<p>Borz\u00e1s, 1933. febr. 18., \u2020 Dics\u0151szentm\u00e1rton, 2004. \u00e1pr. 17.: tan\u00e1r, k\u00f6nyvt\u00e1ros. \u2013 Feles\u00e9ge: D. Eugenia. \u2013 Buk.-ben filol\u00f3gi\u00e1t (1956) \u00e9s a kv.-i egyetemen t\u00f6rt\u00e9nelem-filoz\u00f3fia szakot v\u00e9gzett (1962). A dics\u0151szentm\u00e1rtoni Rajoni K\u00f6nyvt\u00e1r igazgat\u00f3jak\u00e9nt, egy \u00e9rtelmis\u00e9gi csoport k\u00f6zrem\u0171k\u00f6d\u00e9s\u00e9vel megszervezte a Tudor Arghezi Irodalmi K\u00f6rt (1956), ami az Elena din Ardeal elnevez\u00e9st kapta (1990). G\u00f6r\u00f6g kat. k\u00e1poln\u00e1t \u00e9p\u00edttetett [&hellip;]<\/p>\n","protected":false},"featured_media":0,"comment_status":"open","ping_status":"closed","template":"","meta":[],"product_brand":[],"product_cat":[137],"product_tag":[],"class_list":{"0":"post-6471","1":"product","2":"type-product","3":"status-publish","5":"product_cat-maros-megyei-eletrajzi-lexikon","7":"first","8":"instock","9":"shipping-taxable","10":"product-type-simple"},"_links":{"self":[{"href":"https:\/\/uj.adatbank.ro\/lexikon\/wp-json\/wp\/v2\/product\/6471","targetHints":{"allow":["GET"]}}],"collection":[{"href":"https:\/\/uj.adatbank.ro\/lexikon\/wp-json\/wp\/v2\/product"}],"about":[{"href":"https:\/\/uj.adatbank.ro\/lexikon\/wp-json\/wp\/v2\/types\/product"}],"replies":[{"embeddable":true,"href":"https:\/\/uj.adatbank.ro\/lexikon\/wp-json\/wp\/v2\/comments?post=6471"}],"wp:attachment":[{"href":"https:\/\/uj.adatbank.ro\/lexikon\/wp-json\/wp\/v2\/media?parent=6471"}],"wp:term":[{"taxonomy":"product_brand","embeddable":true,"href":"https:\/\/uj.adatbank.ro\/lexikon\/wp-json\/wp\/v2\/product_brand?post=6471"},{"taxonomy":"product_cat","embeddable":true,"href":"https:\/\/uj.adatbank.ro\/lexikon\/wp-json\/wp\/v2\/product_cat?post=6471"},{"taxonomy":"product_tag","embeddable":true,"href":"https:\/\/uj.adatbank.ro\/lexikon\/wp-json\/wp\/v2\/product_tag?post=6471"}],"curies":[{"name":"wp","href":"https:\/\/api.w.org\/{rel}","templated":true}]}}

<p>Borzás, 1933. febr. 18., † Dicsőszentmárton, 2004. ápr. 17.: tanár, könyvtáros. – Felesége: D. Eugenia. – Buk.-ben filológiát (1956) és a kv.-i egyetemen történelem-filozófia szakot végzett (1962). A dicsőszentmártoni Rajoni Könyvtár igazgatójaként, egy értelmiségi csoport közreműködésével megszervezte a Tudor Arghezi Irodalmi Kört (1956), ami az Elena din Ardeal elnevezést kapta (1990). Görög kat. kápolnát építtetett háza udvarán a kiadott városi monográfiája jövedelméből. A Steaua Roşie c. lap egyik munkatársa. – <strong>F. m.:</strong> Monografia oraşului Târnăveni (Cluj., 1996); Alăute; <strong>társsz.:</strong> Spitalul din Târnăveni la 75-a aniversare (1973). <br /><strong>Irod.:</strong> C. L. (1999. szept. 14.); Todea–Fülöp–Avram</br></p>

<p>Borzás, 1933. febr. 18., † Dicsőszentmárton, 2004. ápr. 17.: tanár, könyvtáros. – Felesége: D. Eugenia. – Buk.-ben filológiát (1956) és a kv.-i egyetemen történelem-filozófia szakot végzett (1962). A dicsőszentmártoni Rajoni Könyvtár igazgatójaként, egy értelmiségi csoport közreműködésével megszervezte a Tudor Arghezi Irodalmi Kört (1956), ami az Elena din Ardeal elnevezést kapta (1990). Görög kat. kápolnát építtetett [&hellip;]</p>
