{"id":6478,"date":"2025-06-28T17:54:11","date_gmt":"2025-06-28T15:54:11","guid":{"rendered":"https:\/\/uj.adatbank.ro\/lexikon\/termek\/damokos-antal-alsocsernatoni-br\/"},"modified":"2025-06-28T17:54:11","modified_gmt":"2025-06-28T15:54:11","slug":"damokos-antal-alsocsernatoni-br","status":"publish","type":"product","link":"https:\/\/uj.adatbank.ro\/lexikon\/termek\/damokos-antal-alsocsernatoni-br\/","title":{"rendered":"DAMOKOS Antal, als\u00f3csern\u00e1toni br."},"content":{"rendered":"<p>1833. m\u00e1j. 12., \u2020\u00a0? : jog\u00e1sz dr., t\u00f6rv\u00e9nysz\u00e9ki eln\u00f6k. \u2013 Ferenc (1788\u20131871) \u00e9s Tompa Ter\u00e9z fia. Feles\u00e9ge: zetelaki Sebesty\u00e9n M\u00e1ria (*1842., \u2020\u00a0Mv., 1921. j\u00fal. 8.), a tordai j\u00f3t\u00e9kony n\u0151egylet \u00f6r\u00f6k\u00f6s d\u00edszeln\u00f6ke. Gyermekei: Andor (1867-?), feles\u00e9ge Domahidy Elza Ilona. A mv.-i Kir T\u00e1bl\u00e1n\u00e1l tan\u00e1csjegyz\u0151 (1861), a kv.-i kir. \u00farb\u00e9ri t\u00f6rv\u00e9nysz\u00e9k eln\u00f6ke (1869), a mv.-i kir. t\u00f6rv\u00e9nysz\u00e9k majd a tordai t\u00f6rv\u00e9nysz\u00e9k eln\u00f6ke (1872), nyugd\u00edjaz\u00e1sa ut\u00e1n az \u00d3tordai Ref. Egyh\u00e1z f\u0151gondnoka. A Vaskorona Rend III. oszt. tulajdonosa <br \/><strong>Irod.:<\/strong> Gy\u00e1szjelent; Id\u0151t\u00e1r 2; P\u00e1lmay<\/br><\/p>\n","protected":false},"excerpt":{"rendered":"<p>1833. m\u00e1j. 12., \u2020\u00a0? : jog\u00e1sz dr., t\u00f6rv\u00e9nysz\u00e9ki eln\u00f6k. \u2013 Ferenc (1788\u20131871) \u00e9s Tompa Ter\u00e9z fia. Feles\u00e9ge: zetelaki Sebesty\u00e9n M\u00e1ria (*1842., \u2020\u00a0Mv., 1921. j\u00fal. 8.), a tordai j\u00f3t\u00e9kony n\u0151egylet \u00f6r\u00f6k\u00f6s d\u00edszeln\u00f6ke. Gyermekei: Andor (1867-?), feles\u00e9ge Domahidy Elza Ilona. A mv.-i Kir T\u00e1bl\u00e1n\u00e1l tan\u00e1csjegyz\u0151 (1861), a kv.-i kir. \u00farb\u00e9ri t\u00f6rv\u00e9nysz\u00e9k eln\u00f6ke (1869), a mv.-i kir. t\u00f6rv\u00e9nysz\u00e9k [&hellip;]<\/p>\n","protected":false},"featured_media":0,"comment_status":"open","ping_status":"closed","template":"","meta":[],"product_brand":[],"product_cat":[137],"product_tag":[],"class_list":{"0":"post-6478","1":"product","2":"type-product","3":"status-publish","5":"product_cat-maros-megyei-eletrajzi-lexikon","7":"first","8":"instock","9":"shipping-taxable","10":"product-type-simple"},"_links":{"self":[{"href":"https:\/\/uj.adatbank.ro\/lexikon\/wp-json\/wp\/v2\/product\/6478","targetHints":{"allow":["GET"]}}],"collection":[{"href":"https:\/\/uj.adatbank.ro\/lexikon\/wp-json\/wp\/v2\/product"}],"about":[{"href":"https:\/\/uj.adatbank.ro\/lexikon\/wp-json\/wp\/v2\/types\/product"}],"replies":[{"embeddable":true,"href":"https:\/\/uj.adatbank.ro\/lexikon\/wp-json\/wp\/v2\/comments?post=6478"}],"wp:attachment":[{"href":"https:\/\/uj.adatbank.ro\/lexikon\/wp-json\/wp\/v2\/media?parent=6478"}],"wp:term":[{"taxonomy":"product_brand","embeddable":true,"href":"https:\/\/uj.adatbank.ro\/lexikon\/wp-json\/wp\/v2\/product_brand?post=6478"},{"taxonomy":"product_cat","embeddable":true,"href":"https:\/\/uj.adatbank.ro\/lexikon\/wp-json\/wp\/v2\/product_cat?post=6478"},{"taxonomy":"product_tag","embeddable":true,"href":"https:\/\/uj.adatbank.ro\/lexikon\/wp-json\/wp\/v2\/product_tag?post=6478"}],"curies":[{"name":"wp","href":"https:\/\/api.w.org\/{rel}","templated":true}]}}

DAMOKOS Antal, alsócsernátoni br.

<p>1833. máj. 12., † ? : jogász dr., törvényszéki elnök. – Ferenc (1788–1871) és Tompa Teréz fia. Felesége: zetelaki Sebestyén Mária (*1842., † Mv., 1921. júl. 8.), a tordai jótékony nőegylet örökös díszelnöke. Gyermekei: Andor (1867-?), felesége Domahidy Elza Ilona. A mv.-i Kir Táblánál tanácsjegyző (1861), a kv.-i kir. úrbéri törvényszék elnöke (1869), a mv.-i kir. törvényszék majd a tordai törvényszék elnöke (1872), nyugdíjazása után az Ótordai Ref. Egyház főgondnoka. A Vaskorona Rend III. oszt. tulajdonosa <br /><strong>Irod.:</strong> Gyászjelent; Időtár 2; Pálmay</br></p>

<p>1833. máj. 12., † ? : jogász dr., törvényszéki elnök. – Ferenc (1788–1871) és Tompa Teréz fia. Felesége: zetelaki Sebestyén Mária (*1842., † Mv., 1921. júl. 8.), a tordai jótékony nőegylet örökös díszelnöke. Gyermekei: Andor (1867-?), felesége Domahidy Elza Ilona. A mv.-i Kir Táblánál tanácsjegyző (1861), a kv.-i kir. úrbéri törvényszék elnöke (1869), a mv.-i kir. törvényszék [&hellip;]</p>
