{"id":6482,"date":"2025-06-28T17:54:18","date_gmt":"2025-06-28T15:54:18","guid":{"rendered":"https:\/\/uj.adatbank.ro\/lexikon\/termek\/damokos-laszlo-alsocsernatoni-br\/"},"modified":"2025-06-28T17:54:18","modified_gmt":"2025-06-28T15:54:18","slug":"damokos-laszlo-alsocsernatoni-br","status":"publish","type":"product","link":"https:\/\/uj.adatbank.ro\/lexikon\/termek\/damokos-laszlo-alsocsernatoni-br\/","title":{"rendered":"DAMOKOS L\u00e1szl\u00f3, als\u00f3csern\u00e1toni br."},"content":{"rendered":"<p>Kisborosny\u00f3, 1833 ut\u00e1n, \u2020\u00a0? : \u00edt\u00e9l\u0151t\u00e1blai b\u00edr\u00f3. \u2013 Ferenc (1788\u20131871) \u00e9s Tompa Ter\u00e9z fia. Feles\u00e9ge Domahidy Ir\u00e9n. Gimn. -ot Brass\u00f3ban \u00e9s Sz\u00e9kelyudvarhelyt, a jogot Pesten v\u00e9gezte. Jog\u00e1sz kor\u00e1ban k\u00fcld\u00f6tts\u00e9get vezetett a kir\u00e1lyhoz, amely a pesti egyetemen a m. nyelvnek mint tannyelvnek a bevezet\u00e9s\u00e9t k\u00e9rte (1859\u201360). Mint az ifj\u00fas\u00e1g egyik vezet\u0151j\u00e9t beb\u00f6rt\u00f6n\u00f6zt\u00e9k \u00e9s Csern\u00e1tonba intern\u00e1lt\u00e1k. K\u00e9s\u0151bb Fels\u0151feh\u00e9rmegye jegyz\u0151je, Kv.-on ogy.-i k\u00f6vet (1865), k\u00e9t \u00edzben pesti ogy.-i k\u00f6vet, mint De\u00e1k Ferenc h\u00edve. A kiegyez\u00e9s ut\u00e1n az erd\u00e9lyi legf\u0151bb t\u00f6rv\u00e9nysz\u00e9k titk\u00e1ra, majd Mv.-en \u00edt\u00e9l\u0151t\u00e1blai b\u00edr\u00f3. Nyugalomba vonult Szatm\u00e1rmegy\u00e9ben (1901). A Sz\u00e9kely Nemzeti M\u00fazeum r\u00e9sz\u00e9re elk\u00e9sz\u00edtette a csal\u00e1df\u00e1j\u00e1t. <br \/><strong>Irod.:<\/strong> Guly\u00e1s; P\u00e1lmay<\/br><\/p>\n","protected":false},"excerpt":{"rendered":"<p>Kisborosny\u00f3, 1833 ut\u00e1n, \u2020\u00a0? : \u00edt\u00e9l\u0151t\u00e1blai b\u00edr\u00f3. \u2013 Ferenc (1788\u20131871) \u00e9s Tompa Ter\u00e9z fia. Feles\u00e9ge Domahidy Ir\u00e9n. Gimn. -ot Brass\u00f3ban \u00e9s Sz\u00e9kelyudvarhelyt, a jogot Pesten v\u00e9gezte. Jog\u00e1sz kor\u00e1ban k\u00fcld\u00f6tts\u00e9get vezetett a kir\u00e1lyhoz, amely a pesti egyetemen a m. nyelvnek mint tannyelvnek a bevezet\u00e9s\u00e9t k\u00e9rte (1859\u201360). Mint az ifj\u00fas\u00e1g egyik vezet\u0151j\u00e9t beb\u00f6rt\u00f6n\u00f6zt\u00e9k \u00e9s Csern\u00e1tonba intern\u00e1lt\u00e1k. K\u00e9s\u0151bb [&hellip;]<\/p>\n","protected":false},"featured_media":0,"comment_status":"open","ping_status":"closed","template":"","meta":[],"product_brand":[],"product_cat":[137],"product_tag":[],"class_list":{"0":"post-6482","1":"product","2":"type-product","3":"status-publish","5":"product_cat-maros-megyei-eletrajzi-lexikon","7":"first","8":"instock","9":"shipping-taxable","10":"product-type-simple"},"_links":{"self":[{"href":"https:\/\/uj.adatbank.ro\/lexikon\/wp-json\/wp\/v2\/product\/6482","targetHints":{"allow":["GET"]}}],"collection":[{"href":"https:\/\/uj.adatbank.ro\/lexikon\/wp-json\/wp\/v2\/product"}],"about":[{"href":"https:\/\/uj.adatbank.ro\/lexikon\/wp-json\/wp\/v2\/types\/product"}],"replies":[{"embeddable":true,"href":"https:\/\/uj.adatbank.ro\/lexikon\/wp-json\/wp\/v2\/comments?post=6482"}],"wp:attachment":[{"href":"https:\/\/uj.adatbank.ro\/lexikon\/wp-json\/wp\/v2\/media?parent=6482"}],"wp:term":[{"taxonomy":"product_brand","embeddable":true,"href":"https:\/\/uj.adatbank.ro\/lexikon\/wp-json\/wp\/v2\/product_brand?post=6482"},{"taxonomy":"product_cat","embeddable":true,"href":"https:\/\/uj.adatbank.ro\/lexikon\/wp-json\/wp\/v2\/product_cat?post=6482"},{"taxonomy":"product_tag","embeddable":true,"href":"https:\/\/uj.adatbank.ro\/lexikon\/wp-json\/wp\/v2\/product_tag?post=6482"}],"curies":[{"name":"wp","href":"https:\/\/api.w.org\/{rel}","templated":true}]}}