{"id":6484,"date":"2025-06-28T17:54:21","date_gmt":"2025-06-28T15:54:21","guid":{"rendered":"https:\/\/uj.adatbank.ro\/lexikon\/termek\/dan-istvan\/"},"modified":"2025-06-28T17:54:21","modified_gmt":"2025-06-28T15:54:21","slug":"dan-istvan","status":"publish","type":"product","link":"https:\/\/uj.adatbank.ro\/lexikon\/termek\/dan-istvan\/","title":{"rendered":"D\u00c1N Istv\u00e1n"},"content":{"rendered":"<p>Vajdaszentiv\u00e1ny, 1892. j\u00fal. 5., \u2020 Kv., 1985. febr. 11.: szerkeszt\u0151, munk\u00e1smozgalmi harcos. \u2013 Mint tizenk\u00e9t gyermekes szeg\u00e9nyparaszt csal\u00e1d fia asztalos inask\u00e9nt ker\u00fclt Mv.-re (1911), ahol a Szoci\u00e1ldemokrata Ifj\u00fas\u00e1gi Szervezet tagja lett. Az orosz fogs\u00e1gban kapcsolatba ker\u00fclt a bolsevikokkal, az omszki Nemzetk\u00f6zi Brig\u00e1d komisz\u00e1rja volt s szerkesztette a Vil\u00e1gforradalom c. m. hadifogoly \u00fajs\u00e1got. Bekapcsol\u00f3dott a rom\u00e1n kommunista mozgalomba, a RKP tagja, a p\u00e1rt mv.-i szervezet\u00e9nek vezet\u0151s\u00e9g\u00e9ben dolgozott (1921\u2013), a Famunk\u00e1sok Orsz\u00e1gos Sz\u00f6vets\u00e9g\u00e9nek titk\u00e1ra (1922\u201330), a Famunk\u00e1s c. szakszervezeti lap publicist\u00e1ja. V\u00e1d al\u00e1 helyezt\u00e9k \u00e9s el\u00edt\u00e9lt\u00e9k (1928). A V\u00e1rosi \u00e9s Falusi Dolgoz\u00f3k Blokkja k\u00e9pvisel\u0151jel\u00f6ltjek\u00e9nt, beker\u00fclt a buk.-i parlamentbe (1931\u2013), de mand\u00e1tum\u00e1t megsemmis\u00edtett\u00e9k. A Dolgoz\u00f3k Napt\u00e1ra kiad\u00e1s\u00e1\u00e9rt \u00e9s cikkei\u00e9rt letart\u00f3ztatt\u00e1k \u00e9s el\u00edt\u00e9lt\u00e9k (1932); az antifasiszta ellen\u00e1ll\u00e1s r\u00e9szese volt. 1944 ut\u00e1n a k\u00f6zigazgat\u00e1sban \u00e9s az iparban t\u00f6lt\u00f6tt be vezet\u0151 szerepet. Ir\u00e1sai napilapokban jelentek meg valamint publik\u00e1lt m\u00e9g a Famunk\u00e1s, Dolgoz\u00f3k Napt\u00e1ra, Korunk-ban. T\u00f6bb kit\u00fcntet\u00e9sben r\u00e9szes\u00fclt. <br \/><strong>Irod.:<\/strong> Ga\u00e1l; Id\u0151t\u00e1r 3; Katona Szab\u00f3; M\u0171vel\u0151d\u00e9s (1970\/4); D. I. [Nekrol\u00f3g] (V. Z., 1985. febr. 14.); RMIL<\/br><\/p>\n","protected":false},"excerpt":{"rendered":"<p>Vajdaszentiv\u00e1ny, 1892. j\u00fal. 5., \u2020 Kv., 1985. febr. 11.: szerkeszt\u0151, munk\u00e1smozgalmi harcos. \u2013 Mint tizenk\u00e9t gyermekes szeg\u00e9nyparaszt csal\u00e1d fia asztalos inask\u00e9nt ker\u00fclt Mv.-re (1911), ahol a Szoci\u00e1ldemokrata Ifj\u00fas\u00e1gi Szervezet tagja lett. Az orosz fogs\u00e1gban kapcsolatba ker\u00fclt a bolsevikokkal, az omszki Nemzetk\u00f6zi Brig\u00e1d komisz\u00e1rja volt s szerkesztette a Vil\u00e1gforradalom c. m. hadifogoly \u00fajs\u00e1got. Bekapcsol\u00f3dott a rom\u00e1n [&hellip;]<\/p>\n","protected":false},"featured_media":0,"comment_status":"open","ping_status":"closed","template":"","meta":[],"product_brand":[],"product_cat":[137],"product_tag":[],"class_list":{"0":"post-6484","1":"product","2":"type-product","3":"status-publish","5":"product_cat-maros-megyei-eletrajzi-lexikon","7":"first","8":"instock","9":"shipping-taxable","10":"product-type-simple"},"_links":{"self":[{"href":"https:\/\/uj.adatbank.ro\/lexikon\/wp-json\/wp\/v2\/product\/6484","targetHints":{"allow":["GET"]}}],"collection":[{"href":"https:\/\/uj.adatbank.ro\/lexikon\/wp-json\/wp\/v2\/product"}],"about":[{"href":"https:\/\/uj.adatbank.ro\/lexikon\/wp-json\/wp\/v2\/types\/product"}],"replies":[{"embeddable":true,"href":"https:\/\/uj.adatbank.ro\/lexikon\/wp-json\/wp\/v2\/comments?post=6484"}],"wp:attachment":[{"href":"https:\/\/uj.adatbank.ro\/lexikon\/wp-json\/wp\/v2\/media?parent=6484"}],"wp:term":[{"taxonomy":"product_brand","embeddable":true,"href":"https:\/\/uj.adatbank.ro\/lexikon\/wp-json\/wp\/v2\/product_brand?post=6484"},{"taxonomy":"product_cat","embeddable":true,"href":"https:\/\/uj.adatbank.ro\/lexikon\/wp-json\/wp\/v2\/product_cat?post=6484"},{"taxonomy":"product_tag","embeddable":true,"href":"https:\/\/uj.adatbank.ro\/lexikon\/wp-json\/wp\/v2\/product_tag?post=6484"}],"curies":[{"name":"wp","href":"https:\/\/api.w.org\/{rel}","templated":true}]}}

DÁN István

<p>Vajdaszentivány, 1892. júl. 5., † Kv., 1985. febr. 11.: szerkesztő, munkásmozgalmi harcos. – Mint tizenkét gyermekes szegényparaszt család fia asztalos inasként került Mv.-re (1911), ahol a Szociáldemokrata Ifjúsági Szervezet tagja lett. Az orosz fogságban kapcsolatba került a bolsevikokkal, az omszki Nemzetközi Brigád komiszárja volt s szerkesztette a Világforradalom c. m. hadifogoly újságot. Bekapcsolódott a román kommunista mozgalomba, a RKP tagja, a párt mv.-i szervezetének vezetőségében dolgozott (1921–), a Famunkások Országos Szövetségének titkára (1922–30), a Famunkás c. szakszervezeti lap publicistája. Vád alá helyezték és elítélték (1928). A Városi és Falusi Dolgozók Blokkja képviselőjelöltjeként, bekerült a buk.-i parlamentbe (1931–), de mandátumát megsemmisítették. A Dolgozók Naptára kiadásáért és cikkeiért letartóztatták és elítélték (1932); az antifasiszta ellenállás részese volt. 1944 után a közigazgatásban és az iparban töltött be vezető szerepet. Irásai napilapokban jelentek meg valamint publikált még a Famunkás, Dolgozók Naptára, Korunk-ban. Több kitüntetésben részesült. <br /><strong>Irod.:</strong> Gaál; Időtár 3; Katona Szabó; Művelődés (1970/4); D. I. [Nekrológ] (V. Z., 1985. febr. 14.); RMIL</br></p>

<p>Vajdaszentivány, 1892. júl. 5., † Kv., 1985. febr. 11.: szerkesztő, munkásmozgalmi harcos. – Mint tizenkét gyermekes szegényparaszt család fia asztalos inasként került Mv.-re (1911), ahol a Szociáldemokrata Ifjúsági Szervezet tagja lett. Az orosz fogságban kapcsolatba került a bolsevikokkal, az omszki Nemzetközi Brigád komiszárja volt s szerkesztette a Világforradalom c. m. hadifogoly újságot. Bekapcsolódott a román [&hellip;]</p>
