{"id":6487,"date":"2025-06-28T17:54:27","date_gmt":"2025-06-28T15:54:27","guid":{"rendered":"https:\/\/uj.adatbank.ro\/lexikon\/termek\/dancu-vasile\/"},"modified":"2025-06-28T17:54:27","modified_gmt":"2025-06-28T15:54:27","slug":"dancu-vasile","status":"publish","type":"product","link":"https:\/\/uj.adatbank.ro\/lexikon\/termek\/dancu-vasile\/","title":{"rendered":"DANCU Vasile"},"content":{"rendered":"<p>? \u2020\u00a0? : tan\u00e1r. \u2013 Nagyv\u00e1radr\u00f3l az Emil Gojdu Lic. -b\u00f3l helyezt\u00e9k S\u00e1rm\u00e1sba, l\u00e9trehozta ott a lic. -ot, amelynek els\u0151 igazgat\u00f3ja lett (1922\u2013), \u00e9s nagym\u00e9rt\u00e9kben hozz\u00e1j\u00e1rult az int\u00e9zm\u00e9ny fejleszt\u00e9s\u00e9hez: tan\u00e1ri \u00e9s di\u00e1kk\u00f6nyvt\u00e1rat l\u00e9tes\u00edtett k\u00f6zadakoz\u00e1sb\u00f3l, b\u0151v\u00edtette, tataroztatta az isk. \u00e9p\u00fclet\u00e9t, intern\u00e1tust l\u00e9tes\u00edtett, az eg\u00e9sz Mez\u0151s\u00e9g sz\u00e1m\u00e1ra el\u00e9rhet\u0151v\u00e9 tette az iskol\u00e1t, a tanul\u00f3k l\u00e9tsz\u00e1ma \u00e9vr\u0151l \u00e9vre n\u00f6vekedett. Szaktan\u00e1rokat toborzott. Szerkesztette \u00e9s k\u00f6zz\u00e9tette az Anuarul Liceului de Stat \u201eSamuil Micu\u201d din S\u0103rma\u015fu \u00e9vk\u00f6nyveket (1922 \/ 1923; 1924 \/ 1925; 1925 \/ 1926; 1929 \/ 1930), az \u00e9vk\u00f6nyv \u00e9rt\u00e9kes adatokat tartalmaz a korabeli tan\u00fcgyr\u0151l. <br \/><strong>Irod.:<\/strong> S\u0103rma\u015fu<\/br><\/p>\n","protected":false},"excerpt":{"rendered":"<p>? \u2020\u00a0? : tan\u00e1r. \u2013 Nagyv\u00e1radr\u00f3l az Emil Gojdu Lic. -b\u00f3l helyezt\u00e9k S\u00e1rm\u00e1sba, l\u00e9trehozta ott a lic. -ot, amelynek els\u0151 igazgat\u00f3ja lett (1922\u2013), \u00e9s nagym\u00e9rt\u00e9kben hozz\u00e1j\u00e1rult az int\u00e9zm\u00e9ny fejleszt\u00e9s\u00e9hez: tan\u00e1ri \u00e9s di\u00e1kk\u00f6nyvt\u00e1rat l\u00e9tes\u00edtett k\u00f6zadakoz\u00e1sb\u00f3l, b\u0151v\u00edtette, tataroztatta az isk. \u00e9p\u00fclet\u00e9t, intern\u00e1tust l\u00e9tes\u00edtett, az eg\u00e9sz Mez\u0151s\u00e9g sz\u00e1m\u00e1ra el\u00e9rhet\u0151v\u00e9 tette az iskol\u00e1t, a tanul\u00f3k l\u00e9tsz\u00e1ma \u00e9vr\u0151l \u00e9vre n\u00f6vekedett. [&hellip;]<\/p>\n","protected":false},"featured_media":0,"comment_status":"open","ping_status":"closed","template":"","meta":[],"product_brand":[],"product_cat":[137],"product_tag":[],"class_list":{"0":"post-6487","1":"product","2":"type-product","3":"status-publish","5":"product_cat-maros-megyei-eletrajzi-lexikon","7":"first","8":"instock","9":"shipping-taxable","10":"product-type-simple"},"_links":{"self":[{"href":"https:\/\/uj.adatbank.ro\/lexikon\/wp-json\/wp\/v2\/product\/6487","targetHints":{"allow":["GET"]}}],"collection":[{"href":"https:\/\/uj.adatbank.ro\/lexikon\/wp-json\/wp\/v2\/product"}],"about":[{"href":"https:\/\/uj.adatbank.ro\/lexikon\/wp-json\/wp\/v2\/types\/product"}],"replies":[{"embeddable":true,"href":"https:\/\/uj.adatbank.ro\/lexikon\/wp-json\/wp\/v2\/comments?post=6487"}],"wp:attachment":[{"href":"https:\/\/uj.adatbank.ro\/lexikon\/wp-json\/wp\/v2\/media?parent=6487"}],"wp:term":[{"taxonomy":"product_brand","embeddable":true,"href":"https:\/\/uj.adatbank.ro\/lexikon\/wp-json\/wp\/v2\/product_brand?post=6487"},{"taxonomy":"product_cat","embeddable":true,"href":"https:\/\/uj.adatbank.ro\/lexikon\/wp-json\/wp\/v2\/product_cat?post=6487"},{"taxonomy":"product_tag","embeddable":true,"href":"https:\/\/uj.adatbank.ro\/lexikon\/wp-json\/wp\/v2\/product_tag?post=6487"}],"curies":[{"name":"wp","href":"https:\/\/api.w.org\/{rel}","templated":true}]}}

<p>? † ? : tanár. – Nagyváradról az Emil Gojdu Lic. -ból helyezték Sármásba, létrehozta ott a lic. -ot, amelynek első igazgatója lett (1922–), és nagymértékben hozzájárult az intézmény fejlesztéséhez: tanári és diákkönyvtárat létesített közadakozásból, bővítette, tataroztatta az isk. épületét, internátust létesített, az egész Mezőség számára elérhetővé tette az iskolát, a tanulók létszáma évről évre növekedett. Szaktanárokat toborzott. Szerkesztette és közzétette az Anuarul Liceului de Stat „Samuil Micu” din Sărmaşu évkönyveket (1922 / 1923; 1924 / 1925; 1925 / 1926; 1929 / 1930), az évkönyv értékes adatokat tartalmaz a korabeli tanügyről. <br /><strong>Irod.:</strong> Sărmaşu</br></p>

<p>? † ? : tanár. – Nagyváradról az Emil Gojdu Lic. -ból helyezték Sármásba, létrehozta ott a lic. -ot, amelynek első igazgatója lett (1922–), és nagymértékben hozzájárult az intézmény fejlesztéséhez: tanári és diákkönyvtárat létesített közadakozásból, bővítette, tataroztatta az isk. épületét, internátust létesített, az egész Mezőség számára elérhetővé tette az iskolát, a tanulók létszáma évről évre növekedett. [&hellip;]</p>
