{"id":6489,"date":"2025-06-28T17:54:33","date_gmt":"2025-06-28T15:54:33","guid":{"rendered":"https:\/\/uj.adatbank.ro\/lexikon\/termek\/dandea-emil-aurel-%c2%a7\/"},"modified":"2025-06-28T17:54:33","modified_gmt":"2025-06-28T15:54:33","slug":"dandea-emil-aurel-%c2%a7","status":"publish","type":"product","link":"https:\/\/uj.adatbank.ro\/lexikon\/termek\/dandea-emil-aurel-%c2%a7\/","title":{"rendered":"DANDEA Emil Aurel, \u00a7"},"content":{"rendered":"<p>Bucsony, 1893. jan. 22., \u2020 Buk., 1969. aug. 18. Temet\u00e9se Mv.-en az ort. temet\u0151ben.: jog\u00e1sz, politikus, polg\u00e1rmester. \u2013 Feles\u00e9ge: Sidonia Cristea a p\u00e1tri\u00e1rka, Miron Cristea unokah\u00faga (1925. aug. 25). \u2013 Tanult Kv.-on \u00e9s a B\u00e9csi Kereskedelmi Akad. -\u00e1n (1900\u201318), a jogtudom\u00e1nyok Kv.-on \u00e9s a k\u00f6zigazgat\u00e1si tudom\u00e1nyok doktora B\u00e9csben. R\u00e9szt vett az I. vh.-ban (1916\u201318); a Rom\u00e1n Egyetemista Ifj\u00fas\u00e1g egyes\u00fclet\u00e9nek eln\u00f6ke Kv.-on (1918\u201319), ennek k\u00fcld\u00f6tte a gyulafeh\u00e9rv\u00e1ri nagygy\u0171l\u00e9sre (1918. dec. 1.), a Maros-Torda vm.-i rom\u00e1n nemzeti tan\u00e1csok \u00e9s g\u00e1rd\u00e1k szervez\u0151je; a Kv.-ra bevonul\u00f3 rom\u00e1n hadsereget fogadta (1918. dec. 25.). A rom\u00e1n hadsereg oldal\u00e1n r\u00e9szt vett a Kun B\u00e9la vezette \u0151szir\u00f3zs\u00e1s forradalom lever\u00e9s\u00e9ben Mo.-on (1919), ez\u00e9rt \u201eCoroana Rom\u00e2niei\u201d kit\u00fcntet\u00e9st kapott. Egyike a kv.-i Nemzeti Tan\u00e1cs K\u00f6zponti Bizotts\u00e1ga 9 tagj\u00e1nak; a kv.-i v\u00e1rosh\u00e1z\u00e1nak els\u0151 rom\u00e1n titk\u00e1ra, tan\u00e1csos a polg\u00e1rmesteri hivataln\u00e1l (1919\u201322); kezdem\u00e9nyezte \u00e9s megszervezte az Avram Iancu szobr\u00e1nak fel\u00e1ll\u00edt\u00e1s\u00e1t Kv.-on (1920); l\u00e9trehozta az Unirea Ora\u015felor Rom\u00e2ne egyes\u00fcletet, amelynek titk\u00e1ra volt (1921\u201326); Kv.-on l\u00e9terhozta az Administra\u0163ia c. foly\u00f3iratot (1921). Mv. polg\u00e1rmestere (1923 jan. 1. &#8211; 1926. m\u00e1rc. 15). Az \u0151 polg\u00e1rmesters\u00e9ge ideje alatt l\u00e9tes\u00fcltek: a Rom\u00e1n katona eml\u00e9km\u0171ve (1923); a rom\u00e1n elemi iskola Remeteszegen (1923); rom\u00e1n iskola l\u00e9tes\u00edt\u00e9se Hidv\u00e9gen; \u00e9p\u00fcletek biztos\u00edt\u00e1sa a rom\u00e1n iskol\u00e1k sz\u00e1m\u00e1ra (Elemi Iskola, Papiu Ilarian Lic., Unirea Lic., Kereskedelmi Iskola), Mv.-en fel\u00e1ll\u00edtatta a Monumentul Latinit\u0103\u0163ii eml\u00e9km\u0171vet (1924), kezdem\u00e9nyezt\u00e9k (1925) \u00e9s felavatt\u00e1k Avram Iancu szobr\u00e1t (1930); letett\u00e9k a F\u0151t\u00e9ren az ortodox \u00e9s g\u00f6r. kat. katedr\u00e1lisok alapk\u00f6v\u00e9t (1925), az Inasotthon \u00e9p\u00edt\u00e9s\u00e9t is megkezdt\u00e9k. Felel\u0151s szerk.-je az Ora\u015ful c. (1923\u201340) lapnak. Maros megye parasztp\u00e1rti k\u00e9pvisel\u0151je a rom\u00e1n parlamentben (1928\u201334) \u00e9s a Kamara titk\u00e1ra (1926\u201328); \u00fcgyv\u00e9dk\u00e9nt m\u0171k\u00f6d\u00f6tt Mv.-en (1928\u201334). Tagja a marosmegyei tan\u00e1csnak (1931\u201333); eln\u00f6ke a Nemzeti Liber\u00e1lis P\u00e1rt marosmegyei szervezet\u00e9nek (1934\u201337); Mv.-en polg\u00e1rmester (1934. m\u00e1rc. 24. \u2013 1938. jan. 5). Polg\u00e1rmesters\u00e9ge idej\u00e9n t\u00f6rt\u00e9nt megval\u00f3s\u00edt\u00e1sai: a rom\u00e1n katona szobr\u00e1nak fel\u00e1ll\u00edt\u00e1sa (1923), rom\u00e1n iskola l\u00e9tes\u00edt\u00e9se Hidv\u00e9gen, \u00e9p\u00fcletek biztos\u00edt\u00e1sa a rom\u00e1n iskol\u00e1k sz\u00e1m\u00e1ra (Elemi Iskola, Papiu Ilarian Lic., Unirea Lic., Kereskedelmi Iskola), Avram Iancu szobra (1925\u201330), az ortodox, a g\u00f6r. kat. katedr\u00e1lisok \u00e9s a tanoncotthon alapk\u0151 let\u00e9tele, majd felszentelt\u00e9k az Ortodox Katedr\u00e1list a F\u0151t\u00e9ren (1934. dec. 2.). II. K\u00e1roly kir\u00e1ly ez alkalomb\u00f3l Meritul Cultural \u00e9rdem\u00e9remmel t\u00fcntette ki. Elk\u00e9sz\u00fclt a Rom\u00e1n Inasok Otthona (1936); felszentelt\u00e9k a G\u00f6r. -kat. Katedr\u00e1list (1937); Meggyesfalv\u00e1n Vasile Pop szobra (1935), Marosszentgy\u00f6rgy\u00f6n Constantin Romanu-Vivu szobra (1936). A Glasul Mure\u015fului c. lap igazgat\u00f3ja (1935\u201340); parlamenti k\u00e9pvisel\u0151 (1937\u2013), a Nemzeti \u00dajj\u00e1sz\u00fclet\u00e9s Frontja marosmegyei szervezet\u00e9nek tagja (1939). \u00dcgyv\u00e9d Buk.-ben (1940\u201344). T\u00f6bb lap munkat\u00e1rsa: Noi, Voin\u0163a, Gazeta Mure\u015fului, Patria, Infr\u0103\u0163irea, Viitorul Mure\u015fului, Monitorul Unirii ora\u015felor rom\u00e2ne, Administra\u0163ia rom\u00e2n\u0103 etc. Visszat\u00e9rt Mv.-re (1945\u2013), a Maniu \u00e9s Br\u0103tianu p\u00e1rt jel\u00f6ltje, Bozdog Ioannal egy\u00fctt, a rom\u00e1niai v\u00e1laszt\u00e1sokon, de a NLP sz\u00edneiben sikertelen\u00fcl p\u00e1ly\u00e1zott egy parlamenti mand\u00e1tumra, visszat\u00e9rt Buk. -be (1946). Nagyb\u00e1ny\u00e1n a Ph\u00f6nix gy\u00e1r jogtan\u00e1csosa (1947\u201349). Letart\u00f3ztatt\u00e1k \u00e9s k\u00e9nyszermunk\u00e1ra \u00edt\u00e9lt\u00e9k, amit a Duna-Feketetenger csatorn\u00e1n\u00e1l Poarta Alba-i \u00e9p\u00edtkez\u00e9sein\u00e9l t\u00f6lt\u00f6tt (1952\u201353); majd k\u00e9nyszerlakhelyen volt Tazl\u0103u-n (1953\u201355). Munk\u00e1s \u00e9s \u00e9jjeli\u0151r Valea C\u0103lug\u0103reasc\u0103-n (1955\u201369). Holttest\u00e9t titokban Mv.-en temett\u00e9k el az ortodox fatemplomban, s\u00edreml\u00e9ket \u00e1ll\u00edtottak neki (1976). Mv.-en utca viseli a nev\u00e9t (1991\u2013). Szobr\u00e1t, Anton Ra\u0163iu alkot\u00e1s\u00e1t, Mv.-en \u00e1ll\u00edtott\u00e1k fel a Gy\u0151zelem t\u00e9ren (1996. aug. 18). \u2013 <strong>F. m.:<\/strong> Dare de seam\u0103 asupra Adun\u0103rii Generale de constituire a Uniunei Ora\u015felor din Rom\u00e2nia (Cluj, 1922); Gazul metan, consider\u00e2nd \u00een special ora\u015ful T\u00e2rgu Mure\u015f (Tg. M., 1924); Studiul asupra rezolv\u0103rii prin edificare a crizei de locuin\u0163e \u015fi asupra \u00eempropriet\u0103ririi cu case a func\u0163ionarilor \u015fi muncitorilor (Tg. M., 1924); Istoricul ora\u015fului TgM (TgM, 1925); Chestiunea mo\u0163ilor (Cluj, 1926); Mineritul din Mun\u0163ii Apuseni (1926); P\u0103durile mo\u0163ilor (1926); Nemul\u0163umirea Ardealului \u015fi chestiunea minoritar\u0103 (Buc., 1928), Legile care trebuiesc \u015ftiute de to\u0163i (1933); Noua lege a conversiunii (Tg. M., 1934); Probleme \u015fi realiz\u0103ri edilitare (1934); Considera\u0163iuni asupra chestiunea minoritar\u0103 (Tg. M., 1935); Dare de seam\u0103 despre starea general\u0103 a municipiului T\u00e2rgu-Mure\u015f \u015fi activitatea administrativ\u0103 \u00een anul 1934\u201335 (Tg. M., 1935); R\u0103spuns civilizat unui atac p\u0103tima\u015f (Tg. M., 1936); Dare de seam\u0103 despre starea general\u0103 a municipiului T\u00e2rgu-Mure\u015f \u015fi activitatea administrativ\u0103 \u00een anul 1936 (Tg. M., 1937); De ce l-au achitat jura\u0163ii cu majoritate pe dl A Baciu ? (Tg. Mure\u015f, 1937); Prin Cehoslovacia (1937); Politic\u0103 \u015fi administra\u0163ie: culegere de texte (v\u00e1logat., bevez., jegyz. Dimitrie Popt\u0103ma\u015f, Mihail Artimon Mircea; Tg. M., 1996); <strong>antol\u00f3g.:<\/strong> Almanahul Societ\u0103\u0163ii Academice \u201ePetru Maior\u201d, al Societ\u0103\u0163ilor pe Facult\u0103\u0163i \u015fi al Cercurilor Studen\u0163e\u015fti Regionale din Cluj (Cluj, 1929); Horia, cr\u0103i\u015forul \u0163\u0103ranilor (Tg. Mure\u015f, 1935). <br \/><strong>Irod.:<\/strong> 25 ore Mure\u015fene (1994. aug. 20); Ambasador (1996\/ 2); Boar; Borb\u00e9ly Andor: Rom\u00e1n uralom Erd\u00e9lyben (Bp., 1936); Bota, Sorina; Caiete Mure\u015fene ( nr. 3, 1995); C. L. (1994. 5. aug.; 1995. marc. 30\u00a0; 2003. jan 22); Costin, Maximilian: Un mare rom\u00e2n Emil Dandea (Tg. M., 1934); Figuri pol.; Id\u0151t\u00e1r 3; Id\u0151t\u00e1r 4; Ki kicsoda\u00a0?; Man, 3.; Marosi-Helikon; Molter 1.; Morariu M: O demascare: Cazul Emil Dandea (Tg. Mure\u015f, 1936); Mure\u015f, jude\u0163; Mv.-Bal\u00e1s; Nagyjaink; \u00d6kr\u00f6s; Old Tg. M.; Politics and political parties in Roumania (London, 1936); Suciu; Popa, Traian: Tg. M.; Popt\u0103ma\u015f- M\u00f3zes; Predescu; Todea\u2013F\u00fcl\u00f6p\u2013Avram; Sz\u00e1sz Zsombor: Erd\u00e9ly Rom\u00e1ni\u00e1ban: N\u00e9pkisebbs\u00e9gi tanulm\u00e1ny (Bp., 1927); \u015eincan\u2013B\u0103ciu\u0163 2006; Tg. \u2013Mure\u0219 \u2013 Mv.; Todea 2013; Tomescu D. I.: Ancheta dela prim\u0103ria ora\u015fului Tg. Mure\u015f (Tg. Mure\u015f, 1925); Transilvania, Banatul Crisana, Maramures 1918\u201328 (Buc., 1929); Tg. \u2013Mure\u0219 \u2013 Mv.; Un om pentru T\u00e2rgu Mure\u015f: E. A. D. (Tg. M., 1995)<\/br><\/p>\n","protected":false},"excerpt":{"rendered":"<p>Bucsony, 1893. jan. 22., \u2020 Buk., 1969. aug. 18. Temet\u00e9se Mv.-en az ort. temet\u0151ben.: jog\u00e1sz, politikus, polg\u00e1rmester. \u2013 Feles\u00e9ge: Sidonia Cristea a p\u00e1tri\u00e1rka, Miron Cristea unokah\u00faga (1925. aug. 25). \u2013 Tanult Kv.-on \u00e9s a B\u00e9csi Kereskedelmi Akad. -\u00e1n (1900\u201318), a jogtudom\u00e1nyok Kv.-on \u00e9s a k\u00f6zigazgat\u00e1si tudom\u00e1nyok doktora B\u00e9csben. R\u00e9szt vett az I. vh.-ban (1916\u201318); a [&hellip;]<\/p>\n","protected":false},"featured_media":0,"comment_status":"open","ping_status":"closed","template":"","meta":[],"product_brand":[],"product_cat":[137],"product_tag":[],"class_list":{"0":"post-6489","1":"product","2":"type-product","3":"status-publish","5":"product_cat-maros-megyei-eletrajzi-lexikon","7":"first","8":"instock","9":"shipping-taxable","10":"product-type-simple"},"_links":{"self":[{"href":"https:\/\/uj.adatbank.ro\/lexikon\/wp-json\/wp\/v2\/product\/6489","targetHints":{"allow":["GET"]}}],"collection":[{"href":"https:\/\/uj.adatbank.ro\/lexikon\/wp-json\/wp\/v2\/product"}],"about":[{"href":"https:\/\/uj.adatbank.ro\/lexikon\/wp-json\/wp\/v2\/types\/product"}],"replies":[{"embeddable":true,"href":"https:\/\/uj.adatbank.ro\/lexikon\/wp-json\/wp\/v2\/comments?post=6489"}],"wp:attachment":[{"href":"https:\/\/uj.adatbank.ro\/lexikon\/wp-json\/wp\/v2\/media?parent=6489"}],"wp:term":[{"taxonomy":"product_brand","embeddable":true,"href":"https:\/\/uj.adatbank.ro\/lexikon\/wp-json\/wp\/v2\/product_brand?post=6489"},{"taxonomy":"product_cat","embeddable":true,"href":"https:\/\/uj.adatbank.ro\/lexikon\/wp-json\/wp\/v2\/product_cat?post=6489"},{"taxonomy":"product_tag","embeddable":true,"href":"https:\/\/uj.adatbank.ro\/lexikon\/wp-json\/wp\/v2\/product_tag?post=6489"}],"curies":[{"name":"wp","href":"https:\/\/api.w.org\/{rel}","templated":true}]}}

<p>Bucsony, 1893. jan. 22., † Buk., 1969. aug. 18. Temetése Mv.-en az ort. temetőben.: jogász, politikus, polgármester. – Felesége: Sidonia Cristea a pátriárka, Miron Cristea unokahúga (1925. aug. 25). – Tanult Kv.-on és a Bécsi Kereskedelmi Akad. -án (1900–18), a jogtudományok Kv.-on és a közigazgatási tudományok doktora Bécsben. Részt vett az I. vh.-ban (1916–18); a Román Egyetemista Ifjúság egyesületének elnöke Kv.-on (1918–19), ennek küldötte a gyulafehérvári nagygyűlésre (1918. dec. 1.), a Maros-Torda vm.-i román nemzeti tanácsok és gárdák szervezője; a Kv.-ra bevonuló román hadsereget fogadta (1918. dec. 25.). A román hadsereg oldalán részt vett a Kun Béla vezette őszirózsás forradalom leverésében Mo.-on (1919), ezért „Coroana României” kitüntetést kapott. Egyike a kv.-i Nemzeti Tanács Központi Bizottsága 9 tagjának; a kv.-i városházának első román titkára, tanácsos a polgármesteri hivatalnál (1919–22); kezdeményezte és megszervezte az Avram Iancu szobrának felállítását Kv.-on (1920); létrehozta az Unirea Oraşelor Române egyesületet, amelynek titkára volt (1921–26); Kv.-on léterhozta az Administraţia c. folyóiratot (1921). Mv. polgármestere (1923 jan. 1. &#8211; 1926. márc. 15). Az ő polgármestersége ideje alatt létesültek: a Román katona emlékműve (1923); a román elemi iskola Remeteszegen (1923); román iskola létesítése Hidvégen; épületek biztosítása a román iskolák számára (Elemi Iskola, Papiu Ilarian Lic., Unirea Lic., Kereskedelmi Iskola), Mv.-en felállítatta a Monumentul Latinităţii emlékművet (1924), kezdeményezték (1925) és felavatták Avram Iancu szobrát (1930); letették a Főtéren az ortodox és gör. kat. katedrálisok alapkövét (1925), az Inasotthon építését is megkezdték. Felelős szerk.-je az Oraşul c. (1923–40) lapnak. Maros megye parasztpárti képviselője a román parlamentben (1928–34) és a Kamara titkára (1926–28); ügyvédként működött Mv.-en (1928–34). Tagja a marosmegyei tanácsnak (1931–33); elnöke a Nemzeti Liberális Párt marosmegyei szervezetének (1934–37); Mv.-en polgármester (1934. márc. 24. – 1938. jan. 5). Polgármestersége idején történt megvalósításai: a román katona szobrának felállítása (1923), román iskola létesítése Hidvégen, épületek biztosítása a román iskolák számára (Elemi Iskola, Papiu Ilarian Lic., Unirea Lic., Kereskedelmi Iskola), Avram Iancu szobra (1925–30), az ortodox, a gör. kat. katedrálisok és a tanoncotthon alapkő letétele, majd felszentelték az Ortodox Katedrálist a Főtéren (1934. dec. 2.). II. Károly király ez alkalomból Meritul Cultural érdeméremmel tüntette ki. Elkészült a Román Inasok Otthona (1936); felszentelték a Gör. -kat. Katedrálist (1937); Meggyesfalván Vasile Pop szobra (1935), Marosszentgyörgyön Constantin Romanu-Vivu szobra (1936). A Glasul Mureşului c. lap igazgatója (1935–40); parlamenti képviselő (1937–), a Nemzeti Újjászületés Frontja marosmegyei szervezetének tagja (1939). Ügyvéd Buk.-ben (1940–44). Több lap munkatársa: Noi, Voinţa, Gazeta Mureşului, Patria, Infrăţirea, Viitorul Mureşului, Monitorul Unirii oraşelor române, Administraţia română etc. Visszatért Mv.-re (1945–), a Maniu és Brătianu párt jelöltje, Bozdog Ioannal együtt, a romániai választásokon, de a NLP színeiben sikertelenül pályázott egy parlamenti mandátumra, visszatért Buk. -be (1946). Nagybányán a Phönix gyár jogtanácsosa (1947–49). Letartóztatták és kényszermunkára ítélték, amit a Duna-Feketetenger csatornánál Poarta Alba-i építkezéseinél töltött (1952–53); majd kényszerlakhelyen volt Tazlău-n (1953–55). Munkás és éjjeliőr Valea Călugărească-n (1955–69). Holttestét titokban Mv.-en temették el az ortodox fatemplomban, síremléket állítottak neki (1976). Mv.-en utca viseli a nevét (1991–). Szobrát, Anton Raţiu alkotását, Mv.-en állították fel a Győzelem téren (1996. aug. 18). – <strong>F. m.:</strong> Dare de seamă asupra Adunării Generale de constituire a Uniunei Oraşelor din România (Cluj, 1922); Gazul metan, considerând în special oraşul Târgu Mureş (Tg. M., 1924); Studiul asupra rezolvării prin edificare a crizei de locuinţe şi asupra împroprietăririi cu case a funcţionarilor şi muncitorilor (Tg. M., 1924); Istoricul oraşului TgM (TgM, 1925); Chestiunea moţilor (Cluj, 1926); Mineritul din Munţii Apuseni (1926); Pădurile moţilor (1926); Nemulţumirea Ardealului şi chestiunea minoritară (Buc., 1928), Legile care trebuiesc ştiute de toţi (1933); Noua lege a conversiunii (Tg. M., 1934); Probleme şi realizări edilitare (1934); Consideraţiuni asupra chestiunea minoritară (Tg. M., 1935); Dare de seamă despre starea generală a municipiului Târgu-Mureş şi activitatea administrativă în anul 1934–35 (Tg. M., 1935); Răspuns civilizat unui atac pătimaş (Tg. M., 1936); Dare de seamă despre starea generală a municipiului Târgu-Mureş şi activitatea administrativă în anul 1936 (Tg. M., 1937); De ce l-au achitat juraţii cu majoritate pe dl A Baciu ? (Tg. Mureş, 1937); Prin Cehoslovacia (1937); Politică şi administraţie: culegere de texte (válogat., bevez., jegyz. Dimitrie Poptămaş, Mihail Artimon Mircea; Tg. M., 1996); <strong>antológ.:</strong> Almanahul Societăţii Academice „Petru Maior”, al Societăţilor pe Facultăţi şi al Cercurilor Studenţeşti Regionale din Cluj (Cluj, 1929); Horia, crăişorul ţăranilor (Tg. Mureş, 1935). <br /><strong>Irod.:</strong> 25 ore Mureşene (1994. aug. 20); Ambasador (1996/ 2); Boar; Borbély Andor: Román uralom Erdélyben (Bp., 1936); Bota, Sorina; Caiete Mureşene ( nr. 3, 1995); C. L. (1994. 5. aug.; 1995. marc. 30 ; 2003. jan 22); Costin, Maximilian: Un mare român Emil Dandea (Tg. M., 1934); Figuri pol.; Időtár 3; Időtár 4; Ki kicsoda ?; Man, 3.; Marosi-Helikon; Molter 1.; Morariu M: O demascare: Cazul Emil Dandea (Tg. Mureş, 1936); Mureş, judeţ; Mv.-Balás; Nagyjaink; Ökrös; Old Tg. M.; Politics and political parties in Roumania (London, 1936); Suciu; Popa, Traian: Tg. M.; Poptămaş- Mózes; Predescu; Todea–Fülöp–Avram; Szász Zsombor: Erdély Romániában: Népkisebbségi tanulmány (Bp., 1927); Şincan–Băciuţ 2006; Tg. –Mureș – Mv.; Todea 2013; Tomescu D. I.: Ancheta dela primăria oraşului Tg. Mureş (Tg. Mureş, 1925); Transilvania, Banatul Crisana, Maramures 1918–28 (Buc., 1929); Tg. –Mureș – Mv.; Un om pentru Târgu Mureş: E. A. D. (Tg. M., 1995)</br></p>

<p>Bucsony, 1893. jan. 22., † Buk., 1969. aug. 18. Temetése Mv.-en az ort. temetőben.: jogász, politikus, polgármester. – Felesége: Sidonia Cristea a pátriárka, Miron Cristea unokahúga (1925. aug. 25). – Tanult Kv.-on és a Bécsi Kereskedelmi Akad. -án (1900–18), a jogtudományok Kv.-on és a közigazgatási tudományok doktora Bécsben. Részt vett az I. vh.-ban (1916–18); a [&hellip;]</p>
