{"id":6492,"date":"2025-06-28T17:54:38","date_gmt":"2025-06-28T15:54:38","guid":{"rendered":"https:\/\/uj.adatbank.ro\/lexikon\/termek\/dane-karoly\/"},"modified":"2025-06-28T17:54:38","modified_gmt":"2025-06-28T15:54:38","slug":"dane-karoly","status":"publish","type":"product","link":"https:\/\/uj.adatbank.ro\/lexikon\/termek\/dane-karoly\/","title":{"rendered":"D\u00c1N\u00c9 K\u00e1roly"},"content":{"rendered":"<p>? \u2020 ? : \u00fcgyv\u00e9d. \u2013 Pet\u0151fi\u00a0hal\u00e1l\u00e1ra vonatkoz\u00f3lag k\u00e9t levelet k\u00f6z\u00f6lt a lapokban: Adatok Pet\u0151fi hal\u00e1l\u00e1hoz (H\u00e1tszegvid\u00e9k, Demsus nov. 12\u00a0; Vas\u00e1rnapi \u00dajs\u00e1g, 1860. 48. sz.) \u00e9s A Segesv\u00e1ri csata. Egy szemtan\u00fat\u00f3l (Budapesti H\u00edrlap, 1888. 297. sz.). <br \/><strong>Irod.:<\/strong> Szinnyei; Szinnyei J.<\/br><\/p>\n","protected":false},"excerpt":{"rendered":"<p>? \u2020 ? : \u00fcgyv\u00e9d. \u2013 Pet\u0151fi\u00a0hal\u00e1l\u00e1ra vonatkoz\u00f3lag k\u00e9t levelet k\u00f6z\u00f6lt a lapokban: Adatok Pet\u0151fi hal\u00e1l\u00e1hoz (H\u00e1tszegvid\u00e9k, Demsus nov. 12\u00a0; Vas\u00e1rnapi \u00dajs\u00e1g, 1860. 48. sz.) \u00e9s A Segesv\u00e1ri csata. Egy szemtan\u00fat\u00f3l (Budapesti H\u00edrlap, 1888. 297. sz.). Irod.: Szinnyei; Szinnyei J.<\/p>\n","protected":false},"featured_media":0,"comment_status":"open","ping_status":"closed","template":"","meta":[],"product_brand":[],"product_cat":[137],"product_tag":[],"class_list":{"0":"post-6492","1":"product","2":"type-product","3":"status-publish","5":"product_cat-maros-megyei-eletrajzi-lexikon","7":"first","8":"instock","9":"shipping-taxable","10":"product-type-simple"},"_links":{"self":[{"href":"https:\/\/uj.adatbank.ro\/lexikon\/wp-json\/wp\/v2\/product\/6492","targetHints":{"allow":["GET"]}}],"collection":[{"href":"https:\/\/uj.adatbank.ro\/lexikon\/wp-json\/wp\/v2\/product"}],"about":[{"href":"https:\/\/uj.adatbank.ro\/lexikon\/wp-json\/wp\/v2\/types\/product"}],"replies":[{"embeddable":true,"href":"https:\/\/uj.adatbank.ro\/lexikon\/wp-json\/wp\/v2\/comments?post=6492"}],"wp:attachment":[{"href":"https:\/\/uj.adatbank.ro\/lexikon\/wp-json\/wp\/v2\/media?parent=6492"}],"wp:term":[{"taxonomy":"product_brand","embeddable":true,"href":"https:\/\/uj.adatbank.ro\/lexikon\/wp-json\/wp\/v2\/product_brand?post=6492"},{"taxonomy":"product_cat","embeddable":true,"href":"https:\/\/uj.adatbank.ro\/lexikon\/wp-json\/wp\/v2\/product_cat?post=6492"},{"taxonomy":"product_tag","embeddable":true,"href":"https:\/\/uj.adatbank.ro\/lexikon\/wp-json\/wp\/v2\/product_tag?post=6492"}],"curies":[{"name":"wp","href":"https:\/\/api.w.org\/{rel}","templated":true}]}}