{"id":6503,"date":"2025-06-28T17:55:00","date_gmt":"2025-06-28T15:55:00","guid":{"rendered":"https:\/\/uj.adatbank.ro\/lexikon\/termek\/daniel-ferenc-%c2%a7-vargyasi-br\/"},"modified":"2025-06-28T17:55:00","modified_gmt":"2025-06-28T15:55:00","slug":"daniel-ferenc-%c2%a7-vargyasi-br","status":"publish","type":"product","link":"https:\/\/uj.adatbank.ro\/lexikon\/termek\/daniel-ferenc-%c2%a7-vargyasi-br\/","title":{"rendered":"DANIEL Ferenc, \u00a7 vargyasi br."},"content":{"rendered":"<p>Vargyas, 1887. m\u00e1rc. 5., \u2020 Mv., 1976. j\u00fal. 21.: husz\u00e1rhadnagy, f\u00f6ldbirtokos. \u2013 D. Lajos (1856\u20131895) \u00e9s tarcsfalvi P\u00e1lffy M\u00e1rta fia. Feles\u00e9ge: 1. Atz\u00e9l Lydia (1921\u20131925, elv\u00e1ltak), 2. s\u00e1rdi gr. Somssich Gabriella Irma (Bp., 1904. \u00e1pr. 8. \u2013). Esk\u00fcv\u0151 Kiskend (1926. dec. 30.). K\u00e9t gyermek\u00fck: Mih\u00e1ly (1928\u2013), Polix\u00e9nia (1944\u2013). \u2013 F\u00f6ldbirtokos Vargyason, ahol tov\u00e1bb \u00e9p\u00edtette a kast\u00e9lyt, szakszer\u0171en restaur\u00e1ltatta K\u00f6peczi Sebesty\u00e9n J\u00f3zseffel (1937). K\u00e9t gyermeke a restituci\u00f3s t\u00f6rv\u00e9ny \u00e9rtelm\u00e9ben visszakapta \u00e9s eladta az esztergomi v\u00e1rosi \u00f6nkorm\u00e1nyzatnak (2005). R\u00e9szt vett az I. vh.-ban (1915. m\u00e1rc. 1. \u2013). A kiskendi udvarh\u00e1z, park, gazdas\u00e1gi \u00e9p\u00fcletek r\u00e9gebb a gr. Somssich csal\u00e1d\u00e9 volt. Ott laktak \u00e9s az \u00e1llamos\u00edt\u00e1skor innen ker\u00fcltek k\u00e9nyszerlakhelyre Mv.-re. Leromlott \u00e1llapotban van az udvarh\u00e1z, m\u0171eml\u00e9k. A johannita rend tiszteleti lovagja (1944\u201376). <br \/><strong>Irod.:<\/strong> Bics\u00f3k-Orb\u00e1n; Feh\u00e9r J\u00e1nos: A vargyasi Daniel kast\u00e9ly (Bar\u00f3t, 2009); Gudenus; Keresztes 1995; Koszta; M. Johannita csal\u00e1dt\u00f6rt.; Valori Mure\u0219ene<\/br><\/p>\n","protected":false},"excerpt":{"rendered":"<p>Vargyas, 1887. m\u00e1rc. 5., \u2020 Mv., 1976. j\u00fal. 21.: husz\u00e1rhadnagy, f\u00f6ldbirtokos. \u2013 D. Lajos (1856\u20131895) \u00e9s tarcsfalvi P\u00e1lffy M\u00e1rta fia. Feles\u00e9ge: 1. Atz\u00e9l Lydia (1921\u20131925, elv\u00e1ltak), 2. s\u00e1rdi gr. Somssich Gabriella Irma (Bp., 1904. \u00e1pr. 8. \u2013). Esk\u00fcv\u0151 Kiskend (1926. dec. 30.). K\u00e9t gyermek\u00fck: Mih\u00e1ly (1928\u2013), Polix\u00e9nia (1944\u2013). \u2013 F\u00f6ldbirtokos Vargyason, ahol tov\u00e1bb \u00e9p\u00edtette a [&hellip;]<\/p>\n","protected":false},"featured_media":0,"comment_status":"open","ping_status":"closed","template":"","meta":[],"product_brand":[],"product_cat":[137],"product_tag":[],"class_list":{"0":"post-6503","1":"product","2":"type-product","3":"status-publish","5":"product_cat-maros-megyei-eletrajzi-lexikon","7":"first","8":"instock","9":"shipping-taxable","10":"product-type-simple"},"_links":{"self":[{"href":"https:\/\/uj.adatbank.ro\/lexikon\/wp-json\/wp\/v2\/product\/6503","targetHints":{"allow":["GET"]}}],"collection":[{"href":"https:\/\/uj.adatbank.ro\/lexikon\/wp-json\/wp\/v2\/product"}],"about":[{"href":"https:\/\/uj.adatbank.ro\/lexikon\/wp-json\/wp\/v2\/types\/product"}],"replies":[{"embeddable":true,"href":"https:\/\/uj.adatbank.ro\/lexikon\/wp-json\/wp\/v2\/comments?post=6503"}],"wp:attachment":[{"href":"https:\/\/uj.adatbank.ro\/lexikon\/wp-json\/wp\/v2\/media?parent=6503"}],"wp:term":[{"taxonomy":"product_brand","embeddable":true,"href":"https:\/\/uj.adatbank.ro\/lexikon\/wp-json\/wp\/v2\/product_brand?post=6503"},{"taxonomy":"product_cat","embeddable":true,"href":"https:\/\/uj.adatbank.ro\/lexikon\/wp-json\/wp\/v2\/product_cat?post=6503"},{"taxonomy":"product_tag","embeddable":true,"href":"https:\/\/uj.adatbank.ro\/lexikon\/wp-json\/wp\/v2\/product_tag?post=6503"}],"curies":[{"name":"wp","href":"https:\/\/api.w.org\/{rel}","templated":true}]}}

<p>Vargyas, 1887. márc. 5., † Mv., 1976. júl. 21.: huszárhadnagy, földbirtokos. – D. Lajos (1856–1895) és tarcsfalvi Pálffy Márta fia. Felesége: 1. Atzél Lydia (1921–1925, elváltak), 2. sárdi gr. Somssich Gabriella Irma (Bp., 1904. ápr. 8. –). Esküvő Kiskend (1926. dec. 30.). Két gyermekük: Mihály (1928–), Polixénia (1944–). – Földbirtokos Vargyason, ahol tovább építette a kastélyt, szakszerűen restauráltatta Köpeczi Sebestyén Józseffel (1937). Két gyermeke a restituciós törvény értelmében visszakapta és eladta az esztergomi városi önkormányzatnak (2005). Részt vett az I. vh.-ban (1915. márc. 1. –). A kiskendi udvarház, park, gazdasági épületek régebb a gr. Somssich családé volt. Ott laktak és az államosításkor innen kerültek kényszerlakhelyre Mv.-re. Leromlott állapotban van az udvarház, műemlék. A johannita rend tiszteleti lovagja (1944–76). <br /><strong>Irod.:</strong> Bicsók-Orbán; Fehér János: A vargyasi Daniel kastély (Barót, 2009); Gudenus; Keresztes 1995; Koszta; M. Johannita családtört.; Valori Mureșene</br></p>

<p>Vargyas, 1887. márc. 5., † Mv., 1976. júl. 21.: huszárhadnagy, földbirtokos. – D. Lajos (1856–1895) és tarcsfalvi Pálffy Márta fia. Felesége: 1. Atzél Lydia (1921–1925, elváltak), 2. sárdi gr. Somssich Gabriella Irma (Bp., 1904. ápr. 8. –). Esküvő Kiskend (1926. dec. 30.). Két gyermekük: Mihály (1928–), Polixénia (1944–). – Földbirtokos Vargyason, ahol tovább építette a [&hellip;]</p>
