{"id":6508,"date":"2025-06-28T17:55:09","date_gmt":"2025-06-28T15:55:09","guid":{"rendered":"https:\/\/uj.adatbank.ro\/lexikon\/termek\/daniel-imre-vargyasi\/"},"modified":"2025-06-28T17:55:09","modified_gmt":"2025-06-28T15:55:09","slug":"daniel-imre-vargyasi","status":"publish","type":"product","link":"https:\/\/uj.adatbank.ro\/lexikon\/termek\/daniel-imre-vargyasi\/","title":{"rendered":"D\u00c1NIEL Imre, vargyasi"},"content":{"rendered":"<p>Bikal, 1809. szept. 20., \u2020 Vargyas, 1869. \u00e1pr. 29.: f\u00f6ldbirtokos, k\u00f6rzeti biztos. \u2013 K\u00e1roly (1766\u20131816) \u00e9s Gyarmathy \u00c1gnes fia. Feles\u00e9ge Petrichevich Horv\u00e1th R\u00f3za (1830\u20131891). Esk\u00fcv\u0151: 1859. Gyermekei: Istv\u00e1n (1860\u2013), B\u00e9la (1864\u2013), Imre (1869\u2013), Zsuzsa. \u2013 K\u00f6rzeti biztos, districtus commiss\u00e1rius (1849\u201352); Mv.-en ismertette a v\u00e1rosi tan\u00e1ccsal a k\u00f6zhivatalok \u00e1talak\u00edt\u00e1s\u00e1t, a tan\u00e1csosok sz\u00e1m\u00e1nak cs\u00f6kkent\u00e9s\u00e9t (1849. okt). I. Ferenc J\u00f3zsef mv.-i l\u00e1togat\u00e1sa idej\u00e9n hivatalos volt az udvari eb\u00e9den is (1852. j\u00fal. 31). <br \/><strong>Irod.:<\/strong> Gudenus; Id\u0151t\u00e1r 2; MNZSk; P\u00e1lmay; Szentgy\u00f6rgyi<\/br><\/p>\n","protected":false},"excerpt":{"rendered":"<p>Bikal, 1809. szept. 20., \u2020 Vargyas, 1869. \u00e1pr. 29.: f\u00f6ldbirtokos, k\u00f6rzeti biztos. \u2013 K\u00e1roly (1766\u20131816) \u00e9s Gyarmathy \u00c1gnes fia. Feles\u00e9ge Petrichevich Horv\u00e1th R\u00f3za (1830\u20131891). Esk\u00fcv\u0151: 1859. Gyermekei: Istv\u00e1n (1860\u2013), B\u00e9la (1864\u2013), Imre (1869\u2013), Zsuzsa. \u2013 K\u00f6rzeti biztos, districtus commiss\u00e1rius (1849\u201352); Mv.-en ismertette a v\u00e1rosi tan\u00e1ccsal a k\u00f6zhivatalok \u00e1talak\u00edt\u00e1s\u00e1t, a tan\u00e1csosok sz\u00e1m\u00e1nak cs\u00f6kkent\u00e9s\u00e9t (1849. okt). I. [&hellip;]<\/p>\n","protected":false},"featured_media":0,"comment_status":"open","ping_status":"closed","template":"","meta":[],"product_brand":[],"product_cat":[137],"product_tag":[],"class_list":{"0":"post-6508","1":"product","2":"type-product","3":"status-publish","5":"product_cat-maros-megyei-eletrajzi-lexikon","7":"first","8":"instock","9":"shipping-taxable","10":"product-type-simple"},"_links":{"self":[{"href":"https:\/\/uj.adatbank.ro\/lexikon\/wp-json\/wp\/v2\/product\/6508","targetHints":{"allow":["GET"]}}],"collection":[{"href":"https:\/\/uj.adatbank.ro\/lexikon\/wp-json\/wp\/v2\/product"}],"about":[{"href":"https:\/\/uj.adatbank.ro\/lexikon\/wp-json\/wp\/v2\/types\/product"}],"replies":[{"embeddable":true,"href":"https:\/\/uj.adatbank.ro\/lexikon\/wp-json\/wp\/v2\/comments?post=6508"}],"wp:attachment":[{"href":"https:\/\/uj.adatbank.ro\/lexikon\/wp-json\/wp\/v2\/media?parent=6508"}],"wp:term":[{"taxonomy":"product_brand","embeddable":true,"href":"https:\/\/uj.adatbank.ro\/lexikon\/wp-json\/wp\/v2\/product_brand?post=6508"},{"taxonomy":"product_cat","embeddable":true,"href":"https:\/\/uj.adatbank.ro\/lexikon\/wp-json\/wp\/v2\/product_cat?post=6508"},{"taxonomy":"product_tag","embeddable":true,"href":"https:\/\/uj.adatbank.ro\/lexikon\/wp-json\/wp\/v2\/product_tag?post=6508"}],"curies":[{"name":"wp","href":"https:\/\/api.w.org\/{rel}","templated":true}]}}

DÁNIEL Imre, vargyasi

<p>Bikal, 1809. szept. 20., † Vargyas, 1869. ápr. 29.: földbirtokos, körzeti biztos. – Károly (1766–1816) és Gyarmathy Ágnes fia. Felesége Petrichevich Horváth Róza (1830–1891). Esküvő: 1859. Gyermekei: István (1860–), Béla (1864–), Imre (1869–), Zsuzsa. – Körzeti biztos, districtus commissárius (1849–52); Mv.-en ismertette a városi tanáccsal a közhivatalok átalakítását, a tanácsosok számának csökkentését (1849. okt). I. Ferenc József mv.-i látogatása idején hivatalos volt az udvari ebéden is (1852. júl. 31). <br /><strong>Irod.:</strong> Gudenus; Időtár 2; MNZSk; Pálmay; Szentgyörgyi</br></p>

<p>Bikal, 1809. szept. 20., † Vargyas, 1869. ápr. 29.: földbirtokos, körzeti biztos. – Károly (1766–1816) és Gyarmathy Ágnes fia. Felesége Petrichevich Horváth Róza (1830–1891). Esküvő: 1859. Gyermekei: István (1860–), Béla (1864–), Imre (1869–), Zsuzsa. – Körzeti biztos, districtus commissárius (1849–52); Mv.-en ismertette a városi tanáccsal a közhivatalok átalakítását, a tanácsosok számának csökkentését (1849. okt). I. [&hellip;]</p>
