{"id":6509,"date":"2025-06-28T17:55:11","date_gmt":"2025-06-28T15:55:11","guid":{"rendered":"https:\/\/uj.adatbank.ro\/lexikon\/termek\/daniel-istvan-vargyasi-br\/"},"modified":"2025-06-28T17:55:11","modified_gmt":"2025-06-28T15:55:11","slug":"daniel-istvan-vargyasi-br","status":"publish","type":"product","link":"https:\/\/uj.adatbank.ro\/lexikon\/termek\/daniel-istvan-vargyasi-br\/","title":{"rendered":"DANIEL Istv\u00e1n, vargyasi br."},"content":{"rendered":"<p>1703 \u2020 1780: f\u0151\u00far, adom\u00e1nyoz\u00f3. \u2013 Mih\u00e1ly (\u2020 1705) \u00e9s osdolai K\u00fan Zs\u00f3fia fia. Feles\u00e9ge: 1. sz\u00e9ki gr. Teleki J\u00falia (\u2020 1734); 2. Bethlen \u00c9va (1719\u20131770). Teleki S\u00e1ndor le\u00e1ny\u00e1t, J\u00fali\u00e1t vette el Gernyeszegen (1730), ahova megh\u00edvt\u00e1k a koll. k\u00e9t tan\u00e1r\u00e1t Szathm\u00e1ri Paksi Mih\u00e1lyt \u00e9s K\u00f6vesdi J\u00e1nost. <br \/><strong>Irod.:<\/strong> Bics\u00f3k-Orb\u00e1n; Id\u0151t\u00e1r 1; Nagy Iv\u00e1n; P\u00e1lmay<\/br><\/p>\n","protected":false},"excerpt":{"rendered":"<p>1703 \u2020 1780: f\u0151\u00far, adom\u00e1nyoz\u00f3. \u2013 Mih\u00e1ly (\u2020 1705) \u00e9s osdolai K\u00fan Zs\u00f3fia fia. Feles\u00e9ge: 1. sz\u00e9ki gr. Teleki J\u00falia (\u2020 1734); 2. Bethlen \u00c9va (1719\u20131770). Teleki S\u00e1ndor le\u00e1ny\u00e1t, J\u00fali\u00e1t vette el Gernyeszegen (1730), ahova megh\u00edvt\u00e1k a koll. k\u00e9t tan\u00e1r\u00e1t Szathm\u00e1ri Paksi Mih\u00e1lyt \u00e9s K\u00f6vesdi J\u00e1nost. Irod.: Bics\u00f3k-Orb\u00e1n; Id\u0151t\u00e1r 1; Nagy Iv\u00e1n; P\u00e1lmay<\/p>\n","protected":false},"featured_media":0,"comment_status":"open","ping_status":"closed","template":"","meta":[],"product_brand":[],"product_cat":[137],"product_tag":[],"class_list":{"0":"post-6509","1":"product","2":"type-product","3":"status-publish","5":"product_cat-maros-megyei-eletrajzi-lexikon","7":"first","8":"instock","9":"shipping-taxable","10":"product-type-simple"},"_links":{"self":[{"href":"https:\/\/uj.adatbank.ro\/lexikon\/wp-json\/wp\/v2\/product\/6509","targetHints":{"allow":["GET"]}}],"collection":[{"href":"https:\/\/uj.adatbank.ro\/lexikon\/wp-json\/wp\/v2\/product"}],"about":[{"href":"https:\/\/uj.adatbank.ro\/lexikon\/wp-json\/wp\/v2\/types\/product"}],"replies":[{"embeddable":true,"href":"https:\/\/uj.adatbank.ro\/lexikon\/wp-json\/wp\/v2\/comments?post=6509"}],"wp:attachment":[{"href":"https:\/\/uj.adatbank.ro\/lexikon\/wp-json\/wp\/v2\/media?parent=6509"}],"wp:term":[{"taxonomy":"product_brand","embeddable":true,"href":"https:\/\/uj.adatbank.ro\/lexikon\/wp-json\/wp\/v2\/product_brand?post=6509"},{"taxonomy":"product_cat","embeddable":true,"href":"https:\/\/uj.adatbank.ro\/lexikon\/wp-json\/wp\/v2\/product_cat?post=6509"},{"taxonomy":"product_tag","embeddable":true,"href":"https:\/\/uj.adatbank.ro\/lexikon\/wp-json\/wp\/v2\/product_tag?post=6509"}],"curies":[{"name":"wp","href":"https:\/\/api.w.org\/{rel}","templated":true}]}}