{"id":6512,"date":"2025-06-28T17:55:15","date_gmt":"2025-06-28T15:55:15","guid":{"rendered":"https:\/\/uj.adatbank.ro\/lexikon\/termek\/daniel-laszlo\/"},"modified":"2025-06-28T17:55:15","modified_gmt":"2025-06-28T15:55:15","slug":"daniel-laszlo","status":"publish","type":"product","link":"https:\/\/uj.adatbank.ro\/lexikon\/termek\/daniel-laszlo\/","title":{"rendered":"DANIEL L\u00e1szl\u00f3"},"content":{"rendered":"<p>? \u2020\u00a0? : g\u00f6r. kat. pap. \u2013 Petel\u00e9ben (19. sz els\u0151 fel\u00e9ben). Abban az id\u0151ben \u00e9p\u00fclt a g\u00f6r. kat. templom (1832), ma ort. templomk\u00e9nt haszn\u00e1lj\u00e1k. K\u00e9t alkalommal \u00e9gett le r\u00e9szlegesen (1848, 1857), de mindig kijav\u00edtott\u00e1k. Fresk\u00f3it Gherthner Johann renov\u00e1lta (1945). <br \/><strong>Irod.:<\/strong> Reghin, Protopopiat<\/br><\/p>\n","protected":false},"excerpt":{"rendered":"<p>? \u2020\u00a0? : g\u00f6r. kat. pap. \u2013 Petel\u00e9ben (19. sz els\u0151 fel\u00e9ben). Abban az id\u0151ben \u00e9p\u00fclt a g\u00f6r. kat. templom (1832), ma ort. templomk\u00e9nt haszn\u00e1lj\u00e1k. K\u00e9t alkalommal \u00e9gett le r\u00e9szlegesen (1848, 1857), de mindig kijav\u00edtott\u00e1k. Fresk\u00f3it Gherthner Johann renov\u00e1lta (1945). Irod.: Reghin, Protopopiat<\/p>\n","protected":false},"featured_media":0,"comment_status":"open","ping_status":"closed","template":"","meta":[],"product_brand":[],"product_cat":[137],"product_tag":[],"class_list":{"0":"post-6512","1":"product","2":"type-product","3":"status-publish","5":"product_cat-maros-megyei-eletrajzi-lexikon","7":"first","8":"instock","9":"shipping-taxable","10":"product-type-simple"},"_links":{"self":[{"href":"https:\/\/uj.adatbank.ro\/lexikon\/wp-json\/wp\/v2\/product\/6512","targetHints":{"allow":["GET"]}}],"collection":[{"href":"https:\/\/uj.adatbank.ro\/lexikon\/wp-json\/wp\/v2\/product"}],"about":[{"href":"https:\/\/uj.adatbank.ro\/lexikon\/wp-json\/wp\/v2\/types\/product"}],"replies":[{"embeddable":true,"href":"https:\/\/uj.adatbank.ro\/lexikon\/wp-json\/wp\/v2\/comments?post=6512"}],"wp:attachment":[{"href":"https:\/\/uj.adatbank.ro\/lexikon\/wp-json\/wp\/v2\/media?parent=6512"}],"wp:term":[{"taxonomy":"product_brand","embeddable":true,"href":"https:\/\/uj.adatbank.ro\/lexikon\/wp-json\/wp\/v2\/product_brand?post=6512"},{"taxonomy":"product_cat","embeddable":true,"href":"https:\/\/uj.adatbank.ro\/lexikon\/wp-json\/wp\/v2\/product_cat?post=6512"},{"taxonomy":"product_tag","embeddable":true,"href":"https:\/\/uj.adatbank.ro\/lexikon\/wp-json\/wp\/v2\/product_tag?post=6512"}],"curies":[{"name":"wp","href":"https:\/\/api.w.org\/{rel}","templated":true}]}}