{"id":6517,"date":"2025-06-28T17:55:24","date_gmt":"2025-06-28T15:55:24","guid":{"rendered":"https:\/\/uj.adatbank.ro\/lexikon\/termek\/daniel-peter-vargyasi\/"},"modified":"2025-06-28T17:55:24","modified_gmt":"2025-06-28T15:55:24","slug":"daniel-peter-vargyasi","status":"publish","type":"product","link":"https:\/\/uj.adatbank.ro\/lexikon\/termek\/daniel-peter-vargyasi\/","title":{"rendered":"DANIEL P\u00e9ter, vargyasi"},"content":{"rendered":"<p>1684., \u2020\u00a0Jobb\u00e1gyfalva, 1741. m\u00e1rc. 1., a ny\u00e1r\u00e1dszentm\u00e1rtoni ref. templomba temett\u00e9k: jobb\u00e1gyfalvi unit. f\u00f6ldes\u00far (1733). \u2013 Istv\u00e1n (1639\u20131688) \u00e9s Kem\u00e9ny Zs\u00f3fia fia. Feles\u00e9ge: kiss\u00e1rosi S\u00e1rosi Ilona (\u2020 1743), 30 \u00e9vig \u00e9ltek egy\u00fctt. Gyermekei: Zs\u00f3fia Haller J\u00e1nosn\u00e9 (1711\u20131783); Anna L\u00e1z\u00e1r \u00c1d\u00e1mn\u00e9; Judit (1724\u201364) Petrichevich Horv\u00e1th Boldizs\u00e1rn\u00e9; Krisztina Bethlen Ferencn\u00e9. &#8211; A szentm\u00e1rtoni ekl\u00e9zsia patr\u00f3nusa. Az egyh\u00e1zmegye f\u0151gondnoka (1723\u20131741). K\u00f6lcs\u00f6nt adott az egyh\u00e1znak, hogy kifizethess\u00e9k a di\u00e1koknak j\u00e1r\u00f3 \u00f6szt\u00f6nd\u00edjat. &#8211;<br \/><strong>Irod.:<\/strong> Bi\u00e1s; Bicsok-Orb\u00e1n; Cs\u00edkfalva; Gudenus; Harmath-K\u00e1lm\u00e1n; Kelemen; K\u00e9nosi-Uzoni 2.; P\u00e1lmay<\/br><\/p>\n","protected":false},"excerpt":{"rendered":"<p>1684., \u2020\u00a0Jobb\u00e1gyfalva, 1741. m\u00e1rc. 1., a ny\u00e1r\u00e1dszentm\u00e1rtoni ref. templomba temett\u00e9k: jobb\u00e1gyfalvi unit. f\u00f6ldes\u00far (1733). \u2013 Istv\u00e1n (1639\u20131688) \u00e9s Kem\u00e9ny Zs\u00f3fia fia. Feles\u00e9ge: kiss\u00e1rosi S\u00e1rosi Ilona (\u2020 1743), 30 \u00e9vig \u00e9ltek egy\u00fctt. Gyermekei: Zs\u00f3fia Haller J\u00e1nosn\u00e9 (1711\u20131783); Anna L\u00e1z\u00e1r \u00c1d\u00e1mn\u00e9; Judit (1724\u201364) Petrichevich Horv\u00e1th Boldizs\u00e1rn\u00e9; Krisztina Bethlen Ferencn\u00e9. &#8211; A szentm\u00e1rtoni ekl\u00e9zsia patr\u00f3nusa. Az egyh\u00e1zmegye f\u0151gondnoka [&hellip;]<\/p>\n","protected":false},"featured_media":0,"comment_status":"open","ping_status":"closed","template":"","meta":[],"product_brand":[],"product_cat":[137],"product_tag":[],"class_list":{"0":"post-6517","1":"product","2":"type-product","3":"status-publish","5":"product_cat-maros-megyei-eletrajzi-lexikon","7":"first","8":"instock","9":"shipping-taxable","10":"product-type-simple"},"_links":{"self":[{"href":"https:\/\/uj.adatbank.ro\/lexikon\/wp-json\/wp\/v2\/product\/6517","targetHints":{"allow":["GET"]}}],"collection":[{"href":"https:\/\/uj.adatbank.ro\/lexikon\/wp-json\/wp\/v2\/product"}],"about":[{"href":"https:\/\/uj.adatbank.ro\/lexikon\/wp-json\/wp\/v2\/types\/product"}],"replies":[{"embeddable":true,"href":"https:\/\/uj.adatbank.ro\/lexikon\/wp-json\/wp\/v2\/comments?post=6517"}],"wp:attachment":[{"href":"https:\/\/uj.adatbank.ro\/lexikon\/wp-json\/wp\/v2\/media?parent=6517"}],"wp:term":[{"taxonomy":"product_brand","embeddable":true,"href":"https:\/\/uj.adatbank.ro\/lexikon\/wp-json\/wp\/v2\/product_brand?post=6517"},{"taxonomy":"product_cat","embeddable":true,"href":"https:\/\/uj.adatbank.ro\/lexikon\/wp-json\/wp\/v2\/product_cat?post=6517"},{"taxonomy":"product_tag","embeddable":true,"href":"https:\/\/uj.adatbank.ro\/lexikon\/wp-json\/wp\/v2\/product_tag?post=6517"}],"curies":[{"name":"wp","href":"https:\/\/api.w.org\/{rel}","templated":true}]}}

DANIEL Péter, vargyasi

<p>1684., † Jobbágyfalva, 1741. márc. 1., a nyárádszentmártoni ref. templomba temették: jobbágyfalvi unit. földesúr (1733). – István (1639–1688) és Kemény Zsófia fia. Felesége: kissárosi Sárosi Ilona († 1743), 30 évig éltek együtt. Gyermekei: Zsófia Haller Jánosné (1711–1783); Anna Lázár Ádámné; Judit (1724–64) Petrichevich Horváth Boldizsárné; Krisztina Bethlen Ferencné. &#8211; A szentmártoni eklézsia patrónusa. Az egyházmegye főgondnoka (1723–1741). Kölcsönt adott az egyháznak, hogy kifizethessék a diákoknak járó ösztöndíjat. &#8211;<br /><strong>Irod.:</strong> Biás; Bicsok-Orbán; Csíkfalva; Gudenus; Harmath-Kálmán; Kelemen; Kénosi-Uzoni 2.; Pálmay</br></p>

<p>1684., † Jobbágyfalva, 1741. márc. 1., a nyárádszentmártoni ref. templomba temették: jobbágyfalvi unit. földesúr (1733). – István (1639–1688) és Kemény Zsófia fia. Felesége: kissárosi Sárosi Ilona († 1743), 30 évig éltek együtt. Gyermekei: Zsófia Haller Jánosné (1711–1783); Anna Lázár Ádámné; Judit (1724–64) Petrichevich Horváth Boldizsárné; Krisztina Bethlen Ferencné. &#8211; A szentmártoni eklézsia patrónusa. Az egyházmegye főgondnoka [&hellip;]</p>
