{"id":6519,"date":"2025-06-28T17:55:29","date_gmt":"2025-06-28T15:55:29","guid":{"rendered":"https:\/\/uj.adatbank.ro\/lexikon\/termek\/daniel-zsigmond\/"},"modified":"2025-06-28T17:55:29","modified_gmt":"2025-06-28T15:55:29","slug":"daniel-zsigmond","status":"publish","type":"product","link":"https:\/\/uj.adatbank.ro\/lexikon\/termek\/daniel-zsigmond\/","title":{"rendered":"D\u00c1NIEL Zsigmond"},"content":{"rendered":"<p>Sz\u00e9kelyk\u00e1l, 1906., \u2020 Mv., 1985.: unit. tan\u00edt\u00f3. \u2013 Tanulm\u00e1nyait Bp.-en \u00e9s Cs\u00edkszered\u00e1n v\u00e9gezte, tan\u00edt\u00f3 oklevelet kapott. Katona a rom\u00e1n hadseregben volt. Magyarszov\u00e1ton kezdte p\u00e1lyafut\u00e1s\u00e1t, onnan Iklandra ker\u00fclt, majd a vadadi unit. n\u00e9piskola igazgat\u00f3ja, az egyh\u00e1z k\u00e1ntora lett (1930\u2013). A Gazdak\u00f6r eln\u00f6ke. <br \/><strong>Irod.:<\/strong> Cs\u00edkfalva; Sz\u00e9kelyf\u00f6ld \u00ed. k.<\/br><\/p>\n","protected":false},"excerpt":{"rendered":"<p>Sz\u00e9kelyk\u00e1l, 1906., \u2020 Mv., 1985.: unit. tan\u00edt\u00f3. \u2013 Tanulm\u00e1nyait Bp.-en \u00e9s Cs\u00edkszered\u00e1n v\u00e9gezte, tan\u00edt\u00f3 oklevelet kapott. Katona a rom\u00e1n hadseregben volt. Magyarszov\u00e1ton kezdte p\u00e1lyafut\u00e1s\u00e1t, onnan Iklandra ker\u00fclt, majd a vadadi unit. n\u00e9piskola igazgat\u00f3ja, az egyh\u00e1z k\u00e1ntora lett (1930\u2013). A Gazdak\u00f6r eln\u00f6ke. Irod.: Cs\u00edkfalva; Sz\u00e9kelyf\u00f6ld \u00ed. k.<\/p>\n","protected":false},"featured_media":0,"comment_status":"open","ping_status":"closed","template":"","meta":[],"product_brand":[],"product_cat":[137],"product_tag":[],"class_list":{"0":"post-6519","1":"product","2":"type-product","3":"status-publish","5":"product_cat-maros-megyei-eletrajzi-lexikon","7":"first","8":"instock","9":"shipping-taxable","10":"product-type-simple"},"_links":{"self":[{"href":"https:\/\/uj.adatbank.ro\/lexikon\/wp-json\/wp\/v2\/product\/6519","targetHints":{"allow":["GET"]}}],"collection":[{"href":"https:\/\/uj.adatbank.ro\/lexikon\/wp-json\/wp\/v2\/product"}],"about":[{"href":"https:\/\/uj.adatbank.ro\/lexikon\/wp-json\/wp\/v2\/types\/product"}],"replies":[{"embeddable":true,"href":"https:\/\/uj.adatbank.ro\/lexikon\/wp-json\/wp\/v2\/comments?post=6519"}],"wp:attachment":[{"href":"https:\/\/uj.adatbank.ro\/lexikon\/wp-json\/wp\/v2\/media?parent=6519"}],"wp:term":[{"taxonomy":"product_brand","embeddable":true,"href":"https:\/\/uj.adatbank.ro\/lexikon\/wp-json\/wp\/v2\/product_brand?post=6519"},{"taxonomy":"product_cat","embeddable":true,"href":"https:\/\/uj.adatbank.ro\/lexikon\/wp-json\/wp\/v2\/product_cat?post=6519"},{"taxonomy":"product_tag","embeddable":true,"href":"https:\/\/uj.adatbank.ro\/lexikon\/wp-json\/wp\/v2\/product_tag?post=6519"}],"curies":[{"name":"wp","href":"https:\/\/api.w.org\/{rel}","templated":true}]}}