{"id":6521,"date":"2025-06-28T17:55:33","date_gmt":"2025-06-28T15:55:33","guid":{"rendered":"https:\/\/uj.adatbank.ro\/lexikon\/termek\/daniel-zsofia-vargyasi-br-gr-haller-janosne\/"},"modified":"2025-06-28T17:55:33","modified_gmt":"2025-06-28T15:55:33","slug":"daniel-zsofia-vargyasi-br-gr-haller-janosne","status":"publish","type":"product","link":"https:\/\/uj.adatbank.ro\/lexikon\/termek\/daniel-zsofia-vargyasi-br-gr-haller-janosne\/","title":{"rendered":"DANIEL Zs\u00f3fia, vargyasi br., gr. Haller J\u00e1nosn\u00e9"},"content":{"rendered":"<p>1711., \u2020\u00a01783, temetve a szebeni ferences templomba. &#8211; P\u00e9ter (\u2020 1741) \u00e9s kiss\u00e1rosi S\u00e1rosi Ilona le\u00e1nya. Haller J\u00e1nos, szentp\u00e1li \u00e1g (Kerel\u0151szentp\u00e1l, 1692, -Szeben, 1755. okt. 18.), gubern\u00e1tor feles\u00e9ge. Gyermekei: Zsuzsanna Mikes Antaln\u00e9 (1733 \u2020 1776 43 \u00e9vesen ) esk: D\u00e9va 1745; Anna Kornis Zsigmondn\u00e9 (1730\u20131778) esk: 1746.; Borb\u00e1la (1691\u20131735) Bornemisza J\u00e1nosn\u00e9; Karolina Gyulay Ferencn\u00e9 (\u2020 1809. febr. 10.), M\u00e1ria. \u2013 F\u00e9rj\u00e9vel megvett\u00e9k \u00e9s \u00e1talak\u00edtott\u00e1k a d\u00e9vai Magna Curi\u00e1t, pap\u00edrmalmot alap\u00edtottak. A r. k. egyh\u00e1z b\u0151kez\u0171 t\u00e1mogat\u00f3i voltak. Adom\u00e1nyokkal seg\u00edtett\u00e9k a sz\u00e1szv\u00e1rosi ferences templom \u00e9s kolostor, a d\u00e9vai ferences templom olt\u00e1r\u00e1nak, a mv.-i Keresztel\u0151 Szent J\u00e1nos pl\u00e9b\u00e1nia f\u0151olt\u00e1r\u00e1nak k\u00e9sz\u00edt\u00e9s\u00e9t. V\u00e1mosudvarhelyen volt a kast\u00e9lya Haller J\u00e1nosnak. Sz\u0151kefalv\u00e1n megjav\u00edttatta a r. k. templomot (1747), majd tornyot \u00e9p\u00edttetett hozz\u00e1 (1758). Alap\u00edtv\u00e1nyban sz\u00f6gezte le a r. k. pap \u00e9vi t\u00e1mogat\u00e1s\u00e1t \u00e9lelemmel, gabon\u00e1val (1757). F\u00e9rje v\u00e1mosg\u00e1lfalvi birtoka term\u00e9s\u00e9b\u0151l \u00e9venk\u00e9nt t\u00e1mogatta a mv.- i r. k. iskola fenntart\u00e1s\u00e1t, majd \u00f6zvegyk\u00e9nt \u0151 is seg\u00e9lyezte a tanul\u00f3 ifjakat a v\u00e1mosg\u00e1lfalvi tized j\u00f6vedelm\u00e9vel (1761\u20131777). Portr\u00e9ja, a Haller-Harmath csal\u00e1d adom\u00e1nyak\u00e9nt, ker\u00fclt a mv.-i f\u0151t\u00e9ri Keresztel\u0151 Szent J\u00e1nos-pl\u00e9b\u00e1niatemplom egyh\u00e1zm\u0171v\u00e9szeti m\u00fazeum\u00e1ba. <br \/><strong>Irod.:<\/strong> Bir\u00f3 J\u00f3zsef; D\u00e1niel G\u00e1bor: \u00dajabb adatt\u00e1r a vargyasi Daniel csal\u00e1d t\u00f6rt\u00e9net\u00e9hez (Kv., 1913); Harmath-K\u00e1lm\u00e1n; Id\u0151t\u00e1r 1; Kov\u00e1cs Andr\u00e1s; L\u00e9sty\u00e1n \u2013 templomok; Magyar m\u0171vel\u0151d\u00e9st\u00f6rt\u00e9net (Bp., s. a.) 4. foto is; A mv.-i Keresztel\u0151 Szent J\u00e1nos pl\u00e9b\u00e1nia; M. V\u00e1s\u00e1rhelyi r. kath. iskol\u00e1k \u00e9s nevel\u0151h\u00e1z (Sz\u00e9kely Napt\u00e1r, 1844\u20131845); Millenniumi ki\u00e1ll.; Nagy L\u00e1szl\u00f3; P\u00e1l-Antal 2009; P\u00e1l-Antal 2013; Veress Endre<\/br><\/p>\n","protected":false},"excerpt":{"rendered":"<p>1711., \u2020\u00a01783, temetve a szebeni ferences templomba. &#8211; P\u00e9ter (\u2020 1741) \u00e9s kiss\u00e1rosi S\u00e1rosi Ilona le\u00e1nya. Haller J\u00e1nos, szentp\u00e1li \u00e1g (Kerel\u0151szentp\u00e1l, 1692, -Szeben, 1755. okt. 18.), gubern\u00e1tor feles\u00e9ge. Gyermekei: Zsuzsanna Mikes Antaln\u00e9 (1733 \u2020 1776 43 \u00e9vesen ) esk: D\u00e9va 1745; Anna Kornis Zsigmondn\u00e9 (1730\u20131778) esk: 1746.; Borb\u00e1la (1691\u20131735) Bornemisza J\u00e1nosn\u00e9; Karolina Gyulay Ferencn\u00e9 (\u2020 [&hellip;]<\/p>\n","protected":false},"featured_media":0,"comment_status":"open","ping_status":"closed","template":"","meta":[],"product_brand":[],"product_cat":[137],"product_tag":[],"class_list":{"0":"post-6521","1":"product","2":"type-product","3":"status-publish","5":"product_cat-maros-megyei-eletrajzi-lexikon","7":"first","8":"instock","9":"shipping-taxable","10":"product-type-simple"},"_links":{"self":[{"href":"https:\/\/uj.adatbank.ro\/lexikon\/wp-json\/wp\/v2\/product\/6521","targetHints":{"allow":["GET"]}}],"collection":[{"href":"https:\/\/uj.adatbank.ro\/lexikon\/wp-json\/wp\/v2\/product"}],"about":[{"href":"https:\/\/uj.adatbank.ro\/lexikon\/wp-json\/wp\/v2\/types\/product"}],"replies":[{"embeddable":true,"href":"https:\/\/uj.adatbank.ro\/lexikon\/wp-json\/wp\/v2\/comments?post=6521"}],"wp:attachment":[{"href":"https:\/\/uj.adatbank.ro\/lexikon\/wp-json\/wp\/v2\/media?parent=6521"}],"wp:term":[{"taxonomy":"product_brand","embeddable":true,"href":"https:\/\/uj.adatbank.ro\/lexikon\/wp-json\/wp\/v2\/product_brand?post=6521"},{"taxonomy":"product_cat","embeddable":true,"href":"https:\/\/uj.adatbank.ro\/lexikon\/wp-json\/wp\/v2\/product_cat?post=6521"},{"taxonomy":"product_tag","embeddable":true,"href":"https:\/\/uj.adatbank.ro\/lexikon\/wp-json\/wp\/v2\/product_tag?post=6521"}],"curies":[{"name":"wp","href":"https:\/\/api.w.org\/{rel}","templated":true}]}}

DANIEL Zsófia, vargyasi br., gr. Haller Jánosné

<p>1711., † 1783, temetve a szebeni ferences templomba. &#8211; Péter († 1741) és kissárosi Sárosi Ilona leánya. Haller János, szentpáli ág (Kerelőszentpál, 1692, -Szeben, 1755. okt. 18.), gubernátor felesége. Gyermekei: Zsuzsanna Mikes Antalné (1733 † 1776 43 évesen ) esk: Déva 1745; Anna Kornis Zsigmondné (1730–1778) esk: 1746.; Borbála (1691–1735) Bornemisza Jánosné; Karolina Gyulay Ferencné († 1809. febr. 10.), Mária. – Férjével megvették és átalakították a dévai Magna Curiát, papírmalmot alapítottak. A r. k. egyház bőkezű támogatói voltak. Adományokkal segítették a szászvárosi ferences templom és kolostor, a dévai ferences templom oltárának, a mv.-i Keresztelő Szent János plébánia főoltárának készítését. Vámosudvarhelyen volt a kastélya Haller Jánosnak. Szőkefalván megjavíttatta a r. k. templomot (1747), majd tornyot építtetett hozzá (1758). Alapítványban szögezte le a r. k. pap évi támogatását élelemmel, gabonával (1757). Férje vámosgálfalvi birtoka terméséből évenként támogatta a mv.- i r. k. iskola fenntartását, majd özvegyként ő is segélyezte a tanuló ifjakat a vámosgálfalvi tized jövedelmével (1761–1777). Portréja, a Haller-Harmath család adományaként, került a mv.-i főtéri Keresztelő Szent János-plébániatemplom egyházművészeti múzeumába. <br /><strong>Irod.:</strong> Biró József; Dániel Gábor: Újabb adattár a vargyasi Daniel család történetéhez (Kv., 1913); Harmath-Kálmán; Időtár 1; Kovács András; Léstyán – templomok; Magyar művelődéstörténet (Bp., s. a.) 4. foto is; A mv.-i Keresztelő Szent János plébánia; M. Vásárhelyi r. kath. iskolák és nevelőház (Székely Naptár, 1844–1845); Millenniumi kiáll.; Nagy László; Pál-Antal 2009; Pál-Antal 2013; Veress Endre</br></p>

<p>1711., † 1783, temetve a szebeni ferences templomba. &#8211; Péter († 1741) és kissárosi Sárosi Ilona leánya. Haller János, szentpáli ág (Kerelőszentpál, 1692, -Szeben, 1755. okt. 18.), gubernátor felesége. Gyermekei: Zsuzsanna Mikes Antalné (1733 † 1776 43 évesen ) esk: Déva 1745; Anna Kornis Zsigmondné (1730–1778) esk: 1746.; Borbála (1691–1735) Bornemisza Jánosné; Karolina Gyulay Ferencné († [&hellip;]</p>
