{"id":6524,"date":"2025-06-28T17:55:38","date_gmt":"2025-06-28T15:55:38","guid":{"rendered":"https:\/\/uj.adatbank.ro\/lexikon\/termek\/dankanits-adam-%c2%a7-dankanics-adam\/"},"modified":"2025-06-28T17:55:38","modified_gmt":"2025-06-28T15:55:38","slug":"dankanits-adam-%c2%a7-dankanics-adam","status":"publish","type":"product","link":"https:\/\/uj.adatbank.ro\/lexikon\/termek\/dankanits-adam-%c2%a7-dankanics-adam\/","title":{"rendered":"DANKANITS \u00c1d\u00e1m, \u00a7 Dankanics \u00c1d\u00e1m"},"content":{"rendered":"<p>Kv., 1932. jan. 2., \u2020 Buk., 1977. m\u00e1rc. 4. f\u00f6ldreng\u00e9s \u00e1ldozata a Dadi. fi\u00fakkal egy\u00fctt. Kv.-on a H\u00e1zsong\u00e1ri temet\u0151ben nyugszanak: tan\u00e1r, m\u00fazeogr\u00e1fus, k\u00f6nyvt\u00e1ros, m\u0171vel\u0151d\u00e9st\u00f6rt\u00e9n\u00e9sz, szerkeszt\u0151. \u2013 L\u00e1szl\u00f3, fia. Testv\u00e9re: D. L\u00e1szl\u00f3. Feles\u00e9ge: 1. Kozma Edit; tan\u00e1r, 2. Varga Katalin, k\u00e9pz\u0151m\u0171v\u00e9sz. Fi\u00fak: Dadi. (\u2020Buk., 1977. m\u00e1rc. 4.). Tanulm\u00e1nyait Kv.-on v\u00e9gezte, a BTE-en t\u00f6rt\u00e9nelemszakon v\u00e9gzett (1954). Dem\u00e9nyh\u00e1z\u00e1n tan\u00edtott (1954\u201355 tan\u00e9v), Nagyenyeden a V\u00e1rosi M\u00fazeumban m\u00fazeol\u00f3gus (1955\u201357), a Bethlen K\u00f6nyvt\u00e1rban bibliogr\u00e1fusk\u00e9nt (1958\u201360)\u00a0dolgozott. A Mv.-i Pedag\u00f3giai F\u0151iskola lektora (1961\u201367); kutat\u00f3 a R. Tud. Akad. T\u00e1rsadalomtudom\u00e1nyi Kutat\u00f3 Int\u00e9zet\u00e9ben Mv.-en (1968\u201370). A H\u00e9t c. Buk.-ben megjelen\u0151 hetilapnak az alap\u00edt\u00e1st\u00f3l bels\u0151 munkat\u00e1rsa, a tudom\u00e1nyos rovat szerk.-je hal\u00e1l\u00e1ig (1970\u201377), a tragikus f\u00f6ldreng\u00e9sig, amikor kisfi\u00e1val egy\u00fctt \u00e9let\u00e9t vesztette. Kutat\u00e1si ter\u00fclete a k\u00f6nyv- \u00e9s k\u00f6nyvt\u00e1rt\u00f6rt\u00e9net, olvas\u00e1sszociol\u00f3gia, m\u0171vel\u0151d\u00e9st\u00f6rt\u00e9net. K\u00f6nyv- \u00e9s k\u00f6nyvt\u00e1rt\u00f6rt\u00e9neti kutat\u00e1sok alapj\u00e1n vizsg\u00e1lta az erd\u00e9lyi olvas\u00f3k\u00f6z\u00f6ns\u00e9g kialakul\u00e1s\u00e1t a 16. sz., a folytat\u00e1s amely a 17\u201319. sz. erd\u00e9lyi \u00e9letformav\u00e1lt\u00e1sra vonatkoz\u00f3 termel\u00e9si, eg\u00e9szs\u00e9g\u00fcgyi, k\u00f6zigazgat\u00e1si \u00e9s m\u0171vel\u0151d\u00e9si t\u00e9rre kiterjed\u0151 nagym\u00e9ret\u0171 anyaggy\u0171jtem\u00e9nye a buk.-i f\u00f6ldreng\u00e9skor elpusztult, egy r\u00e9szlet\u00e9t k\u00f6z\u00f6lte A hagyom\u00e1nyos vil\u00e1g alkonya c. (A H\u00e9t, 9. sz., 1979). Tudom\u00e1nyos k\u00f6zlem\u00e9nyei jelentek meg: Studii \u015fi materiale. Muzeul Jude\u0163ean Mure\u015f, Revista de pedagogie, Korunk, Korunk \u00c9vk\u00f6nyv (1981), NyIrK, Forschungen zur Volks- und Landeskunde, Noesis, Revista Bibliotecilor, K\u00f6nyvt\u00e1ri Szemle, A H\u00e9t-ben, itt megjelent utols\u00f3 k\u00f6zlem\u00e9nye: Kor, ember, \u00e9let: Egy kiad\u00e1sra elk\u00e9sz\u00fclt k\u00f6tet els\u0151 lapjai (A H\u00e9t, 10. sz., 1977. m\u00e1rc. 11.). \u2013 <strong>F. m.:<\/strong> T\u00e1jbibliogr\u00e1fiai munka a Rom\u00e1n N\u00e9pk\u00f6zt\u00e1rsas\u00e1gban (K\u00f6nyv \u00e9s k\u00f6nyvt\u00e1r 1. Bp., 1958); Egy m\u00falt sz\u00e1zad eleji mag\u00e1nk\u00f6nyvt\u00e1r \u00e9s Pestalozzi hat\u00e1sa (K\u00fcl\u00f6nlenyomat a K\u00f6nyv \u00e9s k\u00f6nyvt\u00e1r 4. k\u00f6t. -b\u0151l (Bp., 1964); \u00cenceputurile urbaniz\u0103rii Tg. M. -ului (Studii \u0219i materiale. II. Tg. M., 1967); Az 1575\/0s Az oktat\u00e1s kezdeteir\u0151l a Sz\u00e9kelyf\u00f6ld\u00f6n (Korunk, 1970., 11. sz.); Cultura european\u0103 reflectat\u0103 \u00een incunabulele din bibliotecile transilv\u0103nene (Studii de istorie, filologie \u0219i istoria artei, Buc., 1972) Ismeretterjeszt\u0151 k\u00f6z\u00edr\u00e1sunk forr\u00e1svid\u00e9k\u00e9n (Korunk-\u00c9vk\u00f6nyv, 1974); XVI. sz\u00e1zadi olvasm\u00e1nyok (Buk, 1974); Lesestoffe des XVI. Jahrhunderts in Siebenb\u00fcrgen (Buk., 1982); XVIII. sz\u00e1zad helye k\u00f6nyvt\u00f6rt\u00e9net\u00fcnkben (Korunk, 31\/1972. 1249.). A hagyom\u00e1nyos vil\u00e1g alkonya Erd\u00e9lyben (Buk., 1983); <strong>t\u00e1rssz.:<\/strong> A Debreceni Kossuth Lajos Tudom\u00e1nyegyetem K\u00f6nyvt\u00e1r\u00e1nak K\u00f6zlem\u00e9nyei: K\u00fcl\u00f6nlenyomat (1964). Lask\u00f3i Cs\u00f3k\u00e1s P\u00e9ter k\u00f6nyvei (Lymbus, 1990); <strong>ford.:<\/strong> Mali\u0163a, Mircea: Eszm\u00e9k faggat\u00e1sa (Farkas L\u00e1szl\u00f3val, Buk., 1976); <strong>szerk.:<\/strong> Erasmus de Rotterdam, Desiderius: Erasmus vil\u00e1ga (bevez., jegyzetek, ford.; Buk., 1970); Comenius, Jean Amos: Comenius v\u00e1logatott \u00edr\u00e1sai (el\u0151sz\u00f3, Buk., 1971). <br \/><strong>Irod.:<\/strong> Egyed \u00c1. 2013; Erd\u00e9lyi L 2009, fot\u00f3 1975; Erd\u00e9lyi Lajos: A t\u00fal\u00e9l\u00e9s m\u0171helyei, fot\u00f3: D. \u00c1., 1975 (Kv., 2009); Ga\u00e1l; Horv\u00e1th Andor: B\u00facs\u00fa (A H\u00e9t, 10. sz., 1977. m\u00e1rc. 11.); Jak\u00f3 1976; KM\u00cd; K\u00f3r \u2013 ember \u2013 \u00e9let (A H\u00e9t, 1977. m\u00e1rc. 11.); Korunk; Korunk \u00c9vk. 1974; M. okl. Rom.; RMIL; Tonk S\u00e1ndor: D. \u00c1., a t\u00f6rt\u00e9n\u00e9sz (A H\u00e9t, 10. sz., 1982.); \u00daM\u00c9L; Viharban<\/br><\/p>\n","protected":false},"excerpt":{"rendered":"<p>Kv., 1932. jan. 2., \u2020 Buk., 1977. m\u00e1rc. 4. f\u00f6ldreng\u00e9s \u00e1ldozata a Dadi. fi\u00fakkal egy\u00fctt. Kv.-on a H\u00e1zsong\u00e1ri temet\u0151ben nyugszanak: tan\u00e1r, m\u00fazeogr\u00e1fus, k\u00f6nyvt\u00e1ros, m\u0171vel\u0151d\u00e9st\u00f6rt\u00e9n\u00e9sz, szerkeszt\u0151. \u2013 L\u00e1szl\u00f3, fia. Testv\u00e9re: D. L\u00e1szl\u00f3. Feles\u00e9ge: 1. Kozma Edit; tan\u00e1r, 2. Varga Katalin, k\u00e9pz\u0151m\u0171v\u00e9sz. Fi\u00fak: Dadi. (\u2020Buk., 1977. m\u00e1rc. 4.). Tanulm\u00e1nyait Kv.-on v\u00e9gezte, a BTE-en t\u00f6rt\u00e9nelemszakon v\u00e9gzett (1954). Dem\u00e9nyh\u00e1z\u00e1n [&hellip;]<\/p>\n","protected":false},"featured_media":0,"comment_status":"open","ping_status":"closed","template":"","meta":[],"product_brand":[],"product_cat":[137],"product_tag":[],"class_list":{"0":"post-6524","1":"product","2":"type-product","3":"status-publish","5":"product_cat-maros-megyei-eletrajzi-lexikon","7":"first","8":"instock","9":"shipping-taxable","10":"product-type-simple"},"_links":{"self":[{"href":"https:\/\/uj.adatbank.ro\/lexikon\/wp-json\/wp\/v2\/product\/6524","targetHints":{"allow":["GET"]}}],"collection":[{"href":"https:\/\/uj.adatbank.ro\/lexikon\/wp-json\/wp\/v2\/product"}],"about":[{"href":"https:\/\/uj.adatbank.ro\/lexikon\/wp-json\/wp\/v2\/types\/product"}],"replies":[{"embeddable":true,"href":"https:\/\/uj.adatbank.ro\/lexikon\/wp-json\/wp\/v2\/comments?post=6524"}],"wp:attachment":[{"href":"https:\/\/uj.adatbank.ro\/lexikon\/wp-json\/wp\/v2\/media?parent=6524"}],"wp:term":[{"taxonomy":"product_brand","embeddable":true,"href":"https:\/\/uj.adatbank.ro\/lexikon\/wp-json\/wp\/v2\/product_brand?post=6524"},{"taxonomy":"product_cat","embeddable":true,"href":"https:\/\/uj.adatbank.ro\/lexikon\/wp-json\/wp\/v2\/product_cat?post=6524"},{"taxonomy":"product_tag","embeddable":true,"href":"https:\/\/uj.adatbank.ro\/lexikon\/wp-json\/wp\/v2\/product_tag?post=6524"}],"curies":[{"name":"wp","href":"https:\/\/api.w.org\/{rel}","templated":true}]}}

DANKANITS Ádám, § Dankanics Ádám

<p>Kv., 1932. jan. 2., † Buk., 1977. márc. 4. földrengés áldozata a Dadi. fiúkkal együtt. Kv.-on a Házsongári temetőben nyugszanak: tanár, múzeográfus, könyvtáros, művelődéstörténész, szerkesztő. – László, fia. Testvére: D. László. Felesége: 1. Kozma Edit; tanár, 2. Varga Katalin, képzőművész. Fiúk: Dadi. (†Buk., 1977. márc. 4.). Tanulmányait Kv.-on végezte, a BTE-en történelemszakon végzett (1954). Deményházán tanított (1954–55 tanév), Nagyenyeden a Városi Múzeumban múzeológus (1955–57), a Bethlen Könyvtárban bibliográfusként (1958–60) dolgozott. A Mv.-i Pedagógiai Főiskola lektora (1961–67); kutató a R. Tud. Akad. Társadalomtudományi Kutató Intézetében Mv.-en (1968–70). A Hét c. Buk.-ben megjelenő hetilapnak az alapítástól belső munkatársa, a tudományos rovat szerk.-je haláláig (1970–77), a tragikus földrengésig, amikor kisfiával együtt életét vesztette. Kutatási területe a könyv- és könyvtártörténet, olvasásszociológia, művelődéstörténet. Könyv- és könyvtártörténeti kutatások alapján vizsgálta az erdélyi olvasóközönség kialakulását a 16. sz., a folytatás amely a 17–19. sz. erdélyi életformaváltásra vonatkozó termelési, egészségügyi, közigazgatási és művelődési térre kiterjedő nagyméretű anyaggyűjteménye a buk.-i földrengéskor elpusztult, egy részletét közölte A hagyományos világ alkonya c. (A Hét, 9. sz., 1979). Tudományos közleményei jelentek meg: Studii şi materiale. Muzeul Judeţean Mureş, Revista de pedagogie, Korunk, Korunk Évkönyv (1981), NyIrK, Forschungen zur Volks- und Landeskunde, Noesis, Revista Bibliotecilor, Könyvtári Szemle, A Hét-ben, itt megjelent utolsó közleménye: Kor, ember, élet: Egy kiadásra elkészült kötet első lapjai (A Hét, 10. sz., 1977. márc. 11.). – <strong>F. m.:</strong> Tájbibliográfiai munka a Román Népköztársaságban (Könyv és könyvtár 1. Bp., 1958); Egy múlt század eleji magánkönyvtár és Pestalozzi hatása (Különlenyomat a Könyv és könyvtár 4. köt. -ből (Bp., 1964); Începuturile urbanizării Tg. M. -ului (Studii și materiale. II. Tg. M., 1967); Az 1575/0s Az oktatás kezdeteiről a Székelyföldön (Korunk, 1970., 11. sz.); Cultura europeană reflectată în incunabulele din bibliotecile transilvănene (Studii de istorie, filologie și istoria artei, Buc., 1972) Ismeretterjesztő közírásunk forrásvidékén (Korunk-Évkönyv, 1974); XVI. századi olvasmányok (Buk, 1974); Lesestoffe des XVI. Jahrhunderts in Siebenbürgen (Buk., 1982); XVIII. század helye könyvtörténetünkben (Korunk, 31/1972. 1249.). A hagyományos világ alkonya Erdélyben (Buk., 1983); <strong>társsz.:</strong> A Debreceni Kossuth Lajos Tudományegyetem Könyvtárának Közleményei: Különlenyomat (1964). Laskói Csókás Péter könyvei (Lymbus, 1990); <strong>ford.:</strong> Maliţa, Mircea: Eszmék faggatása (Farkas Lászlóval, Buk., 1976); <strong>szerk.:</strong> Erasmus de Rotterdam, Desiderius: Erasmus világa (bevez., jegyzetek, ford.; Buk., 1970); Comenius, Jean Amos: Comenius válogatott írásai (előszó, Buk., 1971). <br /><strong>Irod.:</strong> Egyed Á. 2013; Erdélyi L 2009, fotó 1975; Erdélyi Lajos: A túlélés műhelyei, fotó: D. Á., 1975 (Kv., 2009); Gaál; Horváth Andor: Búcsú (A Hét, 10. sz., 1977. márc. 11.); Jakó 1976; KMÍ; Kór – ember – élet (A Hét, 1977. márc. 11.); Korunk; Korunk Évk. 1974; M. okl. Rom.; RMIL; Tonk Sándor: D. Á., a történész (A Hét, 10. sz., 1982.); ÚMÉL; Viharban</br></p>

<p>Kv., 1932. jan. 2., † Buk., 1977. márc. 4. földrengés áldozata a Dadi. fiúkkal együtt. Kv.-on a Házsongári temetőben nyugszanak: tanár, múzeográfus, könyvtáros, művelődéstörténész, szerkesztő. – László, fia. Testvére: D. László. Felesége: 1. Kozma Edit; tanár, 2. Varga Katalin, képzőművész. Fiúk: Dadi. (†Buk., 1977. márc. 4.). Tanulmányait Kv.-on végezte, a BTE-en történelemszakon végzett (1954). Deményházán [&hellip;]</p>
