{"id":6525,"date":"2025-06-28T17:55:42","date_gmt":"2025-06-28T15:55:42","guid":{"rendered":"https:\/\/uj.adatbank.ro\/lexikon\/termek\/danos-lili\/"},"modified":"2025-06-28T17:55:42","modified_gmt":"2025-06-28T15:55:42","slug":"danos-lili","status":"publish","type":"product","link":"https:\/\/uj.adatbank.ro\/lexikon\/termek\/danos-lili\/","title":{"rendered":"D\u00c1NOS Lili"},"content":{"rendered":"<p>1913. okt. 8. \u2020\u00a0?: zongoratan\u00e1r. \u2013 Zenei tanulm\u00e1nyai Bp.-en (1933\u201351), tan\u00e1rai: Popper Irma, Varr\u00f3 Margit, Sz\u00e9kely Arnold, G\u00e1l J\u00f3zsef, Weiner Le\u00f3, Kadosa P\u00e1l. Zeneiskolai tan\u00e1r Bp.-en (1948\u201350), B\u00e9k\u00e9s-Tarhoson (1950\u201353). Bp.-en Korrepetitor az \u00c1llami Operah\u00e1zban (1953\u201362), tan\u00e1r a Bart\u00f3k B\u00e9la Zenem\u0171v\u00e9szeti Szakk\u00f6z\u00e9piskol\u00e1ban (1962\u2013), a Liszt Ferenc Zenem\u0171v\u00e9szeti F\u0151iskol\u00e1ban \u00e9s a Zenem\u0171v\u00e9szetiTan\u00e1rk\u00e9pz\u0151 Int\u00e9zetben (1966\u2013), nyugd\u00edjba vonult (1977\u2013). Hangversenyez\u0151 zongoram\u0171v\u00e9sz: Cseszlov\u00e1ki\u00e1ban, Lengyelorsz\u00e1gban, N\u00e9met Sz. K.-ban, K\u00edn\u00e1ban. <strong>Kit\u00fcntet\u00e9sei:<\/strong> miniszteri Dics\u00e9ret, Kiv\u00e1l\u00f3 pedag\u00f3gus. <br \/><strong>Irod.:<\/strong> Zenei ki kicsoda<\/br><\/p>\n","protected":false},"excerpt":{"rendered":"<p>1913. okt. 8. \u2020\u00a0?: zongoratan\u00e1r. \u2013 Zenei tanulm\u00e1nyai Bp.-en (1933\u201351), tan\u00e1rai: Popper Irma, Varr\u00f3 Margit, Sz\u00e9kely Arnold, G\u00e1l J\u00f3zsef, Weiner Le\u00f3, Kadosa P\u00e1l. Zeneiskolai tan\u00e1r Bp.-en (1948\u201350), B\u00e9k\u00e9s-Tarhoson (1950\u201353). Bp.-en Korrepetitor az \u00c1llami Operah\u00e1zban (1953\u201362), tan\u00e1r a Bart\u00f3k B\u00e9la Zenem\u0171v\u00e9szeti Szakk\u00f6z\u00e9piskol\u00e1ban (1962\u2013), a Liszt Ferenc Zenem\u0171v\u00e9szeti F\u0151iskol\u00e1ban \u00e9s a Zenem\u0171v\u00e9szetiTan\u00e1rk\u00e9pz\u0151 Int\u00e9zetben (1966\u2013), nyugd\u00edjba vonult (1977\u2013). [&hellip;]<\/p>\n","protected":false},"featured_media":0,"comment_status":"open","ping_status":"closed","template":"","meta":[],"product_brand":[],"product_cat":[137],"product_tag":[],"class_list":{"0":"post-6525","1":"product","2":"type-product","3":"status-publish","5":"product_cat-maros-megyei-eletrajzi-lexikon","7":"first","8":"instock","9":"shipping-taxable","10":"product-type-simple"},"_links":{"self":[{"href":"https:\/\/uj.adatbank.ro\/lexikon\/wp-json\/wp\/v2\/product\/6525","targetHints":{"allow":["GET"]}}],"collection":[{"href":"https:\/\/uj.adatbank.ro\/lexikon\/wp-json\/wp\/v2\/product"}],"about":[{"href":"https:\/\/uj.adatbank.ro\/lexikon\/wp-json\/wp\/v2\/types\/product"}],"replies":[{"embeddable":true,"href":"https:\/\/uj.adatbank.ro\/lexikon\/wp-json\/wp\/v2\/comments?post=6525"}],"wp:attachment":[{"href":"https:\/\/uj.adatbank.ro\/lexikon\/wp-json\/wp\/v2\/media?parent=6525"}],"wp:term":[{"taxonomy":"product_brand","embeddable":true,"href":"https:\/\/uj.adatbank.ro\/lexikon\/wp-json\/wp\/v2\/product_brand?post=6525"},{"taxonomy":"product_cat","embeddable":true,"href":"https:\/\/uj.adatbank.ro\/lexikon\/wp-json\/wp\/v2\/product_cat?post=6525"},{"taxonomy":"product_tag","embeddable":true,"href":"https:\/\/uj.adatbank.ro\/lexikon\/wp-json\/wp\/v2\/product_tag?post=6525"}],"curies":[{"name":"wp","href":"https:\/\/api.w.org\/{rel}","templated":true}]}}