{"id":6526,"date":"2025-06-28T17:55:45","date_gmt":"2025-06-28T15:55:45","guid":{"rendered":"https:\/\/uj.adatbank.ro\/lexikon\/termek\/danos-miklos\/"},"modified":"2025-06-28T17:55:45","modified_gmt":"2025-06-28T15:55:45","slug":"danos-miklos","status":"publish","type":"product","link":"https:\/\/uj.adatbank.ro\/lexikon\/termek\/danos-miklos\/","title":{"rendered":"D\u00c1NOS Mikl\u00f3s"},"content":{"rendered":"<p>Mv., 1923. jan. 16., \u2020 Dortmund, 1996. szept. : \u00edr\u00f3, \u00fajs\u00e1g\u00edr\u00f3. \u2013 K\u00f6z\u00e9piskol\u00e1t Gyergy\u00f3szentmikl\u00f3son \u00e9s sz\u00fcl\u00f6v\u00e1ros\u00e1ban v\u00e9gzett; Kv.-on a BTE-en szerzett k\u00f6zgazd\u00e1sz diplom\u00e1t. Az Igazs\u00e1g, a Rom\u00e1niai Magyar Sz\u00f3, Szakszervezeti \u00c9let (1945\u2013), az El\u0151re, az \u00daj \u00c9let munkat\u00e1rsa, a H\u00e9t bels\u0151 munkat\u00e1rsa, szerkeszt\u0151s\u00e9g\u00e9nek tagja (1970\u201373), N\u00e9metorsz\u00e1gban \u00e9lt (1974\u2013). Riportokat, kisreg\u00e9nyeket \u00edrt. \u2013 <strong>F. m.:<\/strong> A gyorsf\u00e9mv\u00e1g\u00f3 (riport, Buk., 1953); Marossz\u00e9ki kr\u00f3nika (riportok a MAT-b\u00f3l, Buk., 1953, rom\u00e1n kiad\u00e1sban is); \u00dczenet a tet\u0151r\u0151l (riportreg., Mv., 1959); Igy t\u00f6rt\u00e9nt: A felszabad\u00edt\u00f3k nyom\u00e1ban (rip., Buk., 1960); Nyugtalan part (reg.; Buk., 1961); Kett\u0151s vet\u00edt\u00e9s: Grivicai kr\u00f3nika (Buk., 1963); Ut\u00f3j\u00e1t\u00e9k (kisreg.; Buk., 1969); Epilog (reg., 1970, 1971); Hibaigaz\u00edt\u00e1s (reg.; Buk., 1972); <strong>t\u00e1rssz.:<\/strong> Lengyel f\u00f6ld\u00f6n (rip.; Kov\u00e1cs Gy\u00f6rggyel, T. G. Maiorescuval, S\u00fct\u0151 Andr\u00e1ssal; Mv., 1956); K\u00e9t h\u00e9t a Dun\u00e1n. (\u00fatinapl\u00f3; Marosi Barn\u00e1val; Mv., 1957); T\u00eergu-Mure\u015f: Kis \u00fatikala\u00faz. (sz\u00f6veg, Buk., 1966); T\u00eergu-Mure\u015f. Kleiner Wegweiser. (Text: Buk., 1966); T\u00eergu-Mure\u015f. Mic \u00eendreptar turistic (Text; Buc., 1966); T\u00eergu-Mure\u015f. Petit guide touristique. (Texte; Buc., 1966); el\u0151sz\u00f3: Mihalache Marin: Egy ember \u00e9lete. Vasile Tudose. (Ford\u00edtotta: Vajda B\u00e9la, Buk., 1960); <strong>ford.:<\/strong> Horia Liman: R\u00e9gi id\u0151k, \u00faj tavaszok Bukarestben (Buk., 1962); <strong>szerk.:<\/strong> Marin Mihalache: Egy ember \u00e9lete (el\u0151sz\u00f3, Buk., 1960); Hal\u00e1l\u0171z\u0151 (kort\u00e1rsak Salamon Ern\u0151r\u0151l, Buk., 1968); \u00c1rv\u00edzk\u00f6nyv 1970. m\u00e1jus 13. -j\u00fanius 10. (tud\u00f3s\u00edt\u00e1sok, interj\u00fak, f\u00e9nyk\u00e9pek, Buk., 1970). <br \/><strong>Irod.:<\/strong> KKACs; KM\u00cd; Kort\u00e1rs M\u00cdKL; Kusz\u00e1lik; Nagy; R\u00e9thy-\u00dajv\u00e1ri-V\u00e1czy; RMIL; RNL; R\u00daL; \u00daMIL<\/br><\/p>\n","protected":false},"excerpt":{"rendered":"<p>Mv., 1923. jan. 16., \u2020 Dortmund, 1996. szept. : \u00edr\u00f3, \u00fajs\u00e1g\u00edr\u00f3. \u2013 K\u00f6z\u00e9piskol\u00e1t Gyergy\u00f3szentmikl\u00f3son \u00e9s sz\u00fcl\u00f6v\u00e1ros\u00e1ban v\u00e9gzett; Kv.-on a BTE-en szerzett k\u00f6zgazd\u00e1sz diplom\u00e1t. Az Igazs\u00e1g, a Rom\u00e1niai Magyar Sz\u00f3, Szakszervezeti \u00c9let (1945\u2013), az El\u0151re, az \u00daj \u00c9let munkat\u00e1rsa, a H\u00e9t bels\u0151 munkat\u00e1rsa, szerkeszt\u0151s\u00e9g\u00e9nek tagja (1970\u201373), N\u00e9metorsz\u00e1gban \u00e9lt (1974\u2013). Riportokat, kisreg\u00e9nyeket \u00edrt. \u2013 F. m.: A [&hellip;]<\/p>\n","protected":false},"featured_media":0,"comment_status":"open","ping_status":"closed","template":"","meta":[],"product_brand":[],"product_cat":[137],"product_tag":[],"class_list":{"0":"post-6526","1":"product","2":"type-product","3":"status-publish","5":"product_cat-maros-megyei-eletrajzi-lexikon","7":"first","8":"instock","9":"shipping-taxable","10":"product-type-simple"},"_links":{"self":[{"href":"https:\/\/uj.adatbank.ro\/lexikon\/wp-json\/wp\/v2\/product\/6526","targetHints":{"allow":["GET"]}}],"collection":[{"href":"https:\/\/uj.adatbank.ro\/lexikon\/wp-json\/wp\/v2\/product"}],"about":[{"href":"https:\/\/uj.adatbank.ro\/lexikon\/wp-json\/wp\/v2\/types\/product"}],"replies":[{"embeddable":true,"href":"https:\/\/uj.adatbank.ro\/lexikon\/wp-json\/wp\/v2\/comments?post=6526"}],"wp:attachment":[{"href":"https:\/\/uj.adatbank.ro\/lexikon\/wp-json\/wp\/v2\/media?parent=6526"}],"wp:term":[{"taxonomy":"product_brand","embeddable":true,"href":"https:\/\/uj.adatbank.ro\/lexikon\/wp-json\/wp\/v2\/product_brand?post=6526"},{"taxonomy":"product_cat","embeddable":true,"href":"https:\/\/uj.adatbank.ro\/lexikon\/wp-json\/wp\/v2\/product_cat?post=6526"},{"taxonomy":"product_tag","embeddable":true,"href":"https:\/\/uj.adatbank.ro\/lexikon\/wp-json\/wp\/v2\/product_tag?post=6526"}],"curies":[{"name":"wp","href":"https:\/\/api.w.org\/{rel}","templated":true}]}}