{"id":6527,"date":"2025-06-28T17:55:48","date_gmt":"2025-06-28T15:55:48","guid":{"rendered":"https:\/\/uj.adatbank.ro\/lexikon\/termek\/dansoreanu-bujor-ioan-alnevei-ioan-bulgariu-alex-simerian\/"},"modified":"2025-06-28T17:55:48","modified_gmt":"2025-06-28T15:55:48","slug":"dansoreanu-bujor-ioan-alnevei-ioan-bulgariu-alex-simerian","status":"publish","type":"product","link":"https:\/\/uj.adatbank.ro\/lexikon\/termek\/dansoreanu-bujor-ioan-alnevei-ioan-bulgariu-alex-simerian\/","title":{"rendered":"D\u00c2N\u015eOREANU Bujor Ioan, \u00e1lnevei: Ioan Bulgariu; Alex. Simerian"},"content":{"rendered":"<p>S\u00e1rfalva, 1939. jan. 14., \u2020\u00a0?de tal\u00e1n meghalt: muzikol\u00f3gus. \u2013 Tanulm\u00e1nyai: konzervat\u00f3riumot Kv.- on v\u00e9gzett (1958\u201363), uo. doktor\u00e1lt (1982) a Critica muzical\u0103 rom\u00e2neasc\u0103 \u00een secolul al XIX-lea c. t\u00e9z\u00eds\u00e9vel. Iskolaigazgat\u00f3 a sz\u00fcl\u0151faluj\u00e1ban (1955\u201358), Mv.-en a Ped. F\u0151iskola zene szak\u00e1n asszisztens (1963\u201372), lektor (1972\u201379), Mv.-en a N\u00e9pm\u0171v\u00e9szeti Iskol\u00e1ban heged\u0171tan\u00e1r (1979\u201390). El\u0151ad\u00e1sokat, tudom\u00e1nyos felolvas\u00e1sokat, recenzi\u00f3kat, r\u00e1di\u00f3felolvas\u00e1sokat tartott; cikkeket, tanulm\u00e1nyokat k\u00f6z\u00f6lt a Muzica, Lucr\u0103ri de muzicologie (Kv.); Vatra (Mv.); Sc\u00e2nteia, S. R.; V. Z., Cadran Mure\u015fan, stb. lapban; lemezbemutat\u00f3kat szervezett. \u2013 <strong>F. m.:<\/strong> Istoria muzicii rom\u00e2ne\u015fti: Curs universitar, vol. 1. (Tg. M., 1978). <br \/><strong>Irod.:<\/strong> Muzicieni din Rom.<\/br><\/p>\n","protected":false},"excerpt":{"rendered":"<p>S\u00e1rfalva, 1939. jan. 14., \u2020\u00a0?de tal\u00e1n meghalt: muzikol\u00f3gus. \u2013 Tanulm\u00e1nyai: konzervat\u00f3riumot Kv.- on v\u00e9gzett (1958\u201363), uo. doktor\u00e1lt (1982) a Critica muzical\u0103 rom\u00e2neasc\u0103 \u00een secolul al XIX-lea c. t\u00e9z\u00eds\u00e9vel. Iskolaigazgat\u00f3 a sz\u00fcl\u0151faluj\u00e1ban (1955\u201358), Mv.-en a Ped. F\u0151iskola zene szak\u00e1n asszisztens (1963\u201372), lektor (1972\u201379), Mv.-en a N\u00e9pm\u0171v\u00e9szeti Iskol\u00e1ban heged\u0171tan\u00e1r (1979\u201390). El\u0151ad\u00e1sokat, tudom\u00e1nyos felolvas\u00e1sokat, recenzi\u00f3kat, r\u00e1di\u00f3felolvas\u00e1sokat tartott; cikkeket, [&hellip;]<\/p>\n","protected":false},"featured_media":0,"comment_status":"open","ping_status":"closed","template":"","meta":[],"product_brand":[],"product_cat":[137],"product_tag":[],"class_list":{"0":"post-6527","1":"product","2":"type-product","3":"status-publish","5":"product_cat-maros-megyei-eletrajzi-lexikon","7":"first","8":"instock","9":"shipping-taxable","10":"product-type-simple"},"_links":{"self":[{"href":"https:\/\/uj.adatbank.ro\/lexikon\/wp-json\/wp\/v2\/product\/6527","targetHints":{"allow":["GET"]}}],"collection":[{"href":"https:\/\/uj.adatbank.ro\/lexikon\/wp-json\/wp\/v2\/product"}],"about":[{"href":"https:\/\/uj.adatbank.ro\/lexikon\/wp-json\/wp\/v2\/types\/product"}],"replies":[{"embeddable":true,"href":"https:\/\/uj.adatbank.ro\/lexikon\/wp-json\/wp\/v2\/comments?post=6527"}],"wp:attachment":[{"href":"https:\/\/uj.adatbank.ro\/lexikon\/wp-json\/wp\/v2\/media?parent=6527"}],"wp:term":[{"taxonomy":"product_brand","embeddable":true,"href":"https:\/\/uj.adatbank.ro\/lexikon\/wp-json\/wp\/v2\/product_brand?post=6527"},{"taxonomy":"product_cat","embeddable":true,"href":"https:\/\/uj.adatbank.ro\/lexikon\/wp-json\/wp\/v2\/product_cat?post=6527"},{"taxonomy":"product_tag","embeddable":true,"href":"https:\/\/uj.adatbank.ro\/lexikon\/wp-json\/wp\/v2\/product_tag?post=6527"}],"curies":[{"name":"wp","href":"https:\/\/api.w.org\/{rel}","templated":true}]}}

DÂNŞOREANU Bujor Ioan, álnevei: Ioan Bulgariu; Alex. Simerian

<p>Sárfalva, 1939. jan. 14., † ?de talán meghalt: muzikológus. – Tanulmányai: konzervatóriumot Kv.- on végzett (1958–63), uo. doktorált (1982) a Critica muzicală românească în secolul al XIX-lea c. tézísével. Iskolaigazgató a szülőfalujában (1955–58), Mv.-en a Ped. Főiskola zene szakán asszisztens (1963–72), lektor (1972–79), Mv.-en a Népművészeti Iskolában hegedűtanár (1979–90). Előadásokat, tudományos felolvasásokat, recenziókat, rádiófelolvasásokat tartott; cikkeket, tanulmányokat közölt a Muzica, Lucrări de muzicologie (Kv.); Vatra (Mv.); Scânteia, S. R.; V. Z., Cadran Mureşan, stb. lapban; lemezbemutatókat szervezett. – <strong>F. m.:</strong> Istoria muzicii româneşti: Curs universitar, vol. 1. (Tg. M., 1978). <br /><strong>Irod.:</strong> Muzicieni din Rom.</br></p>

<p>Sárfalva, 1939. jan. 14., † ?de talán meghalt: muzikológus. – Tanulmányai: konzervatóriumot Kv.- on végzett (1958–63), uo. doktorált (1982) a Critica muzicală românească în secolul al XIX-lea c. tézísével. Iskolaigazgató a szülőfalujában (1955–58), Mv.-en a Ped. Főiskola zene szakán asszisztens (1963–72), lektor (1972–79), Mv.-en a Népművészeti Iskolában hegedűtanár (1979–90). Előadásokat, tudományos felolvasásokat, recenziókat, rádiófelolvasásokat tartott; cikkeket, [&hellip;]</p>
