{"id":6530,"date":"2025-06-28T17:55:55","date_gmt":"2025-06-28T15:55:55","guid":{"rendered":"https:\/\/uj.adatbank.ro\/lexikon\/termek\/darabont-jozsef\/"},"modified":"2025-06-28T17:55:55","modified_gmt":"2025-06-28T15:55:55","slug":"darabont-jozsef","status":"publish","type":"product","link":"https:\/\/uj.adatbank.ro\/lexikon\/termek\/darabont-jozsef\/","title":{"rendered":"DARABONT J\u00f3zsef"},"content":{"rendered":"<p>Fintah\u00e1za, 1892., \u2020\u00a0Mv., 1985. okt. 14.: k\u00f6rjegyz\u0151, f\u0151szolgab\u00edr\u00f3. \u2013 Mv.-en a Ref. Koll.-ban \u00e9retts\u00e9gizett, majd k\u00f6zigazgat\u00e1si tanfolyamot v\u00e9gezett. Mint aljegyz\u0151 Meggyesfalv\u00e1n kezdte p\u00e1ly\u00e1j\u00e1t, k\u00f6zben Bp.-en \u00e9s Kv.-on a elv\u00e9gezte a jogot. Az els\u0151 vh.-ban a 62-es gy. ezredben az orosz fronton harcolt, s\u00falyosan megsebes\u00fclt. Az imp\u00e9rium v\u00e1lt\u00e1s ut\u00e1n vezet\u0151 jegyz\u0151 volt (\u20131934), ezut\u00e1n Fogaras megy\u00e9be helyezt\u00e9k, majd Marosszentkir\u00e1lyon m\u0171k\u00f6d\u00f6tt (1940\u2013). Nyugalmazott f\u0151szolgab\u00edr\u00f3k\u00e9nt hunyt el. <br \/><strong>Irod.:<\/strong> [Nekrol\u00f3g] (V. Z., 1985. okt. 14.); Sz\u00e9kelyf\u00f6ld \u00ed. k.<\/br><\/p>\n","protected":false},"excerpt":{"rendered":"<p>Fintah\u00e1za, 1892., \u2020\u00a0Mv., 1985. okt. 14.: k\u00f6rjegyz\u0151, f\u0151szolgab\u00edr\u00f3. \u2013 Mv.-en a Ref. Koll.-ban \u00e9retts\u00e9gizett, majd k\u00f6zigazgat\u00e1si tanfolyamot v\u00e9gezett. Mint aljegyz\u0151 Meggyesfalv\u00e1n kezdte p\u00e1ly\u00e1j\u00e1t, k\u00f6zben Bp.-en \u00e9s Kv.-on a elv\u00e9gezte a jogot. Az els\u0151 vh.-ban a 62-es gy. ezredben az orosz fronton harcolt, s\u00falyosan megsebes\u00fclt. Az imp\u00e9rium v\u00e1lt\u00e1s ut\u00e1n vezet\u0151 jegyz\u0151 volt (\u20131934), ezut\u00e1n Fogaras megy\u00e9be [&hellip;]<\/p>\n","protected":false},"featured_media":0,"comment_status":"open","ping_status":"closed","template":"","meta":[],"product_brand":[],"product_cat":[137],"product_tag":[],"class_list":{"0":"post-6530","1":"product","2":"type-product","3":"status-publish","5":"product_cat-maros-megyei-eletrajzi-lexikon","7":"first","8":"instock","9":"shipping-taxable","10":"product-type-simple"},"_links":{"self":[{"href":"https:\/\/uj.adatbank.ro\/lexikon\/wp-json\/wp\/v2\/product\/6530","targetHints":{"allow":["GET"]}}],"collection":[{"href":"https:\/\/uj.adatbank.ro\/lexikon\/wp-json\/wp\/v2\/product"}],"about":[{"href":"https:\/\/uj.adatbank.ro\/lexikon\/wp-json\/wp\/v2\/types\/product"}],"replies":[{"embeddable":true,"href":"https:\/\/uj.adatbank.ro\/lexikon\/wp-json\/wp\/v2\/comments?post=6530"}],"wp:attachment":[{"href":"https:\/\/uj.adatbank.ro\/lexikon\/wp-json\/wp\/v2\/media?parent=6530"}],"wp:term":[{"taxonomy":"product_brand","embeddable":true,"href":"https:\/\/uj.adatbank.ro\/lexikon\/wp-json\/wp\/v2\/product_brand?post=6530"},{"taxonomy":"product_cat","embeddable":true,"href":"https:\/\/uj.adatbank.ro\/lexikon\/wp-json\/wp\/v2\/product_cat?post=6530"},{"taxonomy":"product_tag","embeddable":true,"href":"https:\/\/uj.adatbank.ro\/lexikon\/wp-json\/wp\/v2\/product_tag?post=6530"}],"curies":[{"name":"wp","href":"https:\/\/api.w.org\/{rel}","templated":true}]}}