{"id":6531,"date":"2025-06-28T17:55:56","date_gmt":"2025-06-28T15:55:56","guid":{"rendered":"https:\/\/uj.adatbank.ro\/lexikon\/termek\/darko-agoston\/"},"modified":"2025-06-28T17:55:56","modified_gmt":"2025-06-28T15:55:56","slug":"darko-agoston","status":"publish","type":"product","link":"https:\/\/uj.adatbank.ro\/lexikon\/termek\/darko-agoston\/","title":{"rendered":"DARK\u00d3 \u00c1goston"},"content":{"rendered":"<p>? \u2020\u00a0? : v\u00e1rosi tan\u00e1csos. \u2013 Mv.-en v\u00e1rosi tan\u00e1csos (20. sz elej\u00e9n). A mv.-i V\u00e1g\u00f3h\u00edd l\u00e9tes\u00edt\u00e9s\u00e9nek j\u00f3v\u00e1hagy\u00e1s\u00e1t k\u00e9rte, \u00e9s meg is kapta, a v\u00e1rosi tan\u00e1cst\u00f3l (1902. nov. 20.). \u00c1igner S\u00e1ndor bp.-i \u00e9p\u00edt\u00e9szm\u00e9rn\u00f6k tervei alapj\u00e1n, Mocs\u00e1nyi K\u00e1roly \u00e9s Sz\u00e9kely Marcell \u00e9p\u00edt\u00e9szek vezet\u00e9s\u00e9vel \u00e9p\u00fclt fel a v\u00e1ros els\u0151 korszer\u0171 v\u00e1g\u00f3h\u00eddja (1904. \u00e1pr. 28. \u2013 dec.). K\u00e9s\u0151bb b\u0151v\u00edtett\u00e9k igazgat\u00f3i \u00e9s tiszvisel\u0151i lak\u00e1sokkal. <br \/><strong>Irod.:<\/strong> Man: Tg. M. 2.<\/br><\/p>\n","protected":false},"excerpt":{"rendered":"<p>? \u2020\u00a0? : v\u00e1rosi tan\u00e1csos. \u2013 Mv.-en v\u00e1rosi tan\u00e1csos (20. sz elej\u00e9n). A mv.-i V\u00e1g\u00f3h\u00edd l\u00e9tes\u00edt\u00e9s\u00e9nek j\u00f3v\u00e1hagy\u00e1s\u00e1t k\u00e9rte, \u00e9s meg is kapta, a v\u00e1rosi tan\u00e1cst\u00f3l (1902. nov. 20.). \u00c1igner S\u00e1ndor bp.-i \u00e9p\u00edt\u00e9szm\u00e9rn\u00f6k tervei alapj\u00e1n, Mocs\u00e1nyi K\u00e1roly \u00e9s Sz\u00e9kely Marcell \u00e9p\u00edt\u00e9szek vezet\u00e9s\u00e9vel \u00e9p\u00fclt fel a v\u00e1ros els\u0151 korszer\u0171 v\u00e1g\u00f3h\u00eddja (1904. \u00e1pr. 28. \u2013 dec.). K\u00e9s\u0151bb b\u0151v\u00edtett\u00e9k [&hellip;]<\/p>\n","protected":false},"featured_media":0,"comment_status":"open","ping_status":"closed","template":"","meta":[],"product_brand":[],"product_cat":[137],"product_tag":[],"class_list":{"0":"post-6531","1":"product","2":"type-product","3":"status-publish","5":"product_cat-maros-megyei-eletrajzi-lexikon","7":"first","8":"instock","9":"shipping-taxable","10":"product-type-simple"},"_links":{"self":[{"href":"https:\/\/uj.adatbank.ro\/lexikon\/wp-json\/wp\/v2\/product\/6531","targetHints":{"allow":["GET"]}}],"collection":[{"href":"https:\/\/uj.adatbank.ro\/lexikon\/wp-json\/wp\/v2\/product"}],"about":[{"href":"https:\/\/uj.adatbank.ro\/lexikon\/wp-json\/wp\/v2\/types\/product"}],"replies":[{"embeddable":true,"href":"https:\/\/uj.adatbank.ro\/lexikon\/wp-json\/wp\/v2\/comments?post=6531"}],"wp:attachment":[{"href":"https:\/\/uj.adatbank.ro\/lexikon\/wp-json\/wp\/v2\/media?parent=6531"}],"wp:term":[{"taxonomy":"product_brand","embeddable":true,"href":"https:\/\/uj.adatbank.ro\/lexikon\/wp-json\/wp\/v2\/product_brand?post=6531"},{"taxonomy":"product_cat","embeddable":true,"href":"https:\/\/uj.adatbank.ro\/lexikon\/wp-json\/wp\/v2\/product_cat?post=6531"},{"taxonomy":"product_tag","embeddable":true,"href":"https:\/\/uj.adatbank.ro\/lexikon\/wp-json\/wp\/v2\/product_tag?post=6531"}],"curies":[{"name":"wp","href":"https:\/\/api.w.org\/{rel}","templated":true}]}}

DARKÓ Ágoston

<p>? † ? : városi tanácsos. – Mv.-en városi tanácsos (20. sz elején). A mv.-i Vágóhíd létesítésének jóváhagyását kérte, és meg is kapta, a városi tanácstól (1902. nov. 20.). Áigner Sándor bp.-i építészmérnök tervei alapján, Mocsányi Károly és Székely Marcell építészek vezetésével épült fel a város első korszerű vágóhídja (1904. ápr. 28. – dec.). Később bővítették igazgatói és tiszviselői lakásokkal. <br /><strong>Irod.:</strong> Man: Tg. M. 2.</br></p>

<p>? † ? : városi tanácsos. – Mv.-en városi tanácsos (20. sz elején). A mv.-i Vágóhíd létesítésének jóváhagyását kérte, és meg is kapta, a városi tanácstól (1902. nov. 20.). Áigner Sándor bp.-i építészmérnök tervei alapján, Mocsányi Károly és Székely Marcell építészek vezetésével épült fel a város első korszerű vágóhídja (1904. ápr. 28. – dec.). Később bővítették [&hellip;]</p>
