{"id":6533,"date":"2025-06-28T17:56:00","date_gmt":"2025-06-28T15:56:00","guid":{"rendered":"https:\/\/uj.adatbank.ro\/lexikon\/termek\/darko-akos-%c2%a7-nagyajtai-dr\/"},"modified":"2025-06-28T17:56:00","modified_gmt":"2025-06-28T15:56:00","slug":"darko-akos-%c2%a7-nagyajtai-dr","status":"publish","type":"product","link":"https:\/\/uj.adatbank.ro\/lexikon\/termek\/darko-akos-%c2%a7-nagyajtai-dr\/","title":{"rendered":"DARK\u00d3 \u00c1kos, \u00a7 nagyajtai; dr"},"content":{"rendered":"<p>Mv., 1888, \u2020\u00a01958.: jog\u00e1sz. \u2013 Apja v\u00e1rosi tan\u00e1csos. \u2013 Egyetemi tanulm\u00e1nyokat folytatott Kv.-on, a Berlini Egy. Jogtud. Kar\u00e1n (1907\u201308). Hazat\u00e9rve az Erd\u00e9lyi Ref. Egyh\u00e1z Igazgat\u00f3tan\u00e1csa misszi\u00f3\u00fcgyi, iratterjeszt\u00e9si \u00e9s m\u0171eml\u00e9k\u00fcgyi el\u0151ad\u00f3tan\u00e1csosa, az OMP kisebbs\u00e9gi- jogi \u00e9s t\u00f6rt\u00e9nelmi szakoszt\u00e1ly\u00e1nak tagja (1926\u2013). Egyh\u00e1zker\u00fcleti el\u0151ad\u00f3tan\u00e1csosk\u00e9nt a Ref. Szemle szerk.-je (1949\u201358). <br \/><strong>Irod.:<\/strong> Szab\u00f3\u2013Simon\u2013Sz\u00f6gi<\/br><\/p>\n","protected":false},"excerpt":{"rendered":"<p>Mv., 1888, \u2020\u00a01958.: jog\u00e1sz. \u2013 Apja v\u00e1rosi tan\u00e1csos. \u2013 Egyetemi tanulm\u00e1nyokat folytatott Kv.-on, a Berlini Egy. Jogtud. Kar\u00e1n (1907\u201308). Hazat\u00e9rve az Erd\u00e9lyi Ref. Egyh\u00e1z Igazgat\u00f3tan\u00e1csa misszi\u00f3\u00fcgyi, iratterjeszt\u00e9si \u00e9s m\u0171eml\u00e9k\u00fcgyi el\u0151ad\u00f3tan\u00e1csosa, az OMP kisebbs\u00e9gi- jogi \u00e9s t\u00f6rt\u00e9nelmi szakoszt\u00e1ly\u00e1nak tagja (1926\u2013). Egyh\u00e1zker\u00fcleti el\u0151ad\u00f3tan\u00e1csosk\u00e9nt a Ref. Szemle szerk.-je (1949\u201358). Irod.: Szab\u00f3\u2013Simon\u2013Sz\u00f6gi<\/p>\n","protected":false},"featured_media":0,"comment_status":"open","ping_status":"closed","template":"","meta":[],"product_brand":[],"product_cat":[137],"product_tag":[],"class_list":{"0":"post-6533","1":"product","2":"type-product","3":"status-publish","5":"product_cat-maros-megyei-eletrajzi-lexikon","7":"first","8":"instock","9":"shipping-taxable","10":"product-type-simple"},"_links":{"self":[{"href":"https:\/\/uj.adatbank.ro\/lexikon\/wp-json\/wp\/v2\/product\/6533","targetHints":{"allow":["GET"]}}],"collection":[{"href":"https:\/\/uj.adatbank.ro\/lexikon\/wp-json\/wp\/v2\/product"}],"about":[{"href":"https:\/\/uj.adatbank.ro\/lexikon\/wp-json\/wp\/v2\/types\/product"}],"replies":[{"embeddable":true,"href":"https:\/\/uj.adatbank.ro\/lexikon\/wp-json\/wp\/v2\/comments?post=6533"}],"wp:attachment":[{"href":"https:\/\/uj.adatbank.ro\/lexikon\/wp-json\/wp\/v2\/media?parent=6533"}],"wp:term":[{"taxonomy":"product_brand","embeddable":true,"href":"https:\/\/uj.adatbank.ro\/lexikon\/wp-json\/wp\/v2\/product_brand?post=6533"},{"taxonomy":"product_cat","embeddable":true,"href":"https:\/\/uj.adatbank.ro\/lexikon\/wp-json\/wp\/v2\/product_cat?post=6533"},{"taxonomy":"product_tag","embeddable":true,"href":"https:\/\/uj.adatbank.ro\/lexikon\/wp-json\/wp\/v2\/product_tag?post=6533"}],"curies":[{"name":"wp","href":"https:\/\/api.w.org\/{rel}","templated":true}]}}

DARKÓ Ákos, § nagyajtai; dr

<p>Mv., 1888, † 1958.: jogász. – Apja városi tanácsos. – Egyetemi tanulmányokat folytatott Kv.-on, a Berlini Egy. Jogtud. Karán (1907–08). Hazatérve az Erdélyi Ref. Egyház Igazgatótanácsa misszióügyi, iratterjesztési és műemlékügyi előadótanácsosa, az OMP kisebbségi- jogi és történelmi szakosztályának tagja (1926–). Egyházkerületi előadótanácsosként a Ref. Szemle szerk.-je (1949–58). <br /><strong>Irod.:</strong> Szabó–Simon–Szögi</br></p>

<p>Mv., 1888, † 1958.: jogász. – Apja városi tanácsos. – Egyetemi tanulmányokat folytatott Kv.-on, a Berlini Egy. Jogtud. Karán (1907–08). Hazatérve az Erdélyi Ref. Egyház Igazgatótanácsa misszióügyi, iratterjesztési és műemlékügyi előadótanácsosa, az OMP kisebbségi- jogi és történelmi szakosztályának tagja (1926–). Egyházkerületi előadótanácsosként a Ref. Szemle szerk.-je (1949–58). Irod.: Szabó–Simon–Szögi</p>
