{"id":6534,"date":"2025-06-28T17:56:04","date_gmt":"2025-06-28T15:56:04","guid":{"rendered":"https:\/\/uj.adatbank.ro\/lexikon\/termek\/darko-akos-%c2%a7-nagyajtai-dr-id\/"},"modified":"2025-06-28T17:56:04","modified_gmt":"2025-06-28T15:56:04","slug":"darko-akos-%c2%a7-nagyajtai-dr-id","status":"publish","type":"product","link":"https:\/\/uj.adatbank.ro\/lexikon\/termek\/darko-akos-%c2%a7-nagyajtai-dr-id\/","title":{"rendered":"DARK\u00d3 \u00c1kos, \u00a7 nagyajtai; dr, id."},"content":{"rendered":"<p>1848, \u2020\u00a0Mv., 1914.: \u00fcgyv\u00e9d, v\u00e1rosi tan\u00e1csos. \u2013 Iskol\u00e1it Mv.-en v\u00e9gezte, itt \u00e9retts\u00e9gizett \u00e9s a jogot is itt v\u00e9gezte. \u00dcgyv\u00e9d, Mv.-en v\u00e1rosi tiszti f\u0151\u00fcgy\u00e9sz (1878\u20131903), v\u00e1rosi tan\u00e1csos, Mv. szabad kir. v\u00e1ros f\u0151jegyz\u0151je. Alpolg\u00e1rmester, \u0151 ir\u00e1ny\u00edtotta az \u00e1rvizi ment\u00e9si munk\u00e1latokat (1913). A Mv-i V\u00f6r\u00f6s Kereszt Egylet aleln\u00f6ke (1878\u2013), ahol hossz\u00fa \u00e9vtizedes tev\u00e9kenys\u00e9get folytatott. Az EMKE mv.-i v\u00e1rosi v\u00e1lasztm\u00e1ny\u00e1nak alap\u00edt\u00f3tagja, jogtan\u00e1csosa (1885). R\u00e9szt vett az I. vh.-ban, husz\u00e1rhadnagy, kit\u00fcntett\u00e9k M\u00e1ria Val\u00e9ria f\u0151hercegn\u0151 al\u00e1\u00edr\u00e1s\u00e1val ell\u00e1tott d\u00edszoklev\u00e9llel (1914. szept. 17). \u2013 <strong>F. m.:<\/strong> <strong>t\u00e1rssz.:<\/strong> Mv. sz. k. v\u00e1ros szab\u00e1lyrendelete a k\u00f6zv\u00e1g\u00f3h\u00edd, h\u00fasv\u00e1g\u00e1s, h\u00fasvizsg\u00e1lat \u00e1s h\u00faskim\u00e9r\u00e9sr\u0151l \u00e9s a k\u00f6zv\u00e1g\u00f3h\u00edddal kapcsolatos j\u00e9ggy\u00e1rr\u00f3l (Mv., 1904); Szab\u00e1lyrendelet a hirdet\u00e9s \u00fcgy rendez\u00e9s\u00e9r\u0151l (Mv., 1904); Szab\u00e1lyrendelet a Mv. sz. k. v\u00e1ros ter\u00fclet\u00e9n fekv\u0151 ingatlanok telekk\u00f6nyvi \u00e1t\u00edr\u00e1sa alkalm\u00e1b\u00f3l fizetend\u0151 v\u00e1rosi \u00e1t\u00edr\u00e1si d\u00edjr\u00f3l (Mv., 1904); Szab\u00e1lyrendelet Mv. sz. k. v\u00e1ros sz\u00e1mvitel\u00e9r\u0151l, p\u00e9nzt\u00e1rkezel\u00e9s\u00e9r\u0151l \u00e9s a p\u00e9nzt\u00e1r megvizsg\u00e1l\u00e1s\u00e1ra vonatkoz\u00f3 utas\u00edt\u00e1s (Mv., 1904); Szolg\u00e1lati szab\u00e1lyzat Mv. sz. k. v\u00e1ros rend\u0151r leg\u00e9nys\u00e9ge r\u00e9sz\u00e9re (Mv., 1904); Mv. sz. k. v\u00e1ros szab\u00e1lyrendeleteinek gy\u0171jtem\u00e9nye (Mv., 1905). <br \/><strong>Irod.:<\/strong> Csekme; Eml\u00e9kk\u00f6nyv a K. M. Term\u00e9szettudom\u00e1nyi T\u00e1rsulat f\u00e9lsz\u00e1zados jubuleum\u00e1n (Bp., 1892); F\u00fcl\u00f6p\u2013Ferencz; A K. M. Term\u00e9szettudom\u00e1nyi T\u00e1rsulat tagjainak n\u00e9vjegyz\u00e9ke (Bp., 1877); Id\u0151t\u00e1r 2; Mv. \u00e9s a h\u00e1bor\u00fa 1.; P\u00e1lmay; S\u00e1ndor<\/br><\/p>\n","protected":false},"excerpt":{"rendered":"<p>1848, \u2020\u00a0Mv., 1914.: \u00fcgyv\u00e9d, v\u00e1rosi tan\u00e1csos. \u2013 Iskol\u00e1it Mv.-en v\u00e9gezte, itt \u00e9retts\u00e9gizett \u00e9s a jogot is itt v\u00e9gezte. \u00dcgyv\u00e9d, Mv.-en v\u00e1rosi tiszti f\u0151\u00fcgy\u00e9sz (1878\u20131903), v\u00e1rosi tan\u00e1csos, Mv. szabad kir. v\u00e1ros f\u0151jegyz\u0151je. Alpolg\u00e1rmester, \u0151 ir\u00e1ny\u00edtotta az \u00e1rvizi ment\u00e9si munk\u00e1latokat (1913). A Mv-i V\u00f6r\u00f6s Kereszt Egylet aleln\u00f6ke (1878\u2013), ahol hossz\u00fa \u00e9vtizedes tev\u00e9kenys\u00e9get folytatott. Az EMKE mv.-i v\u00e1rosi [&hellip;]<\/p>\n","protected":false},"featured_media":0,"comment_status":"open","ping_status":"closed","template":"","meta":[],"product_brand":[],"product_cat":[137],"product_tag":[],"class_list":{"0":"post-6534","1":"product","2":"type-product","3":"status-publish","5":"product_cat-maros-megyei-eletrajzi-lexikon","7":"first","8":"instock","9":"shipping-taxable","10":"product-type-simple"},"_links":{"self":[{"href":"https:\/\/uj.adatbank.ro\/lexikon\/wp-json\/wp\/v2\/product\/6534","targetHints":{"allow":["GET"]}}],"collection":[{"href":"https:\/\/uj.adatbank.ro\/lexikon\/wp-json\/wp\/v2\/product"}],"about":[{"href":"https:\/\/uj.adatbank.ro\/lexikon\/wp-json\/wp\/v2\/types\/product"}],"replies":[{"embeddable":true,"href":"https:\/\/uj.adatbank.ro\/lexikon\/wp-json\/wp\/v2\/comments?post=6534"}],"wp:attachment":[{"href":"https:\/\/uj.adatbank.ro\/lexikon\/wp-json\/wp\/v2\/media?parent=6534"}],"wp:term":[{"taxonomy":"product_brand","embeddable":true,"href":"https:\/\/uj.adatbank.ro\/lexikon\/wp-json\/wp\/v2\/product_brand?post=6534"},{"taxonomy":"product_cat","embeddable":true,"href":"https:\/\/uj.adatbank.ro\/lexikon\/wp-json\/wp\/v2\/product_cat?post=6534"},{"taxonomy":"product_tag","embeddable":true,"href":"https:\/\/uj.adatbank.ro\/lexikon\/wp-json\/wp\/v2\/product_tag?post=6534"}],"curies":[{"name":"wp","href":"https:\/\/api.w.org\/{rel}","templated":true}]}}