{"id":6539,"date":"2025-06-28T17:56:16","date_gmt":"2025-06-28T15:56:16","guid":{"rendered":"https:\/\/uj.adatbank.ro\/lexikon\/termek\/darko-karoly\/"},"modified":"2025-06-28T17:56:16","modified_gmt":"2025-06-28T15:56:16","slug":"darko-karoly","status":"publish","type":"product","link":"https:\/\/uj.adatbank.ro\/lexikon\/termek\/darko-karoly\/","title":{"rendered":"DARK\u00d3 K\u00e1roly"},"content":{"rendered":"<p>Mez\u0151pagocsa, 1823. febr. 8., \u2020 Galacfalva, 1875.: \u00fcgyv\u00e9d, honv\u00e9d-f\u0151hadnagy. \u2013 D. J\u00f3zsef (\u2020 1849) \u00e9s benzenczei G\u00e1m\u00e1n Zsuzsa fia. Tetv\u00e9re D. Lajos. Feles\u00e9ge rabog\u00e1nyi K\u00f3r\u00f3diy Emma (1856\u2013). Gyermekeik: K\u00e1roly gy\u00f3gyszer\u00e9sz, J\u00f3zsef orvos, Lajos birtokos Galacfalv\u00e1n. \u2013 Mv.-en v\u00e9gezte iskol\u00e1it a Ref. Koll.-ban, jogi p\u00e1ly\u00e1ra l\u00e9pett, \u00fcgyv\u00e9di vizsg\u00e1t tett. R\u00e9szt vett az 1848\u201349-es forradalomban honv\u00e9d hadnagy, majd f\u0151hadnagyk\u00e9nt a 87. z\u00e1szl\u00f3alj \u00fctk\u00f6zeteiben vett r\u00e9szt, Temesv\u00e1rn\u00e1l tette le a fegyvert. Fogs\u00e1gba hurcolt\u00e1k Nagyszebenbe, br. J\u00f3sika-csal\u00e1d k\u00f6zbenj\u00e1r\u00e1s\u00e1ra szabadult, majd ennek a csal\u00e1dnak lett a gazdatisztje. \u2013 Irod. : csal\u00e1di inf.<\/br><\/p>\n","protected":false},"excerpt":{"rendered":"<p>Mez\u0151pagocsa, 1823. febr. 8., \u2020 Galacfalva, 1875.: \u00fcgyv\u00e9d, honv\u00e9d-f\u0151hadnagy. \u2013 D. J\u00f3zsef (\u2020 1849) \u00e9s benzenczei G\u00e1m\u00e1n Zsuzsa fia. Tetv\u00e9re D. Lajos. Feles\u00e9ge rabog\u00e1nyi K\u00f3r\u00f3diy Emma (1856\u2013). Gyermekeik: K\u00e1roly gy\u00f3gyszer\u00e9sz, J\u00f3zsef orvos, Lajos birtokos Galacfalv\u00e1n. \u2013 Mv.-en v\u00e9gezte iskol\u00e1it a Ref. Koll.-ban, jogi p\u00e1ly\u00e1ra l\u00e9pett, \u00fcgyv\u00e9di vizsg\u00e1t tett. R\u00e9szt vett az 1848\u201349-es forradalomban honv\u00e9d hadnagy, [&hellip;]<\/p>\n","protected":false},"featured_media":0,"comment_status":"open","ping_status":"closed","template":"","meta":[],"product_brand":[],"product_cat":[137],"product_tag":[],"class_list":{"0":"post-6539","1":"product","2":"type-product","3":"status-publish","5":"product_cat-maros-megyei-eletrajzi-lexikon","7":"first","8":"instock","9":"shipping-taxable","10":"product-type-simple"},"_links":{"self":[{"href":"https:\/\/uj.adatbank.ro\/lexikon\/wp-json\/wp\/v2\/product\/6539","targetHints":{"allow":["GET"]}}],"collection":[{"href":"https:\/\/uj.adatbank.ro\/lexikon\/wp-json\/wp\/v2\/product"}],"about":[{"href":"https:\/\/uj.adatbank.ro\/lexikon\/wp-json\/wp\/v2\/types\/product"}],"replies":[{"embeddable":true,"href":"https:\/\/uj.adatbank.ro\/lexikon\/wp-json\/wp\/v2\/comments?post=6539"}],"wp:attachment":[{"href":"https:\/\/uj.adatbank.ro\/lexikon\/wp-json\/wp\/v2\/media?parent=6539"}],"wp:term":[{"taxonomy":"product_brand","embeddable":true,"href":"https:\/\/uj.adatbank.ro\/lexikon\/wp-json\/wp\/v2\/product_brand?post=6539"},{"taxonomy":"product_cat","embeddable":true,"href":"https:\/\/uj.adatbank.ro\/lexikon\/wp-json\/wp\/v2\/product_cat?post=6539"},{"taxonomy":"product_tag","embeddable":true,"href":"https:\/\/uj.adatbank.ro\/lexikon\/wp-json\/wp\/v2\/product_tag?post=6539"}],"curies":[{"name":"wp","href":"https:\/\/api.w.org\/{rel}","templated":true}]}}

DARKÓ Károly

<p>Mezőpagocsa, 1823. febr. 8., † Galacfalva, 1875.: ügyvéd, honvéd-főhadnagy. – D. József († 1849) és benzenczei Gámán Zsuzsa fia. Tetvére D. Lajos. Felesége rabogányi Kóródiy Emma (1856–). Gyermekeik: Károly gyógyszerész, József orvos, Lajos birtokos Galacfalván. – Mv.-en végezte iskoláit a Ref. Koll.-ban, jogi pályára lépett, ügyvédi vizsgát tett. Részt vett az 1848–49-es forradalomban honvéd hadnagy, majd főhadnagyként a 87. zászlóalj ütközeteiben vett részt, Temesvárnál tette le a fegyvert. Fogságba hurcolták Nagyszebenbe, br. Jósika-család közbenjárására szabadult, majd ennek a családnak lett a gazdatisztje. – Irod. : családi inf.</br></p>

<p>Mezőpagocsa, 1823. febr. 8., † Galacfalva, 1875.: ügyvéd, honvéd-főhadnagy. – D. József († 1849) és benzenczei Gámán Zsuzsa fia. Tetvére D. Lajos. Felesége rabogányi Kóródiy Emma (1856–). Gyermekeik: Károly gyógyszerész, József orvos, Lajos birtokos Galacfalván. – Mv.-en végezte iskoláit a Ref. Koll.-ban, jogi pályára lépett, ügyvédi vizsgát tett. Részt vett az 1848–49-es forradalomban honvéd hadnagy, [&hellip;]</p>
