{"id":6540,"date":"2025-06-28T17:56:17","date_gmt":"2025-06-28T15:56:17","guid":{"rendered":"https:\/\/uj.adatbank.ro\/lexikon\/termek\/darko-lajos-nagyajtai\/"},"modified":"2025-06-28T17:56:17","modified_gmt":"2025-06-28T15:56:17","slug":"darko-lajos-nagyajtai","status":"publish","type":"product","link":"https:\/\/uj.adatbank.ro\/lexikon\/termek\/darko-lajos-nagyajtai\/","title":{"rendered":"DARK\u00d3 Lajos nagyajtai"},"content":{"rendered":"<p>Mez\u0151pagocsa, 1824. \u2020\u00a0Mez\u0151pagocsa, 1910. jan. 19.: jog\u00e1sz, jegyz\u0151, f\u00f6ldbirtokos. \u2013 D. J\u00f3zsef (\u2020 1849) \u00e9s benzenczei G\u00e1m\u00e1n Zsuzsa fia. Tetv\u00e9re D. K\u00e1roly. Feles\u00e9ge: 1. K\u00f6vesdi R\u00e1khel. 2. Szentimrei Balog Karolina. Nevelt fia: Szentimrei Balog Endre. \u2013 R\u00e9szt vett az 1848\u201349-es forradalomban, honv\u00e9d-\u0151rmester, D\u00e9v\u00e1n\u00e1l tette le a fegyvert. Pagocs\u00e1ra vonult vissza \u00e9s birtok\u00e1n gazd\u00e1lkodott. Szolgab\u00edr\u00f3 (1867\u2013) hosszas ideig. A mez\u0151pagocsai ref. egyh\u00e1znak negyven \u00e9ven \u00e1t gondnoka. R\u00e9szt vett Pesty Frigyes eg\u00e9sz Mo.-ra \u00e9s Erd\u00e9lyre kiterjedt helyn\u00e9vgy\u0171jt\u00e9s\u00e9ben (1864\u201365). <br \/><strong>Irod.:<\/strong> csal\u00e1di inf.; Gy\u00e1szjelent\u0151; Pesty 2014<\/br><\/p>\n","protected":false},"excerpt":{"rendered":"<p>Mez\u0151pagocsa, 1824. \u2020\u00a0Mez\u0151pagocsa, 1910. jan. 19.: jog\u00e1sz, jegyz\u0151, f\u00f6ldbirtokos. \u2013 D. J\u00f3zsef (\u2020 1849) \u00e9s benzenczei G\u00e1m\u00e1n Zsuzsa fia. Tetv\u00e9re D. K\u00e1roly. Feles\u00e9ge: 1. K\u00f6vesdi R\u00e1khel. 2. Szentimrei Balog Karolina. Nevelt fia: Szentimrei Balog Endre. \u2013 R\u00e9szt vett az 1848\u201349-es forradalomban, honv\u00e9d-\u0151rmester, D\u00e9v\u00e1n\u00e1l tette le a fegyvert. Pagocs\u00e1ra vonult vissza \u00e9s birtok\u00e1n gazd\u00e1lkodott. Szolgab\u00edr\u00f3 (1867\u2013) [&hellip;]<\/p>\n","protected":false},"featured_media":0,"comment_status":"open","ping_status":"closed","template":"","meta":[],"product_brand":[],"product_cat":[137],"product_tag":[],"class_list":{"0":"post-6540","1":"product","2":"type-product","3":"status-publish","5":"product_cat-maros-megyei-eletrajzi-lexikon","7":"first","8":"instock","9":"shipping-taxable","10":"product-type-simple"},"_links":{"self":[{"href":"https:\/\/uj.adatbank.ro\/lexikon\/wp-json\/wp\/v2\/product\/6540","targetHints":{"allow":["GET"]}}],"collection":[{"href":"https:\/\/uj.adatbank.ro\/lexikon\/wp-json\/wp\/v2\/product"}],"about":[{"href":"https:\/\/uj.adatbank.ro\/lexikon\/wp-json\/wp\/v2\/types\/product"}],"replies":[{"embeddable":true,"href":"https:\/\/uj.adatbank.ro\/lexikon\/wp-json\/wp\/v2\/comments?post=6540"}],"wp:attachment":[{"href":"https:\/\/uj.adatbank.ro\/lexikon\/wp-json\/wp\/v2\/media?parent=6540"}],"wp:term":[{"taxonomy":"product_brand","embeddable":true,"href":"https:\/\/uj.adatbank.ro\/lexikon\/wp-json\/wp\/v2\/product_brand?post=6540"},{"taxonomy":"product_cat","embeddable":true,"href":"https:\/\/uj.adatbank.ro\/lexikon\/wp-json\/wp\/v2\/product_cat?post=6540"},{"taxonomy":"product_tag","embeddable":true,"href":"https:\/\/uj.adatbank.ro\/lexikon\/wp-json\/wp\/v2\/product_tag?post=6540"}],"curies":[{"name":"wp","href":"https:\/\/api.w.org\/{rel}","templated":true}]}}

DARKÓ Lajos nagyajtai

<p>Mezőpagocsa, 1824. † Mezőpagocsa, 1910. jan. 19.: jogász, jegyző, földbirtokos. – D. József († 1849) és benzenczei Gámán Zsuzsa fia. Tetvére D. Károly. Felesége: 1. Kövesdi Rákhel. 2. Szentimrei Balog Karolina. Nevelt fia: Szentimrei Balog Endre. – Részt vett az 1848–49-es forradalomban, honvéd-őrmester, Dévánál tette le a fegyvert. Pagocsára vonult vissza és birtokán gazdálkodott. Szolgabíró (1867–) hosszas ideig. A mezőpagocsai ref. egyháznak negyven éven át gondnoka. Részt vett Pesty Frigyes egész Mo.-ra és Erdélyre kiterjedt helynévgyűjtésében (1864–65). <br /><strong>Irod.:</strong> családi inf.; Gyászjelentő; Pesty 2014</br></p>

<p>Mezőpagocsa, 1824. † Mezőpagocsa, 1910. jan. 19.: jogász, jegyző, földbirtokos. – D. József († 1849) és benzenczei Gámán Zsuzsa fia. Tetvére D. Károly. Felesége: 1. Kövesdi Rákhel. 2. Szentimrei Balog Karolina. Nevelt fia: Szentimrei Balog Endre. – Részt vett az 1848–49-es forradalomban, honvéd-őrmester, Dévánál tette le a fegyvert. Pagocsára vonult vissza és birtokán gazdálkodott. Szolgabíró (1867–) [&hellip;]</p>
