{"id":6541,"date":"2025-06-28T17:56:19","date_gmt":"2025-06-28T15:56:19","guid":{"rendered":"https:\/\/uj.adatbank.ro\/lexikon\/termek\/darko-samuel\/"},"modified":"2025-06-28T17:56:19","modified_gmt":"2025-06-28T15:56:19","slug":"darko-samuel","status":"publish","type":"product","link":"https:\/\/uj.adatbank.ro\/lexikon\/termek\/darko-samuel\/","title":{"rendered":"DARK\u00d3 S\u00e1muel"},"content":{"rendered":"<p>1759.? \u2020\u00a0? : \u00f6tv\u00f6smester. \u2013 A csal\u00e1d a h\u00e1romsz\u00e9ki Nagyajt\u00e1r\u00f3l sz\u00e1rmozott. A mester Kv.-r\u00f3l telepedett Mv.-re. Mv.-i \u00f6tv\u00f6s, h\u00e1zas polg\u00e1r (27 \u00e9ves, az 1786\u201387-es n\u00e9psz\u00e1ml\u00e1l\u00e1skor). Aranyozott ez\u00fcst t\u00e1rgyakat k\u00e9sz\u00edtett a dics\u0151szentm\u00e1rtoni egyh\u00e1zk\u00f6zs\u00e9gnek, egy kelyhet \u00e9s egy keny\u00e9roszt\u00f3 t\u00e1ny\u00e9rt, amit Szentp\u00e1li Benj\u00e1min rendelt (1789). A maros\u00fajv\u00e1ri ref. egyh\u00e1zk\u00f6zs\u00e9gnek is k\u00e9sz\u00edtett kelyhet \u00e9s t\u00e1ny\u00e9rt (1813). <br \/><strong>Irod.:<\/strong> K\u00fck\u00fcll\u0151i Ref. Egyh\u00e1zm. 2., 4<\/br><\/p>\n","protected":false},"excerpt":{"rendered":"<p>1759.? \u2020\u00a0? : \u00f6tv\u00f6smester. \u2013 A csal\u00e1d a h\u00e1romsz\u00e9ki Nagyajt\u00e1r\u00f3l sz\u00e1rmozott. A mester Kv.-r\u00f3l telepedett Mv.-re. Mv.-i \u00f6tv\u00f6s, h\u00e1zas polg\u00e1r (27 \u00e9ves, az 1786\u201387-es n\u00e9psz\u00e1ml\u00e1l\u00e1skor). Aranyozott ez\u00fcst t\u00e1rgyakat k\u00e9sz\u00edtett a dics\u0151szentm\u00e1rtoni egyh\u00e1zk\u00f6zs\u00e9gnek, egy kelyhet \u00e9s egy keny\u00e9roszt\u00f3 t\u00e1ny\u00e9rt, amit Szentp\u00e1li Benj\u00e1min rendelt (1789). A maros\u00fajv\u00e1ri ref. egyh\u00e1zk\u00f6zs\u00e9gnek is k\u00e9sz\u00edtett kelyhet \u00e9s t\u00e1ny\u00e9rt (1813). Irod.: K\u00fck\u00fcll\u0151i [&hellip;]<\/p>\n","protected":false},"featured_media":0,"comment_status":"open","ping_status":"closed","template":"","meta":[],"product_brand":[],"product_cat":[137],"product_tag":[],"class_list":{"0":"post-6541","1":"product","2":"type-product","3":"status-publish","5":"product_cat-maros-megyei-eletrajzi-lexikon","7":"first","8":"instock","9":"shipping-taxable","10":"product-type-simple"},"_links":{"self":[{"href":"https:\/\/uj.adatbank.ro\/lexikon\/wp-json\/wp\/v2\/product\/6541","targetHints":{"allow":["GET"]}}],"collection":[{"href":"https:\/\/uj.adatbank.ro\/lexikon\/wp-json\/wp\/v2\/product"}],"about":[{"href":"https:\/\/uj.adatbank.ro\/lexikon\/wp-json\/wp\/v2\/types\/product"}],"replies":[{"embeddable":true,"href":"https:\/\/uj.adatbank.ro\/lexikon\/wp-json\/wp\/v2\/comments?post=6541"}],"wp:attachment":[{"href":"https:\/\/uj.adatbank.ro\/lexikon\/wp-json\/wp\/v2\/media?parent=6541"}],"wp:term":[{"taxonomy":"product_brand","embeddable":true,"href":"https:\/\/uj.adatbank.ro\/lexikon\/wp-json\/wp\/v2\/product_brand?post=6541"},{"taxonomy":"product_cat","embeddable":true,"href":"https:\/\/uj.adatbank.ro\/lexikon\/wp-json\/wp\/v2\/product_cat?post=6541"},{"taxonomy":"product_tag","embeddable":true,"href":"https:\/\/uj.adatbank.ro\/lexikon\/wp-json\/wp\/v2\/product_tag?post=6541"}],"curies":[{"name":"wp","href":"https:\/\/api.w.org\/{rel}","templated":true}]}}

DARKÓ Sámuel

<p>1759.? † ? : ötvösmester. – A család a háromszéki Nagyajtáról szármozott. A mester Kv.-ról telepedett Mv.-re. Mv.-i ötvös, házas polgár (27 éves, az 1786–87-es népszámláláskor). Aranyozott ezüst tárgyakat készített a dicsőszentmártoni egyházközségnek, egy kelyhet és egy kenyérosztó tányért, amit Szentpáli Benjámin rendelt (1789). A marosújvári ref. egyházközségnek is készített kelyhet és tányért (1813). <br /><strong>Irod.:</strong> Küküllői Ref. Egyházm. 2., 4</br></p>

<p>1759.? † ? : ötvösmester. – A család a háromszéki Nagyajtáról szármozott. A mester Kv.-ról telepedett Mv.-re. Mv.-i ötvös, házas polgár (27 éves, az 1786–87-es népszámláláskor). Aranyozott ezüst tárgyakat készített a dicsőszentmártoni egyházközségnek, egy kelyhet és egy kenyérosztó tányért, amit Szentpáli Benjámin rendelt (1789). A marosújvári ref. egyházközségnek is készített kelyhet és tányért (1813). Irod.: Küküllői [&hellip;]</p>
