{"id":6542,"date":"2025-06-28T17:56:20","date_gmt":"2025-06-28T15:56:20","guid":{"rendered":"https:\/\/uj.adatbank.ro\/lexikon\/termek\/darko-samuel-2\/"},"modified":"2025-06-28T17:56:20","modified_gmt":"2025-06-28T15:56:20","slug":"darko-samuel-2","status":"publish","type":"product","link":"https:\/\/uj.adatbank.ro\/lexikon\/termek\/darko-samuel-2\/","title":{"rendered":"DARK\u00d3 S\u00e1muel"},"content":{"rendered":"<p>1815.? \u2020\u00a0Mv., 1890. j\u00fal. 21.: \u00f6tv\u00f6smester. \u2013 Testv\u00e9rei: D. Kl\u00e1ra, D. D\u00e1niel. Feles\u00e9ge: \u00dajv\u00e1ri Katalin. Gyermekei: D. \u00c1kos, Viktor, Berta, B\u00e9la, Elek. \u2013 Aranyozott ez\u00fcst t\u00e1rgyakat k\u00e9sz\u00edtett: a sz\u0151kefalvi egyh\u00e1zk\u00f6s\u00e9gnek kelyhet Kisp\u00e1l Lajos rendel\u00e9s\u00e9re (1852) \u00e9s S\u00e1rpataki Szab\u00f3 L\u00e1szl\u00f3 rendel\u00e9s\u00e9re keny\u00e9roszt\u00f3 ez\u00fcstt\u00e1ny\u00e9rt (1854). <br \/><strong>Irod.:<\/strong> Gy\u00e1szjelent.; K\u00fck\u00fcll\u0151i Ref. Egyh\u00e1zm. 4.<\/br><\/p>\n","protected":false},"excerpt":{"rendered":"<p>1815.? \u2020\u00a0Mv., 1890. j\u00fal. 21.: \u00f6tv\u00f6smester. \u2013 Testv\u00e9rei: D. Kl\u00e1ra, D. D\u00e1niel. Feles\u00e9ge: \u00dajv\u00e1ri Katalin. Gyermekei: D. \u00c1kos, Viktor, Berta, B\u00e9la, Elek. \u2013 Aranyozott ez\u00fcst t\u00e1rgyakat k\u00e9sz\u00edtett: a sz\u0151kefalvi egyh\u00e1zk\u00f6s\u00e9gnek kelyhet Kisp\u00e1l Lajos rendel\u00e9s\u00e9re (1852) \u00e9s S\u00e1rpataki Szab\u00f3 L\u00e1szl\u00f3 rendel\u00e9s\u00e9re keny\u00e9roszt\u00f3 ez\u00fcstt\u00e1ny\u00e9rt (1854). Irod.: Gy\u00e1szjelent.; K\u00fck\u00fcll\u0151i Ref. Egyh\u00e1zm. 4.<\/p>\n","protected":false},"featured_media":0,"comment_status":"open","ping_status":"closed","template":"","meta":[],"product_brand":[],"product_cat":[137],"product_tag":[],"class_list":{"0":"post-6542","1":"product","2":"type-product","3":"status-publish","5":"product_cat-maros-megyei-eletrajzi-lexikon","7":"first","8":"instock","9":"shipping-taxable","10":"product-type-simple"},"_links":{"self":[{"href":"https:\/\/uj.adatbank.ro\/lexikon\/wp-json\/wp\/v2\/product\/6542","targetHints":{"allow":["GET"]}}],"collection":[{"href":"https:\/\/uj.adatbank.ro\/lexikon\/wp-json\/wp\/v2\/product"}],"about":[{"href":"https:\/\/uj.adatbank.ro\/lexikon\/wp-json\/wp\/v2\/types\/product"}],"replies":[{"embeddable":true,"href":"https:\/\/uj.adatbank.ro\/lexikon\/wp-json\/wp\/v2\/comments?post=6542"}],"wp:attachment":[{"href":"https:\/\/uj.adatbank.ro\/lexikon\/wp-json\/wp\/v2\/media?parent=6542"}],"wp:term":[{"taxonomy":"product_brand","embeddable":true,"href":"https:\/\/uj.adatbank.ro\/lexikon\/wp-json\/wp\/v2\/product_brand?post=6542"},{"taxonomy":"product_cat","embeddable":true,"href":"https:\/\/uj.adatbank.ro\/lexikon\/wp-json\/wp\/v2\/product_cat?post=6542"},{"taxonomy":"product_tag","embeddable":true,"href":"https:\/\/uj.adatbank.ro\/lexikon\/wp-json\/wp\/v2\/product_tag?post=6542"}],"curies":[{"name":"wp","href":"https:\/\/api.w.org\/{rel}","templated":true}]}}