{"id":6549,"date":"2025-06-28T17:56:36","date_gmt":"2025-06-28T15:56:36","guid":{"rendered":"https:\/\/uj.adatbank.ro\/lexikon\/termek\/daroczi-laszlo\/"},"modified":"2025-06-28T17:56:36","modified_gmt":"2025-06-28T15:56:36","slug":"daroczi-laszlo","status":"publish","type":"product","link":"https:\/\/uj.adatbank.ro\/lexikon\/termek\/daroczi-laszlo\/","title":{"rendered":"DAR\u00d3CZI L\u00e1szl\u00f3"},"content":{"rendered":"<p>? \u2020\u00a0? : tan\u00e1r. \u2013 A mv.-i Ref. Koll.-ban helyettes \u00e9s \u00f3raad\u00f3tan\u00e1r (1921\u201323). Az els\u0151 el\u0151ad\u00e1st tartotta a megind\u00edtott Munk\u00e1s Szabadiskol\u00e1ban (1927). A mv.-i R. K. Tan\u00edt\u00f3k\u00e9pz\u0151 term\u00e9szetrajztan\u00e1ra \u00e9s igazgat\u00f3helyettese volt (1935\u201340). A mv.-i R. K. Gimn. igazgat\u00f3ja volt (1940\u201344). A R. K. Egyh\u00e1ztan\u00e1cs tagja (1939). R\u00e9szt vett a R. K. Tan\u00e1rok kongresszus\u00e1n (1943). tartotta <br \/><strong>Irod.:<\/strong> H\u00e1bor\u00fas nevel\u00e9s: Besz\u00e9dek \u00e9s el\u0151ad\u00e1sok az erd\u00e9lyi R. Kat. Tan\u00e1rok Kongresszus\u00e1n (Kv., 1943); Id\u0151t\u00e1r 3; Mv.-i R. K. okt.; Mv. t\u00f6rt. 2.; P\u00e1l-Antal 2013; R. k. okt. \u2013 1; R. k. okt. \u20132; Szab\u00f3 K. Attila<\/br><\/p>\n","protected":false},"excerpt":{"rendered":"<p>? \u2020\u00a0? : tan\u00e1r. \u2013 A mv.-i Ref. Koll.-ban helyettes \u00e9s \u00f3raad\u00f3tan\u00e1r (1921\u201323). Az els\u0151 el\u0151ad\u00e1st tartotta a megind\u00edtott Munk\u00e1s Szabadiskol\u00e1ban (1927). A mv.-i R. K. Tan\u00edt\u00f3k\u00e9pz\u0151 term\u00e9szetrajztan\u00e1ra \u00e9s igazgat\u00f3helyettese volt (1935\u201340). A mv.-i R. K. Gimn. igazgat\u00f3ja volt (1940\u201344). A R. K. Egyh\u00e1ztan\u00e1cs tagja (1939). R\u00e9szt vett a R. K. Tan\u00e1rok kongresszus\u00e1n (1943). tartotta [&hellip;]<\/p>\n","protected":false},"featured_media":0,"comment_status":"open","ping_status":"closed","template":"","meta":[],"product_brand":[],"product_cat":[137],"product_tag":[],"class_list":{"0":"post-6549","1":"product","2":"type-product","3":"status-publish","5":"product_cat-maros-megyei-eletrajzi-lexikon","7":"first","8":"instock","9":"shipping-taxable","10":"product-type-simple"},"_links":{"self":[{"href":"https:\/\/uj.adatbank.ro\/lexikon\/wp-json\/wp\/v2\/product\/6549","targetHints":{"allow":["GET"]}}],"collection":[{"href":"https:\/\/uj.adatbank.ro\/lexikon\/wp-json\/wp\/v2\/product"}],"about":[{"href":"https:\/\/uj.adatbank.ro\/lexikon\/wp-json\/wp\/v2\/types\/product"}],"replies":[{"embeddable":true,"href":"https:\/\/uj.adatbank.ro\/lexikon\/wp-json\/wp\/v2\/comments?post=6549"}],"wp:attachment":[{"href":"https:\/\/uj.adatbank.ro\/lexikon\/wp-json\/wp\/v2\/media?parent=6549"}],"wp:term":[{"taxonomy":"product_brand","embeddable":true,"href":"https:\/\/uj.adatbank.ro\/lexikon\/wp-json\/wp\/v2\/product_brand?post=6549"},{"taxonomy":"product_cat","embeddable":true,"href":"https:\/\/uj.adatbank.ro\/lexikon\/wp-json\/wp\/v2\/product_cat?post=6549"},{"taxonomy":"product_tag","embeddable":true,"href":"https:\/\/uj.adatbank.ro\/lexikon\/wp-json\/wp\/v2\/product_tag?post=6549"}],"curies":[{"name":"wp","href":"https:\/\/api.w.org\/{rel}","templated":true}]}}

DARÓCZI László

<p>? † ? : tanár. – A mv.-i Ref. Koll.-ban helyettes és óraadótanár (1921–23). Az első előadást tartotta a megindított Munkás Szabadiskolában (1927). A mv.-i R. K. Tanítóképző természetrajztanára és igazgatóhelyettese volt (1935–40). A mv.-i R. K. Gimn. igazgatója volt (1940–44). A R. K. Egyháztanács tagja (1939). Részt vett a R. K. Tanárok kongresszusán (1943). tartotta <br /><strong>Irod.:</strong> Háborús nevelés: Beszédek és előadások az erdélyi R. Kat. Tanárok Kongresszusán (Kv., 1943); Időtár 3; Mv.-i R. K. okt.; Mv. tört. 2.; Pál-Antal 2013; R. k. okt. – 1; R. k. okt. –2; Szabó K. Attila</br></p>

<p>? † ? : tanár. – A mv.-i Ref. Koll.-ban helyettes és óraadótanár (1921–23). Az első előadást tartotta a megindított Munkás Szabadiskolában (1927). A mv.-i R. K. Tanítóképző természetrajztanára és igazgatóhelyettese volt (1935–40). A mv.-i R. K. Gimn. igazgatója volt (1940–44). A R. K. Egyháztanács tagja (1939). Részt vett a R. K. Tanárok kongresszusán (1943). tartotta [&hellip;]</p>
