{"id":6552,"date":"2025-06-28T17:56:40","date_gmt":"2025-06-28T15:56:40","guid":{"rendered":"https:\/\/uj.adatbank.ro\/lexikon\/termek\/daroczi-matyas\/"},"modified":"2025-06-28T17:56:40","modified_gmt":"2025-06-28T15:56:40","slug":"daroczi-matyas","status":"publish","type":"product","link":"https:\/\/uj.adatbank.ro\/lexikon\/termek\/daroczi-matyas\/","title":{"rendered":"DAR\u00d3CZI M\u00e1ty\u00e1s"},"content":{"rendered":"<p>Sz\u00e9kelyudvarhely, \u2020\u00a0?: r. k. pap. \u2013 Kv.-on \u00e9s Gyulafeh\u00e9rv\u00e1ron tanult (1767\u201370). Papp\u00e1 szentelt\u00e9k Alvincen (1768. m\u00e1j. 22.). Pl\u00e9b\u00e1nos volt Kerel\u0151szentp\u00e1lon (1773), Sz\u00e9kelylengyelfalv\u00e1n (1784), k\u00e1pl\u00e1n Sz\u00e9kelyudvarhelyen (1785), pl\u00e9b\u00e1nos Farkaslak\u00e1n (1789). <br \/><strong>Irod.:<\/strong> Ferenczi S\u00e1ndor 2009<\/br><\/p>\n","protected":false},"excerpt":{"rendered":"<p>Sz\u00e9kelyudvarhely, \u2020\u00a0?: r. k. pap. \u2013 Kv.-on \u00e9s Gyulafeh\u00e9rv\u00e1ron tanult (1767\u201370). Papp\u00e1 szentelt\u00e9k Alvincen (1768. m\u00e1j. 22.). Pl\u00e9b\u00e1nos volt Kerel\u0151szentp\u00e1lon (1773), Sz\u00e9kelylengyelfalv\u00e1n (1784), k\u00e1pl\u00e1n Sz\u00e9kelyudvarhelyen (1785), pl\u00e9b\u00e1nos Farkaslak\u00e1n (1789). Irod.: Ferenczi S\u00e1ndor 2009<\/p>\n","protected":false},"featured_media":0,"comment_status":"open","ping_status":"closed","template":"","meta":[],"product_brand":[],"product_cat":[137],"product_tag":[],"class_list":{"0":"post-6552","1":"product","2":"type-product","3":"status-publish","5":"product_cat-maros-megyei-eletrajzi-lexikon","7":"first","8":"instock","9":"shipping-taxable","10":"product-type-simple"},"_links":{"self":[{"href":"https:\/\/uj.adatbank.ro\/lexikon\/wp-json\/wp\/v2\/product\/6552","targetHints":{"allow":["GET"]}}],"collection":[{"href":"https:\/\/uj.adatbank.ro\/lexikon\/wp-json\/wp\/v2\/product"}],"about":[{"href":"https:\/\/uj.adatbank.ro\/lexikon\/wp-json\/wp\/v2\/types\/product"}],"replies":[{"embeddable":true,"href":"https:\/\/uj.adatbank.ro\/lexikon\/wp-json\/wp\/v2\/comments?post=6552"}],"wp:attachment":[{"href":"https:\/\/uj.adatbank.ro\/lexikon\/wp-json\/wp\/v2\/media?parent=6552"}],"wp:term":[{"taxonomy":"product_brand","embeddable":true,"href":"https:\/\/uj.adatbank.ro\/lexikon\/wp-json\/wp\/v2\/product_brand?post=6552"},{"taxonomy":"product_cat","embeddable":true,"href":"https:\/\/uj.adatbank.ro\/lexikon\/wp-json\/wp\/v2\/product_cat?post=6552"},{"taxonomy":"product_tag","embeddable":true,"href":"https:\/\/uj.adatbank.ro\/lexikon\/wp-json\/wp\/v2\/product_tag?post=6552"}],"curies":[{"name":"wp","href":"https:\/\/api.w.org\/{rel}","templated":true}]}}