{"id":6557,"date":"2025-06-28T17:56:50","date_gmt":"2025-06-28T15:56:50","guid":{"rendered":"https:\/\/uj.adatbank.ro\/lexikon\/termek\/darvas-albert\/"},"modified":"2025-06-28T17:56:50","modified_gmt":"2025-06-28T15:56:50","slug":"darvas-albert","status":"publish","type":"product","link":"https:\/\/uj.adatbank.ro\/lexikon\/termek\/darvas-albert\/","title":{"rendered":"DARVAS Albert"},"content":{"rendered":"<p>K\u00e1szon\u00fajfalu, 1893. febr. 17., \u2020\u00a0Gyergy\u00f3csomafalva, 1980. m\u00e1rc. 12, : r. k. pap. \u2013 Tanulm\u00e1nyait Cs\u00edksomly\u00f3n, Cs\u00edkszered\u00e1ban, Gyulafeh\u00e9rv\u00e1ron \u00e9s B\u00e9csben a P\u00e1zmaneumban v\u00e9gezte (1918). Papp\u00e1 szentelt\u00e9k Gyulafeh\u00e9rv\u00e1ron (1918. j\u00fan. 11.). Cs\u00edkszentsimonban, Csat\u00f3szegen \u00e9s Gyergy\u00f3szentmikl\u00f3son m\u0171k\u00f6d\u00f6tt, majd Ny\u00e1r\u00e1dselye pl\u00e9b\u00e1nosa lett (1929\u201345). Szolg\u00e1lata idej\u00e9ben \u00e9p\u00fclt fel a magyar\u00f3si k\u00e1polna (1930), a selyei \u00faj iskola, amelyet fel is szereltek (1932\u201334). A templomba a N\u0151sz\u00f6vets\u00e9g \u00faj harangot v\u00e1s\u00e1rolt k\u00fcl\u00f6nb\u00f6z\u0151 el\u0151ad\u00e1sok bev\u00e9tel\u00e9b\u0151l (1930). Gyergy\u00f3csomafalv\u00e1ra helyezt\u00e9k (1948), ahol esperes pl\u00e9b\u00e1nos volt. Ut\u00f3da \u00c1gotha Endre. 67 \u00e9vi szolg\u00e1lat ut\u00e1n hunyt el. <br \/><strong>Irod.:<\/strong> Ferenczi S\u00e1ndor 2009; Ferenczi S\u00e1ndor 2012; Maros-k\u00fck\u00fcll\u0151i f\u0151esp; Ny\u00e1r\u00e1dselye \u00e9s egyh\u00e1zai; Sz\u00e9kelyf\u00f6ld \u00ed. k.<\/br><\/p>\n","protected":false},"excerpt":{"rendered":"<p>K\u00e1szon\u00fajfalu, 1893. febr. 17., \u2020\u00a0Gyergy\u00f3csomafalva, 1980. m\u00e1rc. 12, : r. k. pap. \u2013 Tanulm\u00e1nyait Cs\u00edksomly\u00f3n, Cs\u00edkszered\u00e1ban, Gyulafeh\u00e9rv\u00e1ron \u00e9s B\u00e9csben a P\u00e1zmaneumban v\u00e9gezte (1918). Papp\u00e1 szentelt\u00e9k Gyulafeh\u00e9rv\u00e1ron (1918. j\u00fan. 11.). Cs\u00edkszentsimonban, Csat\u00f3szegen \u00e9s Gyergy\u00f3szentmikl\u00f3son m\u0171k\u00f6d\u00f6tt, majd Ny\u00e1r\u00e1dselye pl\u00e9b\u00e1nosa lett (1929\u201345). Szolg\u00e1lata idej\u00e9ben \u00e9p\u00fclt fel a magyar\u00f3si k\u00e1polna (1930), a selyei \u00faj iskola, amelyet fel is szereltek [&hellip;]<\/p>\n","protected":false},"featured_media":0,"comment_status":"open","ping_status":"closed","template":"","meta":[],"product_brand":[],"product_cat":[137],"product_tag":[],"class_list":{"0":"post-6557","1":"product","2":"type-product","3":"status-publish","5":"product_cat-maros-megyei-eletrajzi-lexikon","7":"first","8":"instock","9":"shipping-taxable","10":"product-type-simple"},"_links":{"self":[{"href":"https:\/\/uj.adatbank.ro\/lexikon\/wp-json\/wp\/v2\/product\/6557","targetHints":{"allow":["GET"]}}],"collection":[{"href":"https:\/\/uj.adatbank.ro\/lexikon\/wp-json\/wp\/v2\/product"}],"about":[{"href":"https:\/\/uj.adatbank.ro\/lexikon\/wp-json\/wp\/v2\/types\/product"}],"replies":[{"embeddable":true,"href":"https:\/\/uj.adatbank.ro\/lexikon\/wp-json\/wp\/v2\/comments?post=6557"}],"wp:attachment":[{"href":"https:\/\/uj.adatbank.ro\/lexikon\/wp-json\/wp\/v2\/media?parent=6557"}],"wp:term":[{"taxonomy":"product_brand","embeddable":true,"href":"https:\/\/uj.adatbank.ro\/lexikon\/wp-json\/wp\/v2\/product_brand?post=6557"},{"taxonomy":"product_cat","embeddable":true,"href":"https:\/\/uj.adatbank.ro\/lexikon\/wp-json\/wp\/v2\/product_cat?post=6557"},{"taxonomy":"product_tag","embeddable":true,"href":"https:\/\/uj.adatbank.ro\/lexikon\/wp-json\/wp\/v2\/product_tag?post=6557"}],"curies":[{"name":"wp","href":"https:\/\/api.w.org\/{rel}","templated":true}]}}

<p>Kászonújfalu, 1893. febr. 17., † Gyergyócsomafalva, 1980. márc. 12, : r. k. pap. – Tanulmányait Csíksomlyón, Csíkszeredában, Gyulafehérváron és Bécsben a Pázmaneumban végezte (1918). Pappá szentelték Gyulafehérváron (1918. jún. 11.). Csíkszentsimonban, Csatószegen és Gyergyószentmiklóson működött, majd Nyárádselye plébánosa lett (1929–45). Szolgálata idejében épült fel a magyarósi kápolna (1930), a selyei új iskola, amelyet fel is szereltek (1932–34). A templomba a Nőszövetség új harangot vásárolt különböző előadások bevételéből (1930). Gyergyócsomafalvára helyezték (1948), ahol esperes plébános volt. Utóda Ágotha Endre. 67 évi szolgálat után hunyt el. <br /><strong>Irod.:</strong> Ferenczi Sándor 2009; Ferenczi Sándor 2012; Maros-küküllői főesp; Nyárádselye és egyházai; Székelyföld í. k.</br></p>

<p>Kászonújfalu, 1893. febr. 17., † Gyergyócsomafalva, 1980. márc. 12, : r. k. pap. – Tanulmányait Csíksomlyón, Csíkszeredában, Gyulafehérváron és Bécsben a Pázmaneumban végezte (1918). Pappá szentelték Gyulafehérváron (1918. jún. 11.). Csíkszentsimonban, Csatószegen és Gyergyószentmiklóson működött, majd Nyárádselye plébánosa lett (1929–45). Szolgálata idejében épült fel a magyarósi kápolna (1930), a selyei új iskola, amelyet fel is szereltek [&hellip;]</p>
