{"id":6559,"date":"2025-06-28T17:56:55","date_gmt":"2025-06-28T15:56:55","guid":{"rendered":"https:\/\/uj.adatbank.ro\/lexikon\/termek\/darvas-denes\/"},"modified":"2025-06-28T17:56:55","modified_gmt":"2025-06-28T15:56:55","slug":"darvas-denes","status":"publish","type":"product","link":"https:\/\/uj.adatbank.ro\/lexikon\/termek\/darvas-denes\/","title":{"rendered":"DARVAS D\u00e9nes"},"content":{"rendered":"<p>Tusn\u00e1d, 1890. m\u00e1rc. 24., \u2020 Sz\u00e9kelylengyelfalva, 1962. dec. 22.: r. k. pap. \u2013 Sz\u00e1szv\u00e1rosban, Temesv\u00e1ron, Gyulafeh\u00e9rv\u00e1ron tanult. Papp\u00e1 szentelt\u00e9k (1913. j\u00fan. 22.). Szolg\u00e1lati helyei: k\u00e1pl\u00e1nk\u00e9nt K\u00e9zdiszentkereszt, Cs\u00edksomly\u00f3-Csat\u00f3szeg, K\u00e9zdiszentl\u00e9lek, Torda; hittantan\u00e1rk\u00e9nt Gyulafeh\u00e9rv\u00e1r, Mv. (1921\u201324), pl\u00e9b\u00e1nosk\u00e9nt Sz\u00e9kelyudvarhely, Gyergy\u00f3t\u00f6lgyes, K\u00e1szonjakabfakva, Cs\u00edkd\u00e1nfalva, Bethlen, Sz\u00e9kelylengyelfalva. <br \/><strong>Irod.:<\/strong> Ferenczi S\u00e1ndor 2009; Ferenczi S\u00e1ndor 2012; <\/br><\/p>\n","protected":false},"excerpt":{"rendered":"<p>Tusn\u00e1d, 1890. m\u00e1rc. 24., \u2020 Sz\u00e9kelylengyelfalva, 1962. dec. 22.: r. k. pap. \u2013 Sz\u00e1szv\u00e1rosban, Temesv\u00e1ron, Gyulafeh\u00e9rv\u00e1ron tanult. Papp\u00e1 szentelt\u00e9k (1913. j\u00fan. 22.). Szolg\u00e1lati helyei: k\u00e1pl\u00e1nk\u00e9nt K\u00e9zdiszentkereszt, Cs\u00edksomly\u00f3-Csat\u00f3szeg, K\u00e9zdiszentl\u00e9lek, Torda; hittantan\u00e1rk\u00e9nt Gyulafeh\u00e9rv\u00e1r, Mv. (1921\u201324), pl\u00e9b\u00e1nosk\u00e9nt Sz\u00e9kelyudvarhely, Gyergy\u00f3t\u00f6lgyes, K\u00e1szonjakabfakva, Cs\u00edkd\u00e1nfalva, Bethlen, Sz\u00e9kelylengyelfalva. Irod.: Ferenczi S\u00e1ndor 2009; Ferenczi S\u00e1ndor 2012;<\/p>\n","protected":false},"featured_media":0,"comment_status":"open","ping_status":"closed","template":"","meta":[],"product_brand":[],"product_cat":[137],"product_tag":[],"class_list":{"0":"post-6559","1":"product","2":"type-product","3":"status-publish","5":"product_cat-maros-megyei-eletrajzi-lexikon","7":"first","8":"instock","9":"shipping-taxable","10":"product-type-simple"},"_links":{"self":[{"href":"https:\/\/uj.adatbank.ro\/lexikon\/wp-json\/wp\/v2\/product\/6559","targetHints":{"allow":["GET"]}}],"collection":[{"href":"https:\/\/uj.adatbank.ro\/lexikon\/wp-json\/wp\/v2\/product"}],"about":[{"href":"https:\/\/uj.adatbank.ro\/lexikon\/wp-json\/wp\/v2\/types\/product"}],"replies":[{"embeddable":true,"href":"https:\/\/uj.adatbank.ro\/lexikon\/wp-json\/wp\/v2\/comments?post=6559"}],"wp:attachment":[{"href":"https:\/\/uj.adatbank.ro\/lexikon\/wp-json\/wp\/v2\/media?parent=6559"}],"wp:term":[{"taxonomy":"product_brand","embeddable":true,"href":"https:\/\/uj.adatbank.ro\/lexikon\/wp-json\/wp\/v2\/product_brand?post=6559"},{"taxonomy":"product_cat","embeddable":true,"href":"https:\/\/uj.adatbank.ro\/lexikon\/wp-json\/wp\/v2\/product_cat?post=6559"},{"taxonomy":"product_tag","embeddable":true,"href":"https:\/\/uj.adatbank.ro\/lexikon\/wp-json\/wp\/v2\/product_tag?post=6559"}],"curies":[{"name":"wp","href":"https:\/\/api.w.org\/{rel}","templated":true}]}}

DARVAS Dénes

<p>Tusnád, 1890. márc. 24., † Székelylengyelfalva, 1962. dec. 22.: r. k. pap. – Szászvárosban, Temesváron, Gyulafehérváron tanult. Pappá szentelték (1913. jún. 22.). Szolgálati helyei: káplánként Kézdiszentkereszt, Csíksomlyó-Csatószeg, Kézdiszentlélek, Torda; hittantanárként Gyulafehérvár, Mv. (1921–24), plébánosként Székelyudvarhely, Gyergyótölgyes, Kászonjakabfakva, Csíkdánfalva, Bethlen, Székelylengyelfalva. <br /><strong>Irod.:</strong> Ferenczi Sándor 2009; Ferenczi Sándor 2012; </br></p>

<p>Tusnád, 1890. márc. 24., † Székelylengyelfalva, 1962. dec. 22.: r. k. pap. – Szászvárosban, Temesváron, Gyulafehérváron tanult. Pappá szentelték (1913. jún. 22.). Szolgálati helyei: káplánként Kézdiszentkereszt, Csíksomlyó-Csatószeg, Kézdiszentlélek, Torda; hittantanárként Gyulafehérvár, Mv. (1921–24), plébánosként Székelyudvarhely, Gyergyótölgyes, Kászonjakabfakva, Csíkdánfalva, Bethlen, Székelylengyelfalva. Irod.: Ferenczi Sándor 2009; Ferenczi Sándor 2012;</p>
