{"id":6560,"date":"2025-06-28T17:56:57","date_gmt":"2025-06-28T15:56:57","guid":{"rendered":"https:\/\/uj.adatbank.ro\/lexikon\/termek\/darvas-erzsebet\/"},"modified":"2025-06-28T17:56:57","modified_gmt":"2025-06-28T15:56:57","slug":"darvas-erzsebet","status":"publish","type":"product","link":"https:\/\/uj.adatbank.ro\/lexikon\/termek\/darvas-erzsebet\/","title":{"rendered":"DARVAS Erzs\u00e9bet"},"content":{"rendered":"<p>Csiktapolca, 1924., \u2020 Mv.? : tan\u00e1r. K\u00f6z\u00e9piskol\u00e1t Cs\u00edkszered\u00e1ban v\u00e9zett, \u00e9retts\u00e9gizett (1944). Kv.-on a BTE francia-m. szakon szerzett tan\u00e1ri okl. -t (1948). Egy \u00e9vig Cs\u00edkszered\u00e1ban tan\u00edtott, majd Mv.-re ker\u00fclt, a Bolyai l\u00edc. -ba, ahol nyugd\u00edjaz\u00e1s\u00e1ig tan\u00edtott (1951\u201381). P\u00e1rizsban a Nemzetk\u00f6zi Oktat\u00e1si K\u00f6zpontban r\u00e9szt vett egy tov\u00e1bbk\u00e9pz\u0151 tanfolyamon (1967). Korszer\u0171 m\u00f3dszerekkel az \u00e9l\u0151 francia nyelv elsaj\u00e1tt\u00edtat\u00e1s\u00e1ra t\u00f6rekedett. Megb\u00edzt\u00e1k a megye francia szakos tan\u00e1rok pedag\u00f3giai k\u00f6r\u00e9nek vezet\u00e9s\u00e9vel, majd a Tan\u00edt\u00f3k H\u00e1za rendezv\u00e9nyein a megye \u00f6sszes idegen nyelvszakos tan\u00e1rok bizottm\u00e1ny\u00e1nak ir\u00e1ny\u00edt\u00e1s\u00e1val. El\u0151ad\u00e1sokat tartott a N\u00e9pi Egyetemen \u00e9s a mv.-i r\u00e1di\u00f3 francia nyelvlecke sorozat\u00e1t is vezette. <br \/><strong>Irod.:<\/strong> Madaras<\/br><\/p>\n","protected":false},"excerpt":{"rendered":"<p>Csiktapolca, 1924., \u2020 Mv.? : tan\u00e1r. K\u00f6z\u00e9piskol\u00e1t Cs\u00edkszered\u00e1ban v\u00e9zett, \u00e9retts\u00e9gizett (1944). Kv.-on a BTE francia-m. szakon szerzett tan\u00e1ri okl. -t (1948). Egy \u00e9vig Cs\u00edkszered\u00e1ban tan\u00edtott, majd Mv.-re ker\u00fclt, a Bolyai l\u00edc. -ba, ahol nyugd\u00edjaz\u00e1s\u00e1ig tan\u00edtott (1951\u201381). P\u00e1rizsban a Nemzetk\u00f6zi Oktat\u00e1si K\u00f6zpontban r\u00e9szt vett egy tov\u00e1bbk\u00e9pz\u0151 tanfolyamon (1967). Korszer\u0171 m\u00f3dszerekkel az \u00e9l\u0151 francia nyelv elsaj\u00e1tt\u00edtat\u00e1s\u00e1ra t\u00f6rekedett. [&hellip;]<\/p>\n","protected":false},"featured_media":0,"comment_status":"open","ping_status":"closed","template":"","meta":[],"product_brand":[],"product_cat":[137],"product_tag":[],"class_list":{"0":"post-6560","1":"product","2":"type-product","3":"status-publish","5":"product_cat-maros-megyei-eletrajzi-lexikon","7":"first","8":"instock","9":"shipping-taxable","10":"product-type-simple"},"_links":{"self":[{"href":"https:\/\/uj.adatbank.ro\/lexikon\/wp-json\/wp\/v2\/product\/6560","targetHints":{"allow":["GET"]}}],"collection":[{"href":"https:\/\/uj.adatbank.ro\/lexikon\/wp-json\/wp\/v2\/product"}],"about":[{"href":"https:\/\/uj.adatbank.ro\/lexikon\/wp-json\/wp\/v2\/types\/product"}],"replies":[{"embeddable":true,"href":"https:\/\/uj.adatbank.ro\/lexikon\/wp-json\/wp\/v2\/comments?post=6560"}],"wp:attachment":[{"href":"https:\/\/uj.adatbank.ro\/lexikon\/wp-json\/wp\/v2\/media?parent=6560"}],"wp:term":[{"taxonomy":"product_brand","embeddable":true,"href":"https:\/\/uj.adatbank.ro\/lexikon\/wp-json\/wp\/v2\/product_brand?post=6560"},{"taxonomy":"product_cat","embeddable":true,"href":"https:\/\/uj.adatbank.ro\/lexikon\/wp-json\/wp\/v2\/product_cat?post=6560"},{"taxonomy":"product_tag","embeddable":true,"href":"https:\/\/uj.adatbank.ro\/lexikon\/wp-json\/wp\/v2\/product_tag?post=6560"}],"curies":[{"name":"wp","href":"https:\/\/api.w.org\/{rel}","templated":true}]}}

DARVAS Erzsébet

<p>Csiktapolca, 1924., † Mv.? : tanár. Középiskolát Csíkszeredában vézett, érettségizett (1944). Kv.-on a BTE francia-m. szakon szerzett tanári okl. -t (1948). Egy évig Csíkszeredában tanított, majd Mv.-re került, a Bolyai líc. -ba, ahol nyugdíjazásáig tanított (1951–81). Párizsban a Nemzetközi Oktatási Központban részt vett egy továbbképző tanfolyamon (1967). Korszerű módszerekkel az élő francia nyelv elsajáttítatására törekedett. Megbízták a megye francia szakos tanárok pedagógiai körének vezetésével, majd a Tanítók Háza rendezvényein a megye összes idegen nyelvszakos tanárok bizottmányának irányításával. Előadásokat tartott a Népi Egyetemen és a mv.-i rádió francia nyelvlecke sorozatát is vezette. <br /><strong>Irod.:</strong> Madaras</br></p>

<p>Csiktapolca, 1924., † Mv.? : tanár. Középiskolát Csíkszeredában vézett, érettségizett (1944). Kv.-on a BTE francia-m. szakon szerzett tanári okl. -t (1948). Egy évig Csíkszeredában tanított, majd Mv.-re került, a Bolyai líc. -ba, ahol nyugdíjazásáig tanított (1951–81). Párizsban a Nemzetközi Oktatási Központban részt vett egy továbbképző tanfolyamon (1967). Korszerű módszerekkel az élő francia nyelv elsajáttítatására törekedett. [&hellip;]</p>
