{"id":6561,"date":"2025-06-28T17:56:58","date_gmt":"2025-06-28T15:56:58","guid":{"rendered":"https:\/\/uj.adatbank.ro\/lexikon\/termek\/darvas-ignac-%c2%a7\/"},"modified":"2025-06-28T17:56:58","modified_gmt":"2025-06-28T15:56:58","slug":"darvas-ignac-%c2%a7","status":"publish","type":"product","link":"https:\/\/uj.adatbank.ro\/lexikon\/termek\/darvas-ignac-%c2%a7\/","title":{"rendered":"DARVAS Ign\u00e1c \u00a7"},"content":{"rendered":"<p>Tusn\u00e1d, 1931. febr. 1., \u2020 Sz\u00e1szr\u00e9gen, 2006. jan. 31.: tan\u00e1r. \u2013 Feles\u00e9ge: S\u00e1rosi Sz\u00e9kely Anna (Sz\u00e1szr\u00e9gen, 1936. -Sz\u00e1szr\u00e9gen, 1999. m\u00e1rc. 17.), tan\u00e1rn\u0151. \u2013 Kv.-on a BBTE v\u00e9gzettje (1956). I. fokozat\u00fa tan\u00e1r. Sz\u00e1szr\u00e9genben tan\u00edtott (1956\u201393), vezette a taner\u0151k ped.-i k\u00f6r\u00e9t (1988\u2013). Tagja volt a r\u00e9geni N\u00e9psz\u00ednh\u00e1znak (1958\u201364) \u00e9s a taner\u0151k k\u00f3rus\u00e1nak (1957\u201381). El\u0151ad\u00e1sokkal, k\u00f6nyvrecenzi\u00f3kkal bekapcsol\u00f3dott a Kem\u00e9ny J\u00e1nos M\u0171vel\u0151d\u00e9si Egylet tev\u00e9kenys\u00e9g\u00e9be. Aleln\u00f6ke volt a r\u00e9geni RMDSZ-nek (1989\u201390), v\u00e1rosi tan\u00e1cstag (1992\u201393). Alap\u00edt\u00f3tagja volt a Kem\u00e9ny J\u00e1nos M\u0171vel\u0151d\u00e9si Egyes\u00fcletnek, a Rom\u00e1niai M. Pedag\u00f3gusok Egyes\u00fclet\u00e9nek, a Bolyai Egyes\u00fcletnek, a kv.-i Sz\u00e9pm\u0171ves C\u00e9hnek. Orosz \u2013 rom\u00e1n ford\u00edt\u00e1sai is vannak. T\u00f6bb verse \u00e9s cikke jelent meg a Sz\u00e1szr\u00e9gen \u00e9s vid\u00e9ke c. helyi lapban, amelynek hal\u00e1l\u00e1ig szerk.-je. Cikkei az El\u0151re, Rom\u00e1niai Magyar Sz\u00f3, Vas\u00e1rnap, N\u00fa. has\u00e1bjain jelentek meg. Kezdem\u00e9nyez\u0151je \u00e9s eln\u00f6ke a sz\u00e1szr\u00e9geni, M\u00e1ncz J\u00e1nos tisztelet\u00e9re \u00e9s eml\u00e9k\u00e9re l\u00e9trehozott alap\u00edtv\u00e1nynak, amely minden iskolai \u00e9v v\u00e9g\u00e9n d\u00edjazza a kimagasl\u00f3 eredm\u00e9nyeket el\u00e9rt di\u00e1kokat. <br \/><strong>Irod.:<\/strong> EMKK2010; Profiluri reghinene; RMKK; <\/br><\/p>\n","protected":false},"excerpt":{"rendered":"<p>Tusn\u00e1d, 1931. febr. 1., \u2020 Sz\u00e1szr\u00e9gen, 2006. jan. 31.: tan\u00e1r. \u2013 Feles\u00e9ge: S\u00e1rosi Sz\u00e9kely Anna (Sz\u00e1szr\u00e9gen, 1936. -Sz\u00e1szr\u00e9gen, 1999. m\u00e1rc. 17.), tan\u00e1rn\u0151. \u2013 Kv.-on a BBTE v\u00e9gzettje (1956). I. fokozat\u00fa tan\u00e1r. Sz\u00e1szr\u00e9genben tan\u00edtott (1956\u201393), vezette a taner\u0151k ped.-i k\u00f6r\u00e9t (1988\u2013). Tagja volt a r\u00e9geni N\u00e9psz\u00ednh\u00e1znak (1958\u201364) \u00e9s a taner\u0151k k\u00f3rus\u00e1nak (1957\u201381). El\u0151ad\u00e1sokkal, k\u00f6nyvrecenzi\u00f3kkal bekapcsol\u00f3dott a [&hellip;]<\/p>\n","protected":false},"featured_media":0,"comment_status":"open","ping_status":"closed","template":"","meta":[],"product_brand":[],"product_cat":[137],"product_tag":[],"class_list":{"0":"post-6561","1":"product","2":"type-product","3":"status-publish","5":"product_cat-maros-megyei-eletrajzi-lexikon","7":"first","8":"instock","9":"shipping-taxable","10":"product-type-simple"},"_links":{"self":[{"href":"https:\/\/uj.adatbank.ro\/lexikon\/wp-json\/wp\/v2\/product\/6561","targetHints":{"allow":["GET"]}}],"collection":[{"href":"https:\/\/uj.adatbank.ro\/lexikon\/wp-json\/wp\/v2\/product"}],"about":[{"href":"https:\/\/uj.adatbank.ro\/lexikon\/wp-json\/wp\/v2\/types\/product"}],"replies":[{"embeddable":true,"href":"https:\/\/uj.adatbank.ro\/lexikon\/wp-json\/wp\/v2\/comments?post=6561"}],"wp:attachment":[{"href":"https:\/\/uj.adatbank.ro\/lexikon\/wp-json\/wp\/v2\/media?parent=6561"}],"wp:term":[{"taxonomy":"product_brand","embeddable":true,"href":"https:\/\/uj.adatbank.ro\/lexikon\/wp-json\/wp\/v2\/product_brand?post=6561"},{"taxonomy":"product_cat","embeddable":true,"href":"https:\/\/uj.adatbank.ro\/lexikon\/wp-json\/wp\/v2\/product_cat?post=6561"},{"taxonomy":"product_tag","embeddable":true,"href":"https:\/\/uj.adatbank.ro\/lexikon\/wp-json\/wp\/v2\/product_tag?post=6561"}],"curies":[{"name":"wp","href":"https:\/\/api.w.org\/{rel}","templated":true}]}}

DARVAS Ignác §

<p>Tusnád, 1931. febr. 1., † Szászrégen, 2006. jan. 31.: tanár. – Felesége: Sárosi Székely Anna (Szászrégen, 1936. -Szászrégen, 1999. márc. 17.), tanárnő. – Kv.-on a BBTE végzettje (1956). I. fokozatú tanár. Szászrégenben tanított (1956–93), vezette a tanerők ped.-i körét (1988–). Tagja volt a régeni Népszínháznak (1958–64) és a tanerők kórusának (1957–81). Előadásokkal, könyvrecenziókkal bekapcsolódott a Kemény János Művelődési Egylet tevékenységébe. Alelnöke volt a régeni RMDSZ-nek (1989–90), városi tanácstag (1992–93). Alapítótagja volt a Kemény János Művelődési Egyesületnek, a Romániai M. Pedagógusok Egyesületének, a Bolyai Egyesületnek, a kv.-i Szépműves Céhnek. Orosz – román fordításai is vannak. Több verse és cikke jelent meg a Szászrégen és vidéke c. helyi lapban, amelynek haláláig szerk.-je. Cikkei az Előre, Romániai Magyar Szó, Vasárnap, Nú. hasábjain jelentek meg. Kezdeményezője és elnöke a szászrégeni, Máncz János tiszteletére és emlékére létrehozott alapítványnak, amely minden iskolai év végén díjazza a kimagasló eredményeket elért diákokat. <br /><strong>Irod.:</strong> EMKK2010; Profiluri reghinene; RMKK; </br></p>

<p>Tusnád, 1931. febr. 1., † Szászrégen, 2006. jan. 31.: tanár. – Felesége: Sárosi Székely Anna (Szászrégen, 1936. -Szászrégen, 1999. márc. 17.), tanárnő. – Kv.-on a BBTE végzettje (1956). I. fokozatú tanár. Szászrégenben tanított (1956–93), vezette a tanerők ped.-i körét (1988–). Tagja volt a régeni Népszínháznak (1958–64) és a tanerők kórusának (1957–81). Előadásokkal, könyvrecenziókkal bekapcsolódott a [&hellip;]</p>
