{"id":6563,"date":"2025-06-28T17:57:00","date_gmt":"2025-06-28T15:57:00","guid":{"rendered":"https:\/\/uj.adatbank.ro\/lexikon\/termek\/darvas-istvan\/"},"modified":"2025-06-28T17:57:00","modified_gmt":"2025-06-28T15:57:00","slug":"darvas-istvan","status":"publish","type":"product","link":"https:\/\/uj.adatbank.ro\/lexikon\/termek\/darvas-istvan\/","title":{"rendered":"DARVAS Istv\u00e1n"},"content":{"rendered":"<p>Cs\u00edkkozm\u00e1s, 1924., \u2020 Mv., 2015.: orvos. \u2013 A MOGYI orvosi szak\u00e1n v\u00e9gzett (1951), doktori \u00e9rtekez\u00e9s\u00e9t is megv\u00e9dte (1972). Mv.-en az OGYI gyakornoka (1949\u201351), tan\u00e1rseg\u00e9d a R\u00f6ntgen Klinik\u00e1n (1951\u2013), f\u0151orvos, adjunktus (1989\u20131993), v\u00e9g\u00fcl el\u0151ad\u00f3tan\u00e1r. Szakkonferenci\u00e1kon vett r\u00e9szt, cikkei, tanulm\u00e1nyai szakk\u00f6nyvei \u00edr\u00e1sban jelentek meg. <br \/><strong>Irod.:<\/strong> Kiss-P.-P..<\/br><\/p>\n","protected":false},"excerpt":{"rendered":"<p>Cs\u00edkkozm\u00e1s, 1924., \u2020 Mv., 2015.: orvos. \u2013 A MOGYI orvosi szak\u00e1n v\u00e9gzett (1951), doktori \u00e9rtekez\u00e9s\u00e9t is megv\u00e9dte (1972). Mv.-en az OGYI gyakornoka (1949\u201351), tan\u00e1rseg\u00e9d a R\u00f6ntgen Klinik\u00e1n (1951\u2013), f\u0151orvos, adjunktus (1989\u20131993), v\u00e9g\u00fcl el\u0151ad\u00f3tan\u00e1r. Szakkonferenci\u00e1kon vett r\u00e9szt, cikkei, tanulm\u00e1nyai szakk\u00f6nyvei \u00edr\u00e1sban jelentek meg. Irod.: Kiss-P.-P..<\/p>\n","protected":false},"featured_media":0,"comment_status":"open","ping_status":"closed","template":"","meta":[],"product_brand":[],"product_cat":[137],"product_tag":[],"class_list":{"0":"post-6563","1":"product","2":"type-product","3":"status-publish","5":"product_cat-maros-megyei-eletrajzi-lexikon","7":"first","8":"instock","9":"shipping-taxable","10":"product-type-simple"},"_links":{"self":[{"href":"https:\/\/uj.adatbank.ro\/lexikon\/wp-json\/wp\/v2\/product\/6563","targetHints":{"allow":["GET"]}}],"collection":[{"href":"https:\/\/uj.adatbank.ro\/lexikon\/wp-json\/wp\/v2\/product"}],"about":[{"href":"https:\/\/uj.adatbank.ro\/lexikon\/wp-json\/wp\/v2\/types\/product"}],"replies":[{"embeddable":true,"href":"https:\/\/uj.adatbank.ro\/lexikon\/wp-json\/wp\/v2\/comments?post=6563"}],"wp:attachment":[{"href":"https:\/\/uj.adatbank.ro\/lexikon\/wp-json\/wp\/v2\/media?parent=6563"}],"wp:term":[{"taxonomy":"product_brand","embeddable":true,"href":"https:\/\/uj.adatbank.ro\/lexikon\/wp-json\/wp\/v2\/product_brand?post=6563"},{"taxonomy":"product_cat","embeddable":true,"href":"https:\/\/uj.adatbank.ro\/lexikon\/wp-json\/wp\/v2\/product_cat?post=6563"},{"taxonomy":"product_tag","embeddable":true,"href":"https:\/\/uj.adatbank.ro\/lexikon\/wp-json\/wp\/v2\/product_tag?post=6563"}],"curies":[{"name":"wp","href":"https:\/\/api.w.org\/{rel}","templated":true}]}}