{"id":6566,"date":"2025-06-28T17:57:04","date_gmt":"2025-06-28T15:57:04","guid":{"rendered":"https:\/\/uj.adatbank.ro\/lexikon\/termek\/darvas-mor-%c2%a7\/"},"modified":"2025-06-28T17:57:04","modified_gmt":"2025-06-28T15:57:04","slug":"darvas-mor-%c2%a7","status":"publish","type":"product","link":"https:\/\/uj.adatbank.ro\/lexikon\/termek\/darvas-mor-%c2%a7\/","title":{"rendered":"DARVAS M\u00f3r, \u00a7"},"content":{"rendered":"<p>\u00c9rvasad, 1875., \u2020\u00a01944?: fatermel\u0151 \u00e9s fakeresked\u0151, cionista vezet\u0151. \u2013 Apja keresked\u0151 volt. \u2013 A k\u00f6z\u00e9piskola elv\u00e9gz\u00e9se ut\u00e1n fakeresked\u0151 lett s mint tisztvisel\u0151 dolgozott gr. Mikes erd\u0151uradalm\u00e1n\u00e1l, az Erd\u00e9lyi Erd\u0151iparn\u00e1l, a Csikmegyei Erd\u0151iparn\u00e1l, Di\u00f3s Ign\u00e1c \u00e9s Fia c\u00e9gn\u00e9l, majd Klein S\u00e1mueln\u00e9l Brass\u00f3ban. Marosludason \u00f6n\u00e1ll\u00f3s\u00edtotta mag\u00e1t (1907\u2013), majd Elekes J\u00f3zseffel t\u00e1rsulva Mv.-re helyezt\u00e9k \u00e1t k\u00f6zpontjukat: Darvas M\u00f3r \u00e9s T\u00e1rsa Fatermel\u0151 \u00e9s Fakeresked\u0151 c\u00e9g n\u00e9ven. A mv.-i Jewish Agency tagozati eln\u00f6ke. A mv.-i cionista mozgalom tagja, az Erd\u00e9lyi Keren H\u00e1jeszod eln\u00f6ke, a K. K. L. biztosa, \u00e9s az izraelita statusz-quo hitk\u00f6zs\u00e9g aleln\u00f6ke, majd utols\u00f3 eln\u00f6ke. A helyi hat\u00f3s\u00e1gokn\u00e1l sikertelen\u00fcl j\u00e1rt k\u00f6zben a mv.-i zsid\u00f3k \u00e9rdek\u00e9ben, hogy az \u00f6sszegy\u0171jt\u00f6tt zsid\u00f3kat a v\u00e1ros ter\u00fclet\u00e9n, az Apoll\u00f3 \u00e9s m\u00e1s \u00e9p\u00fcletekben gett\u00f3zz\u00e1k, ne vigy\u00e9k \u0151ket a t\u00e9glagy\u00e1rhoz, mert ott embertelen k\u00f6r\u00fclm\u00e9nyek k\u00f6z\u00f6tt kellett \u00e9lnie (v\u00edzhi\u00e1ny, WC hi\u00e1ny, sz\u0171k hely) a 7380 szem\u00e9lynek. A Gestapo akkor m\u00e1r hatalm\u00e1ban tartotta Mv. v\u00e1rost (1944. \u00e1pr. 29). A mv.-i zsid\u00f3tan\u00e1cs tagja (1944). Mv.-r\u0151l feles\u00e9g\u00e9vel (1878\u2013) egy\u00fctt deport\u00e1lt\u00e1k (1944. m\u00e1j. 29.). <br \/><strong>Irod.:<\/strong> B\u0103la\u015f-Kocsis; EBKL; Id\u0151t\u00e1r 3; Ki kicsoda\u00a0?; Mv. zsid\u00f3s\u00e1ga; Sebesty\u00e9n Mih\u00e1ly 2000<\/br><\/p>\n","protected":false},"excerpt":{"rendered":"<p>\u00c9rvasad, 1875., \u2020\u00a01944?: fatermel\u0151 \u00e9s fakeresked\u0151, cionista vezet\u0151. \u2013 Apja keresked\u0151 volt. \u2013 A k\u00f6z\u00e9piskola elv\u00e9gz\u00e9se ut\u00e1n fakeresked\u0151 lett s mint tisztvisel\u0151 dolgozott gr. Mikes erd\u0151uradalm\u00e1n\u00e1l, az Erd\u00e9lyi Erd\u0151iparn\u00e1l, a Csikmegyei Erd\u0151iparn\u00e1l, Di\u00f3s Ign\u00e1c \u00e9s Fia c\u00e9gn\u00e9l, majd Klein S\u00e1mueln\u00e9l Brass\u00f3ban. Marosludason \u00f6n\u00e1ll\u00f3s\u00edtotta mag\u00e1t (1907\u2013), majd Elekes J\u00f3zseffel t\u00e1rsulva Mv.-re helyezt\u00e9k \u00e1t k\u00f6zpontjukat: Darvas M\u00f3r [&hellip;]<\/p>\n","protected":false},"featured_media":0,"comment_status":"open","ping_status":"closed","template":"","meta":[],"product_brand":[],"product_cat":[137],"product_tag":[],"class_list":{"0":"post-6566","1":"product","2":"type-product","3":"status-publish","5":"product_cat-maros-megyei-eletrajzi-lexikon","7":"first","8":"instock","9":"shipping-taxable","10":"product-type-simple"},"_links":{"self":[{"href":"https:\/\/uj.adatbank.ro\/lexikon\/wp-json\/wp\/v2\/product\/6566","targetHints":{"allow":["GET"]}}],"collection":[{"href":"https:\/\/uj.adatbank.ro\/lexikon\/wp-json\/wp\/v2\/product"}],"about":[{"href":"https:\/\/uj.adatbank.ro\/lexikon\/wp-json\/wp\/v2\/types\/product"}],"replies":[{"embeddable":true,"href":"https:\/\/uj.adatbank.ro\/lexikon\/wp-json\/wp\/v2\/comments?post=6566"}],"wp:attachment":[{"href":"https:\/\/uj.adatbank.ro\/lexikon\/wp-json\/wp\/v2\/media?parent=6566"}],"wp:term":[{"taxonomy":"product_brand","embeddable":true,"href":"https:\/\/uj.adatbank.ro\/lexikon\/wp-json\/wp\/v2\/product_brand?post=6566"},{"taxonomy":"product_cat","embeddable":true,"href":"https:\/\/uj.adatbank.ro\/lexikon\/wp-json\/wp\/v2\/product_cat?post=6566"},{"taxonomy":"product_tag","embeddable":true,"href":"https:\/\/uj.adatbank.ro\/lexikon\/wp-json\/wp\/v2\/product_tag?post=6566"}],"curies":[{"name":"wp","href":"https:\/\/api.w.org\/{rel}","templated":true}]}}

DARVAS Mór, §

<p>Érvasad, 1875., † 1944?: fatermelő és fakereskedő, cionista vezető. – Apja kereskedő volt. – A középiskola elvégzése után fakereskedő lett s mint tisztviselő dolgozott gr. Mikes erdőuradalmánál, az Erdélyi Erdőiparnál, a Csikmegyei Erdőiparnál, Diós Ignác és Fia cégnél, majd Klein Sámuelnél Brassóban. Marosludason önállósította magát (1907–), majd Elekes Józseffel társulva Mv.-re helyezték át központjukat: Darvas Mór és Társa Fatermelő és Fakereskedő cég néven. A mv.-i Jewish Agency tagozati elnöke. A mv.-i cionista mozgalom tagja, az Erdélyi Keren Hájeszod elnöke, a K. K. L. biztosa, és az izraelita statusz-quo hitközség alelnöke, majd utolsó elnöke. A helyi hatóságoknál sikertelenül járt közben a mv.-i zsidók érdekében, hogy az összegyűjtött zsidókat a város területén, az Apolló és más épületekben gettózzák, ne vigyék őket a téglagyárhoz, mert ott embertelen körülmények között kellett élnie (vízhiány, WC hiány, szűk hely) a 7380 személynek. A Gestapo akkor már hatalmában tartotta Mv. várost (1944. ápr. 29). A mv.-i zsidótanács tagja (1944). Mv.-ről feleségével (1878–) együtt deportálták (1944. máj. 29.). <br /><strong>Irod.:</strong> Bălaş-Kocsis; EBKL; Időtár 3; Ki kicsoda ?; Mv. zsidósága; Sebestyén Mihály 2000</br></p>

<p>Érvasad, 1875., † 1944?: fatermelő és fakereskedő, cionista vezető. – Apja kereskedő volt. – A középiskola elvégzése után fakereskedő lett s mint tisztviselő dolgozott gr. Mikes erdőuradalmánál, az Erdélyi Erdőiparnál, a Csikmegyei Erdőiparnál, Diós Ignác és Fia cégnél, majd Klein Sámuelnél Brassóban. Marosludason önállósította magát (1907–), majd Elekes Józseffel társulva Mv.-re helyezték át központjukat: Darvas Mór [&hellip;]</p>
