{"id":6570,"date":"2025-06-28T17:57:13","date_gmt":"2025-06-28T15:57:13","guid":{"rendered":"https:\/\/uj.adatbank.ro\/lexikon\/termek\/dascalu-ioan-%c2%a7\/"},"modified":"2025-06-28T17:57:13","modified_gmt":"2025-06-28T15:57:13","slug":"dascalu-ioan-%c2%a7","status":"publish","type":"product","link":"https:\/\/uj.adatbank.ro\/lexikon\/termek\/dascalu-ioan-%c2%a7\/","title":{"rendered":"DASC\u0102LU Ioan \u00a7"},"content":{"rendered":"<p>Mez\u0151gerebenes, 1910., \u2020\u00a0? : tan\u00e1r. \u2013 Tan\u00edt\u00f3k\u00e9nt kezdte nevel\u0151i p\u00e1ly\u00e1j\u00e1t (1934). Nagyercse, Als\u00f3k\u00f6h\u00e9r, Mez\u0151gerebenes (1939\u201340), Mez\u0151b\u00e1ndon tan\u00edtott. Rom\u00e1n nyelv- \u00e9s irodalomtan\u00e1r \u00e9s igazgat\u00f3 Kisikland, Cserged (1950\u2013), Mez\u0151b\u00e1nd k\u00f6zs\u00e9gekben (1963\u2013). <br \/><strong>Irod.:<\/strong> Bosoanc\u0103\u2013Opri\u015f; MMK; Omagiu<\/br><\/p>\n","protected":false},"excerpt":{"rendered":"<p>Mez\u0151gerebenes, 1910., \u2020\u00a0? : tan\u00e1r. \u2013 Tan\u00edt\u00f3k\u00e9nt kezdte nevel\u0151i p\u00e1ly\u00e1j\u00e1t (1934). Nagyercse, Als\u00f3k\u00f6h\u00e9r, Mez\u0151gerebenes (1939\u201340), Mez\u0151b\u00e1ndon tan\u00edtott. Rom\u00e1n nyelv- \u00e9s irodalomtan\u00e1r \u00e9s igazgat\u00f3 Kisikland, Cserged (1950\u2013), Mez\u0151b\u00e1nd k\u00f6zs\u00e9gekben (1963\u2013). Irod.: Bosoanc\u0103\u2013Opri\u015f; MMK; Omagiu<\/p>\n","protected":false},"featured_media":0,"comment_status":"open","ping_status":"closed","template":"","meta":[],"product_brand":[],"product_cat":[137],"product_tag":[],"class_list":{"0":"post-6570","1":"product","2":"type-product","3":"status-publish","5":"product_cat-maros-megyei-eletrajzi-lexikon","7":"first","8":"instock","9":"shipping-taxable","10":"product-type-simple"},"_links":{"self":[{"href":"https:\/\/uj.adatbank.ro\/lexikon\/wp-json\/wp\/v2\/product\/6570","targetHints":{"allow":["GET"]}}],"collection":[{"href":"https:\/\/uj.adatbank.ro\/lexikon\/wp-json\/wp\/v2\/product"}],"about":[{"href":"https:\/\/uj.adatbank.ro\/lexikon\/wp-json\/wp\/v2\/types\/product"}],"replies":[{"embeddable":true,"href":"https:\/\/uj.adatbank.ro\/lexikon\/wp-json\/wp\/v2\/comments?post=6570"}],"wp:attachment":[{"href":"https:\/\/uj.adatbank.ro\/lexikon\/wp-json\/wp\/v2\/media?parent=6570"}],"wp:term":[{"taxonomy":"product_brand","embeddable":true,"href":"https:\/\/uj.adatbank.ro\/lexikon\/wp-json\/wp\/v2\/product_brand?post=6570"},{"taxonomy":"product_cat","embeddable":true,"href":"https:\/\/uj.adatbank.ro\/lexikon\/wp-json\/wp\/v2\/product_cat?post=6570"},{"taxonomy":"product_tag","embeddable":true,"href":"https:\/\/uj.adatbank.ro\/lexikon\/wp-json\/wp\/v2\/product_tag?post=6570"}],"curies":[{"name":"wp","href":"https:\/\/api.w.org\/{rel}","templated":true}]}}