{"id":6574,"date":"2025-06-28T17:57:21","date_gmt":"2025-06-28T15:57:21","guid":{"rendered":"https:\/\/uj.adatbank.ro\/lexikon\/termek\/daszkel-laszlo\/"},"modified":"2025-06-28T17:57:21","modified_gmt":"2025-06-28T15:57:21","slug":"daszkel-laszlo","status":"publish","type":"product","link":"https:\/\/uj.adatbank.ro\/lexikon\/termek\/daszkel-laszlo\/","title":{"rendered":"D\u00c1SZKEL L\u00e1szl\u00f3"},"content":{"rendered":"<p>? \u2020 ? : zen\u00e9sz. \u2013 A Mv.-i Filharm\u00f3nia alap\u00edt\u00f3 tagja, fuvol\u00e1s. Az els\u0151 koncerten Zeno Vancea vez\u00e9nyelt (1948. okt. 22.). <br \/><strong>Irod.:<\/strong> J\u00e1ray Fekete Katalin (N\u00fa., 2000. nov. 2)<\/br><\/p>\n","protected":false},"excerpt":{"rendered":"<p>? \u2020 ? : zen\u00e9sz. \u2013 A Mv.-i Filharm\u00f3nia alap\u00edt\u00f3 tagja, fuvol\u00e1s. Az els\u0151 koncerten Zeno Vancea vez\u00e9nyelt (1948. okt. 22.). Irod.: J\u00e1ray Fekete Katalin (N\u00fa., 2000. nov. 2)<\/p>\n","protected":false},"featured_media":0,"comment_status":"open","ping_status":"closed","template":"","meta":[],"product_brand":[],"product_cat":[137],"product_tag":[],"class_list":{"0":"post-6574","1":"product","2":"type-product","3":"status-publish","5":"product_cat-maros-megyei-eletrajzi-lexikon","7":"first","8":"instock","9":"shipping-taxable","10":"product-type-simple"},"_links":{"self":[{"href":"https:\/\/uj.adatbank.ro\/lexikon\/wp-json\/wp\/v2\/product\/6574","targetHints":{"allow":["GET"]}}],"collection":[{"href":"https:\/\/uj.adatbank.ro\/lexikon\/wp-json\/wp\/v2\/product"}],"about":[{"href":"https:\/\/uj.adatbank.ro\/lexikon\/wp-json\/wp\/v2\/types\/product"}],"replies":[{"embeddable":true,"href":"https:\/\/uj.adatbank.ro\/lexikon\/wp-json\/wp\/v2\/comments?post=6574"}],"wp:attachment":[{"href":"https:\/\/uj.adatbank.ro\/lexikon\/wp-json\/wp\/v2\/media?parent=6574"}],"wp:term":[{"taxonomy":"product_brand","embeddable":true,"href":"https:\/\/uj.adatbank.ro\/lexikon\/wp-json\/wp\/v2\/product_brand?post=6574"},{"taxonomy":"product_cat","embeddable":true,"href":"https:\/\/uj.adatbank.ro\/lexikon\/wp-json\/wp\/v2\/product_cat?post=6574"},{"taxonomy":"product_tag","embeddable":true,"href":"https:\/\/uj.adatbank.ro\/lexikon\/wp-json\/wp\/v2\/product_tag?post=6574"}],"curies":[{"name":"wp","href":"https:\/\/api.w.org\/{rel}","templated":true}]}}

DÁSZKEL László

<p>? † ? : zenész. – A Mv.-i Filharmónia alapító tagja, fuvolás. Az első koncerten Zeno Vancea vezényelt (1948. okt. 22.). <br /><strong>Irod.:</strong> Járay Fekete Katalin (Nú., 2000. nov. 2)</br></p>

<p>? † ? : zenész. – A Mv.-i Filharmónia alapító tagja, fuvolás. Az első koncerten Zeno Vancea vezényelt (1948. okt. 22.). Irod.: Járay Fekete Katalin (Nú., 2000. nov. 2)</p>
