{"id":6575,"date":"2025-06-28T17:57:23","date_gmt":"2025-06-28T15:57:23","guid":{"rendered":"https:\/\/uj.adatbank.ro\/lexikon\/termek\/datu-viktor\/"},"modified":"2025-06-28T17:57:23","modified_gmt":"2025-06-28T15:57:23","slug":"datu-viktor","status":"publish","type":"product","link":"https:\/\/uj.adatbank.ro\/lexikon\/termek\/datu-viktor\/","title":{"rendered":"DATU Viktor"},"content":{"rendered":"<p>Erd\u0151szentgy\u00f6rgy, 1932. \u2020 ? : grafikus. A M\u0171v\u00e9szeti K\u00f6z\u00e9piskol\u00e1tban v\u00e9gzett (1954). \u00e9s a kv.-i K\u00e9pz\u0151m\u0171v\u00e9szeti F\u0151iskol\u00e1n (1959). Sz\u00e1szr\u00e9genben, majd Mv.-en rajztan\u00e1r, 1966-t\u00f3l a mv.-i M\u00fav\u00e9szeti Liceum fest\u00e9szeti szaktan\u00e1ra. Szerepel a Maros megyei t\u00e1rlatokon, egy\u00e9ni ki\u00e1ll\u00edt\u00e1sai is voltak Mv. en \u00e9s Cs\u00edkszered\u00e1ban. Egy\u00e9ni t\u00e1rlatai voltak Cs\u00edkszered\u00e1ban, Mv.-en. A gyergy\u00f3sz\u00e1rhegyi nemzetk\u00f6zi m\u0171v\u00e9sztelep megh\u00edvottja volt (1983, 1984, 1991-ben). <br \/><strong>Irod.:<\/strong> Szab\u00f3\u2013K\u00e1llai<\/br><\/p>\n","protected":false},"excerpt":{"rendered":"<p>Erd\u0151szentgy\u00f6rgy, 1932. \u2020 ? : grafikus. A M\u0171v\u00e9szeti K\u00f6z\u00e9piskol\u00e1tban v\u00e9gzett (1954). \u00e9s a kv.-i K\u00e9pz\u0151m\u0171v\u00e9szeti F\u0151iskol\u00e1n (1959). Sz\u00e1szr\u00e9genben, majd Mv.-en rajztan\u00e1r, 1966-t\u00f3l a mv.-i M\u00fav\u00e9szeti Liceum fest\u00e9szeti szaktan\u00e1ra. Szerepel a Maros megyei t\u00e1rlatokon, egy\u00e9ni ki\u00e1ll\u00edt\u00e1sai is voltak Mv. en \u00e9s Cs\u00edkszered\u00e1ban. Egy\u00e9ni t\u00e1rlatai voltak Cs\u00edkszered\u00e1ban, Mv.-en. A gyergy\u00f3sz\u00e1rhegyi nemzetk\u00f6zi m\u0171v\u00e9sztelep megh\u00edvottja volt (1983, 1984, 1991-ben). [&hellip;]<\/p>\n","protected":false},"featured_media":0,"comment_status":"open","ping_status":"closed","template":"","meta":[],"product_brand":[],"product_cat":[137],"product_tag":[],"class_list":{"0":"post-6575","1":"product","2":"type-product","3":"status-publish","5":"product_cat-maros-megyei-eletrajzi-lexikon","7":"first","8":"instock","9":"shipping-taxable","10":"product-type-simple"},"_links":{"self":[{"href":"https:\/\/uj.adatbank.ro\/lexikon\/wp-json\/wp\/v2\/product\/6575","targetHints":{"allow":["GET"]}}],"collection":[{"href":"https:\/\/uj.adatbank.ro\/lexikon\/wp-json\/wp\/v2\/product"}],"about":[{"href":"https:\/\/uj.adatbank.ro\/lexikon\/wp-json\/wp\/v2\/types\/product"}],"replies":[{"embeddable":true,"href":"https:\/\/uj.adatbank.ro\/lexikon\/wp-json\/wp\/v2\/comments?post=6575"}],"wp:attachment":[{"href":"https:\/\/uj.adatbank.ro\/lexikon\/wp-json\/wp\/v2\/media?parent=6575"}],"wp:term":[{"taxonomy":"product_brand","embeddable":true,"href":"https:\/\/uj.adatbank.ro\/lexikon\/wp-json\/wp\/v2\/product_brand?post=6575"},{"taxonomy":"product_cat","embeddable":true,"href":"https:\/\/uj.adatbank.ro\/lexikon\/wp-json\/wp\/v2\/product_cat?post=6575"},{"taxonomy":"product_tag","embeddable":true,"href":"https:\/\/uj.adatbank.ro\/lexikon\/wp-json\/wp\/v2\/product_tag?post=6575"}],"curies":[{"name":"wp","href":"https:\/\/api.w.org\/{rel}","templated":true}]}}

<p>Erdőszentgyörgy, 1932. † ? : grafikus. A Művészeti Középiskolátban végzett (1954). és a kv.-i Képzőművészeti Főiskolán (1959). Szászrégenben, majd Mv.-en rajztanár, 1966-tól a mv.-i Múvészeti Liceum festészeti szaktanára. Szerepel a Maros megyei tárlatokon, egyéni kiállításai is voltak Mv. en és Csíkszeredában. Egyéni tárlatai voltak Csíkszeredában, Mv.-en. A gyergyószárhegyi nemzetközi művésztelep meghívottja volt (1983, 1984, 1991-ben). <br /><strong>Irod.:</strong> Szabó–Kállai</br></p>

<p>Erdőszentgyörgy, 1932. † ? : grafikus. A Művészeti Középiskolátban végzett (1954). és a kv.-i Képzőművészeti Főiskolán (1959). Szászrégenben, majd Mv.-en rajztanár, 1966-tól a mv.-i Múvészeti Liceum festészeti szaktanára. Szerepel a Maros megyei tárlatokon, egyéni kiállításai is voltak Mv. en és Csíkszeredában. Egyéni tárlatai voltak Csíkszeredában, Mv.-en. A gyergyószárhegyi nemzetközi művésztelep meghívottja volt (1983, 1984, 1991-ben). [&hellip;]</p>
