{"id":6576,"date":"2025-06-28T17:57:24","date_gmt":"2025-06-28T15:57:24","guid":{"rendered":"https:\/\/uj.adatbank.ro\/lexikon\/termek\/dauda-istvan\/"},"modified":"2025-06-28T17:57:24","modified_gmt":"2025-06-28T15:57:24","slug":"dauda-istvan","status":"publish","type":"product","link":"https:\/\/uj.adatbank.ro\/lexikon\/termek\/dauda-istvan\/","title":{"rendered":"DAUDA Istv\u00e1n"},"content":{"rendered":"<p>Orosh\u00e1za, 1887., \u2020\u00a0? : k\u00e9m\u00e9nysepr\u0151 mester. \u2013Tanulm\u00e1nyai elv\u00e9gz\u00e9se ut\u00e1n a k\u00e9m\u00e9nysepr\u0151 mesters\u00e9get tanulta ki \u00e9s mint seg\u00e9d Mo. nagy v\u00e1rosaiban m\u0171k\u00f6d\u00f6tt, azut\u00e1n \u00f6n\u00e1ll\u00f3 lett, Sz\u00e1szr\u00e9genben v\u00e1rosi k\u00e9m\u00e9nysepr\u0151nek nevezt\u00e9k ki (1918\u2013), azonkiv\u00fcl a Maros \u00e9s Nasz\u00f3d megy\u00e9k K\u00e9m\u00e9nysepr\u0151 Test\u00fclet\u00e9nek jegyz\u0151je, az erd\u00e9lyi szindik\u00e1tus v\u00e1lasztott tagja, a V\u00e1rosrendez\u0151 Bizotts\u00e1gnak, a M. Iparosok Olvas\u00f3 K\u00f6r\u00e9nek \u00e9s t\u00f6bb m\u00e1s szoci\u00e1lis egyes\u00fcletnek volt tagja. M\u0171k\u00f6d\u00e9s\u00e9\u00e9rt Orosh\u00e1z\u00e1n d\u00edcs\u00e9r\u0151 oklevelet kapott (1905). <br \/><strong>Irod.:<\/strong> Ki kicsoda\u00a0?<\/br><\/p>\n","protected":false},"excerpt":{"rendered":"<p>Orosh\u00e1za, 1887., \u2020\u00a0? : k\u00e9m\u00e9nysepr\u0151 mester. \u2013Tanulm\u00e1nyai elv\u00e9gz\u00e9se ut\u00e1n a k\u00e9m\u00e9nysepr\u0151 mesters\u00e9get tanulta ki \u00e9s mint seg\u00e9d Mo. nagy v\u00e1rosaiban m\u0171k\u00f6d\u00f6tt, azut\u00e1n \u00f6n\u00e1ll\u00f3 lett, Sz\u00e1szr\u00e9genben v\u00e1rosi k\u00e9m\u00e9nysepr\u0151nek nevezt\u00e9k ki (1918\u2013), azonkiv\u00fcl a Maros \u00e9s Nasz\u00f3d megy\u00e9k K\u00e9m\u00e9nysepr\u0151 Test\u00fclet\u00e9nek jegyz\u0151je, az erd\u00e9lyi szindik\u00e1tus v\u00e1lasztott tagja, a V\u00e1rosrendez\u0151 Bizotts\u00e1gnak, a M. Iparosok Olvas\u00f3 K\u00f6r\u00e9nek \u00e9s t\u00f6bb m\u00e1s [&hellip;]<\/p>\n","protected":false},"featured_media":0,"comment_status":"open","ping_status":"closed","template":"","meta":[],"product_brand":[],"product_cat":[137],"product_tag":[],"class_list":{"0":"post-6576","1":"product","2":"type-product","3":"status-publish","5":"product_cat-maros-megyei-eletrajzi-lexikon","7":"first","8":"instock","9":"shipping-taxable","10":"product-type-simple"},"_links":{"self":[{"href":"https:\/\/uj.adatbank.ro\/lexikon\/wp-json\/wp\/v2\/product\/6576","targetHints":{"allow":["GET"]}}],"collection":[{"href":"https:\/\/uj.adatbank.ro\/lexikon\/wp-json\/wp\/v2\/product"}],"about":[{"href":"https:\/\/uj.adatbank.ro\/lexikon\/wp-json\/wp\/v2\/types\/product"}],"replies":[{"embeddable":true,"href":"https:\/\/uj.adatbank.ro\/lexikon\/wp-json\/wp\/v2\/comments?post=6576"}],"wp:attachment":[{"href":"https:\/\/uj.adatbank.ro\/lexikon\/wp-json\/wp\/v2\/media?parent=6576"}],"wp:term":[{"taxonomy":"product_brand","embeddable":true,"href":"https:\/\/uj.adatbank.ro\/lexikon\/wp-json\/wp\/v2\/product_brand?post=6576"},{"taxonomy":"product_cat","embeddable":true,"href":"https:\/\/uj.adatbank.ro\/lexikon\/wp-json\/wp\/v2\/product_cat?post=6576"},{"taxonomy":"product_tag","embeddable":true,"href":"https:\/\/uj.adatbank.ro\/lexikon\/wp-json\/wp\/v2\/product_tag?post=6576"}],"curies":[{"name":"wp","href":"https:\/\/api.w.org\/{rel}","templated":true}]}}

DAUDA István

<p>Orosháza, 1887., † ? : kéményseprő mester. –Tanulmányai elvégzése után a kéményseprő mesterséget tanulta ki és mint segéd Mo. nagy városaiban működött, azután önálló lett, Szászrégenben városi kéményseprőnek nevezték ki (1918–), azonkivül a Maros és Naszód megyék Kéményseprő Testületének jegyzője, az erdélyi szindikátus választott tagja, a Városrendező Bizottságnak, a M. Iparosok Olvasó Körének és több más szociális egyesületnek volt tagja. Működéséért Orosházán dícsérő oklevelet kapott (1905). <br /><strong>Irod.:</strong> Ki kicsoda ?</br></p>

<p>Orosháza, 1887., † ? : kéményseprő mester. –Tanulmányai elvégzése után a kéményseprő mesterséget tanulta ki és mint segéd Mo. nagy városaiban működött, azután önálló lett, Szászrégenben városi kéményseprőnek nevezték ki (1918–), azonkivül a Maros és Naszód megyék Kéményseprő Testületének jegyzője, az erdélyi szindikátus választott tagja, a Városrendező Bizottságnak, a M. Iparosok Olvasó Körének és több más [&hellip;]</p>
