{"id":6579,"date":"2025-06-28T17:57:29","date_gmt":"2025-06-28T15:57:29","guid":{"rendered":"https:\/\/uj.adatbank.ro\/lexikon\/termek\/david-antal-alajos-p\/"},"modified":"2025-06-28T17:57:29","modified_gmt":"2025-06-28T15:57:29","slug":"david-antal-alajos-p","status":"publish","type":"product","link":"https:\/\/uj.adatbank.ro\/lexikon\/termek\/david-antal-alajos-p\/","title":{"rendered":"D\u00c1VID Antal Alajos, P."},"content":{"rendered":"<p>Cs\u00edkszereda, 1818. szept. 27., \u2020 Mikh\u00e1za, 1900. m\u00e1j. 15.: r. k. pap, ferences szerzetes, hadnagy, tan\u00e1r, nov\u00edciusmagiszter. \u2013 Be\u00f6lt\u00f6z\u00f6tt (1837. szept. 24.), felszentelt\u00e9k (1842. aug. 31.). Definitor (1898\u20131900). Elhagyta Sz\u00e9kelyudvarhelyen a rendet, hogy r\u00e9szt vehessen az 1848\u201349-es szabads\u00e1gharcban. Hadnagyk\u00e9nt harcolt. A forradalom lever\u00e9se ut\u00e1n a korondi pl\u00e9b\u00e1nos rejtegette szolg\u00e1jak\u00e9nt, majd p\u00e1sztor lett a hegyekben. Nyolc \u00e9v ut\u00e1n juthatott vissza a szerzetes rendbe Mikh\u00e1z\u00e1ra (1857). Gyulafeh\u00e9rv\u00e1ri h\u00e1zf\u0151n\u00f6k. Lelk\u00e9sz Apanagyfaluban, pl\u00e9b\u00e1ni\u00e1t alap\u00edtott. T\u0171rben lelk\u00e9sz (1876) \u00e9s tan\u00edt\u00f3. S\u00edrk\u00f6ve a mikh\u00e1zai templom cimterm\u00e9ben tal\u00e1lhat\u00f3. Csatlakozott az erd\u00e9lyi ferences provincia reformj\u00e1hoz Cs\u00edsz\u00e9r Elek kezdem\u00e9nyez\u0151 \u00e9s L\u00e1szl\u00f3 Polik\u00e1rp diadalraviv\u0151 mell\u00e9. <br \/><strong>Irod.:<\/strong> Gy\u00f6rgy: A ferencrendiek; Pap L.: ferences nyomd\u00e1k; P\u00e1l-Antal \u2013 Szab\u00f3 2.; Sepsisz\u00e9ki<\/br><\/p>\n","protected":false},"excerpt":{"rendered":"<p>Cs\u00edkszereda, 1818. szept. 27., \u2020 Mikh\u00e1za, 1900. m\u00e1j. 15.: r. k. pap, ferences szerzetes, hadnagy, tan\u00e1r, nov\u00edciusmagiszter. \u2013 Be\u00f6lt\u00f6z\u00f6tt (1837. szept. 24.), felszentelt\u00e9k (1842. aug. 31.). Definitor (1898\u20131900). Elhagyta Sz\u00e9kelyudvarhelyen a rendet, hogy r\u00e9szt vehessen az 1848\u201349-es szabads\u00e1gharcban. Hadnagyk\u00e9nt harcolt. A forradalom lever\u00e9se ut\u00e1n a korondi pl\u00e9b\u00e1nos rejtegette szolg\u00e1jak\u00e9nt, majd p\u00e1sztor lett a hegyekben. Nyolc [&hellip;]<\/p>\n","protected":false},"featured_media":0,"comment_status":"open","ping_status":"closed","template":"","meta":[],"product_brand":[],"product_cat":[137],"product_tag":[],"class_list":{"0":"post-6579","1":"product","2":"type-product","3":"status-publish","5":"product_cat-maros-megyei-eletrajzi-lexikon","7":"first","8":"instock","9":"shipping-taxable","10":"product-type-simple"},"_links":{"self":[{"href":"https:\/\/uj.adatbank.ro\/lexikon\/wp-json\/wp\/v2\/product\/6579","targetHints":{"allow":["GET"]}}],"collection":[{"href":"https:\/\/uj.adatbank.ro\/lexikon\/wp-json\/wp\/v2\/product"}],"about":[{"href":"https:\/\/uj.adatbank.ro\/lexikon\/wp-json\/wp\/v2\/types\/product"}],"replies":[{"embeddable":true,"href":"https:\/\/uj.adatbank.ro\/lexikon\/wp-json\/wp\/v2\/comments?post=6579"}],"wp:attachment":[{"href":"https:\/\/uj.adatbank.ro\/lexikon\/wp-json\/wp\/v2\/media?parent=6579"}],"wp:term":[{"taxonomy":"product_brand","embeddable":true,"href":"https:\/\/uj.adatbank.ro\/lexikon\/wp-json\/wp\/v2\/product_brand?post=6579"},{"taxonomy":"product_cat","embeddable":true,"href":"https:\/\/uj.adatbank.ro\/lexikon\/wp-json\/wp\/v2\/product_cat?post=6579"},{"taxonomy":"product_tag","embeddable":true,"href":"https:\/\/uj.adatbank.ro\/lexikon\/wp-json\/wp\/v2\/product_tag?post=6579"}],"curies":[{"name":"wp","href":"https:\/\/api.w.org\/{rel}","templated":true}]}}

DÁVID Antal Alajos, P.

<p>Csíkszereda, 1818. szept. 27., † Mikháza, 1900. máj. 15.: r. k. pap, ferences szerzetes, hadnagy, tanár, novíciusmagiszter. – Beöltözött (1837. szept. 24.), felszentelték (1842. aug. 31.). Definitor (1898–1900). Elhagyta Székelyudvarhelyen a rendet, hogy részt vehessen az 1848–49-es szabadságharcban. Hadnagyként harcolt. A forradalom leverése után a korondi plébános rejtegette szolgájaként, majd pásztor lett a hegyekben. Nyolc év után juthatott vissza a szerzetes rendbe Mikházára (1857). Gyulafehérvári házfőnök. Lelkész Apanagyfaluban, plébániát alapított. Tűrben lelkész (1876) és tanító. Sírköve a mikházai templom cimtermében található. Csatlakozott az erdélyi ferences provincia reformjához Csíszér Elek kezdeményező és László Polikárp diadalravivő mellé. <br /><strong>Irod.:</strong> György: A ferencrendiek; Pap L.: ferences nyomdák; Pál-Antal – Szabó 2.; Sepsiszéki</br></p>

<p>Csíkszereda, 1818. szept. 27., † Mikháza, 1900. máj. 15.: r. k. pap, ferences szerzetes, hadnagy, tanár, novíciusmagiszter. – Beöltözött (1837. szept. 24.), felszentelték (1842. aug. 31.). Definitor (1898–1900). Elhagyta Székelyudvarhelyen a rendet, hogy részt vehessen az 1848–49-es szabadságharcban. Hadnagyként harcolt. A forradalom leverése után a korondi plébános rejtegette szolgájaként, majd pásztor lett a hegyekben. Nyolc [&hellip;]</p>
