{"id":6582,"date":"2025-06-28T17:57:36","date_gmt":"2025-06-28T15:57:36","guid":{"rendered":"https:\/\/uj.adatbank.ro\/lexikon\/termek\/david-ferenc\/"},"modified":"2025-06-28T17:57:36","modified_gmt":"2025-06-28T15:57:36","slug":"david-ferenc","status":"publish","type":"product","link":"https:\/\/uj.adatbank.ro\/lexikon\/termek\/david-ferenc\/","title":{"rendered":"D\u00c1VID Ferenc"},"content":{"rendered":"<p>1520. k. \u2020\u00a01579.: vall\u00e1salap\u00edt\u00f3, sz\u00e1szreform\u00e1tor, erd\u00e9lyi szuperintendens. \u2013 Zsinatot h\u00edvott \u00f6ssze Mv.-en az unit. hitt\u00e9tel v\u00e9delm\u00e9ben, \u00e1m a zsinat meger\u0151s\u00edtette az \u00f6t \u00e9vvel kor\u00e1bbi hitvall\u00e1st, fenntartotta a szenth\u00e1roms\u00e1g tan\u00e1t \u00e9s a Heidelbergi K\u00e1t\u00e9t (1566); Zsinatot h\u00edvott \u00f6ssze Mv.-en, c\u00e9lja, hogy megc\u00e1folja M\u00e9liusz Juh\u00e1sz P\u00e9ter \u00e1ltal k\u00e9pviselt mv.-i hitvall\u00e1s t\u00e9teleit. Hitvita volt a v\u00e1rtemplomban (1567). Hitvita G\u00f6csi M\u00e1t\u00e9val a V\u00e1rtemplomban tartott ogy. keret\u00e9ben J\u00e1nos Zsigmond jelenl\u00e9t\u00e9ben (1571). <br \/><strong>Irod.:<\/strong> Egyed \u00c1. 2006; D\u00e1vid Ferenc, 1579\u20131579. Cikkgy\u0171jtem\u00e9ny (Kv., 1979); F\u00e9ja; Id\u0151t\u00e1r 1.<\/br><\/p>\n","protected":false},"excerpt":{"rendered":"<p>1520. k. \u2020\u00a01579.: vall\u00e1salap\u00edt\u00f3, sz\u00e1szreform\u00e1tor, erd\u00e9lyi szuperintendens. \u2013 Zsinatot h\u00edvott \u00f6ssze Mv.-en az unit. hitt\u00e9tel v\u00e9delm\u00e9ben, \u00e1m a zsinat meger\u0151s\u00edtette az \u00f6t \u00e9vvel kor\u00e1bbi hitvall\u00e1st, fenntartotta a szenth\u00e1roms\u00e1g tan\u00e1t \u00e9s a Heidelbergi K\u00e1t\u00e9t (1566); Zsinatot h\u00edvott \u00f6ssze Mv.-en, c\u00e9lja, hogy megc\u00e1folja M\u00e9liusz Juh\u00e1sz P\u00e9ter \u00e1ltal k\u00e9pviselt mv.-i hitvall\u00e1s t\u00e9teleit. Hitvita volt a v\u00e1rtemplomban (1567). Hitvita [&hellip;]<\/p>\n","protected":false},"featured_media":0,"comment_status":"open","ping_status":"closed","template":"","meta":[],"product_brand":[],"product_cat":[137],"product_tag":[],"class_list":{"0":"post-6582","1":"product","2":"type-product","3":"status-publish","5":"product_cat-maros-megyei-eletrajzi-lexikon","7":"first","8":"instock","9":"shipping-taxable","10":"product-type-simple"},"_links":{"self":[{"href":"https:\/\/uj.adatbank.ro\/lexikon\/wp-json\/wp\/v2\/product\/6582","targetHints":{"allow":["GET"]}}],"collection":[{"href":"https:\/\/uj.adatbank.ro\/lexikon\/wp-json\/wp\/v2\/product"}],"about":[{"href":"https:\/\/uj.adatbank.ro\/lexikon\/wp-json\/wp\/v2\/types\/product"}],"replies":[{"embeddable":true,"href":"https:\/\/uj.adatbank.ro\/lexikon\/wp-json\/wp\/v2\/comments?post=6582"}],"wp:attachment":[{"href":"https:\/\/uj.adatbank.ro\/lexikon\/wp-json\/wp\/v2\/media?parent=6582"}],"wp:term":[{"taxonomy":"product_brand","embeddable":true,"href":"https:\/\/uj.adatbank.ro\/lexikon\/wp-json\/wp\/v2\/product_brand?post=6582"},{"taxonomy":"product_cat","embeddable":true,"href":"https:\/\/uj.adatbank.ro\/lexikon\/wp-json\/wp\/v2\/product_cat?post=6582"},{"taxonomy":"product_tag","embeddable":true,"href":"https:\/\/uj.adatbank.ro\/lexikon\/wp-json\/wp\/v2\/product_tag?post=6582"}],"curies":[{"name":"wp","href":"https:\/\/api.w.org\/{rel}","templated":true}]}}

DÁVID Ferenc

<p>1520. k. † 1579.: vallásalapító, szászreformátor, erdélyi szuperintendens. – Zsinatot hívott össze Mv.-en az unit. hittétel védelmében, ám a zsinat megerősítette az öt évvel korábbi hitvallást, fenntartotta a szentháromság tanát és a Heidelbergi Kátét (1566); Zsinatot hívott össze Mv.-en, célja, hogy megcáfolja Méliusz Juhász Péter által képviselt mv.-i hitvallás tételeit. Hitvita volt a vártemplomban (1567). Hitvita Göcsi Mátéval a Vártemplomban tartott ogy. keretében János Zsigmond jelenlétében (1571). <br /><strong>Irod.:</strong> Egyed Á. 2006; Dávid Ferenc, 1579–1579. Cikkgyűjtemény (Kv., 1979); Féja; Időtár 1.</br></p>

<p>1520. k. † 1579.: vallásalapító, szászreformátor, erdélyi szuperintendens. – Zsinatot hívott össze Mv.-en az unit. hittétel védelmében, ám a zsinat megerősítette az öt évvel korábbi hitvallást, fenntartotta a szentháromság tanát és a Heidelbergi Kátét (1566); Zsinatot hívott össze Mv.-en, célja, hogy megcáfolja Méliusz Juhász Péter által képviselt mv.-i hitvallás tételeit. Hitvita volt a vártemplomban (1567). Hitvita [&hellip;]</p>
