{"id":6583,"date":"2025-06-28T17:57:37","date_gmt":"2025-06-28T15:57:37","guid":{"rendered":"https:\/\/uj.adatbank.ro\/lexikon\/termek\/david-gyorgy\/"},"modified":"2025-06-28T17:57:37","modified_gmt":"2025-06-28T15:57:37","slug":"david-gyorgy","status":"publish","type":"product","link":"https:\/\/uj.adatbank.ro\/lexikon\/termek\/david-gyorgy\/","title":{"rendered":"D\u00c1VID Gy\u00f6rgy"},"content":{"rendered":"<p>Br\u0103ila, 1889. okt. 2., \u2020 Ny\u00e1r\u00e1dszereda, 1949. m\u00e1rc. 17.: ref. lelk\u00e9sz, t\u00f6rt\u00e9n\u00e9sz, sz\u00f3t\u00e1r \u00e9s tank\u00f6nyv\u00edr\u00f3. \u2013 L\u00f3f\u0151 sz\u00e9kely nemesi csal\u00e1d sarja. Elemi iskol\u00e1it Br\u0103ila-n, a k\u00f6z\u00e9piskol\u00e1t Nagyenyeden a Bethlen Koll.-ban v\u00e9gezte, Kv.-on ref. teol\u00f3gi\u00e1t v\u00e9gzett (1915), papp\u00e1 szentelt\u00e9k (1916) \u00e9s tan\u00e1ri oklevelet is szerzett. Szegeden b\u00f6lcs\u00e9szdoktorr\u00e1 avatt\u00e1k (1923). Tan\u00edtott a sz\u00e1szv\u00e1rosi Kuun Koll.-ban \u00e9s a nagyenyedi Bethlen Koll.-ban, ahol zsinati k\u00e9pvisel\u0151 is volt. Papi p\u00e1lyafut\u00e1s\u00e1t, mint seg\u00e9dlelk\u00e9sz kezdte K\u00f6z\u00e1pajt\u00e1n (1913), onnan Szil\u00e1gyszegre ker\u00fclt mint helyettes, majd Als\u00f3b\u00f6lk\u00e9nyben mint rendes lelk\u00e9sz m\u0171k\u00f6d\u00f6tt (\u20131920), amikor mez\u00edtelenre vetk\u0151ztett\u00e9k \u00e9s megbotozt\u00e1k a rom\u00e1n hat\u00f3s\u00e1gok. K\u00e9s\u0151bb B\u00f6z\u00f6d\u00f6n, Kib\u00e9den (1921\u201334), Tord\u00e1n v\u00e9g\u00fcl Ny\u00e1r\u00e1dszered\u00e1ban teljes\u00edtett szolg\u00e1latot, mint ref. lelk\u00e9sz (1938\u2013), majd Bed\u00e9ben szolg\u00e1lt hal\u00e1l\u00e1ig. Volt egyh\u00e1zmegyei f\u0151jegyz\u0151. A KZST tagja (1944\u2013). Cikkeket, tanulm\u00e1nyokat \u00edrt a Ref. Szemle, Sz\u00e9kely K\u00f6z\u00e9let, Brass\u00f3i Lapok, Aranyossz\u00e9k, Erd\u00e9lyi Bar\u00e1zda-ban. Kib\u00e9di katon\u00e1k n\u00e9vjegyz\u00e9ke 1914\u20131918 c. k\u00f6nyvecsk\u00e9j\u00e9ben felt\u0171ntette a szem\u00e9lyi adatokat. Egy ideig az Aranyossz\u00e9k t\u00e1rsszerk.-je volt. R\u00e9szt vett a n\u00e9piskol\u00e1k egys\u00e9ges tank\u00f6nyveinek szerkeszt\u00e9s\u00e9ben. \u2013 <strong>F. m.:<\/strong> Rom\u00e1n-m. \u00e9s m. -rom\u00e1n sz\u00f3t\u00e1r (Brass\u00f3, 1924); Rom\u00e1n nyelvtan \u00e9s gyakorl\u00f3 k\u00f6nyv (Brass\u00f3, 1925); Az erd\u00e9lyi reform\u00e1tus egyh\u00e1zk\u00f6zs\u00e9g XVII. sz\u00e1zadbeli k\u00e9pe (Mv. 1931); <strong>t\u00e1rssz.:<\/strong> Magyarok a K\u00e1rp\u00e1tokon t\u00fal (Nagy Zolt\u00e1nnal, Kv., 1932). <br \/><strong>Irod.:<\/strong> Illy\u00e9s Endre: Egyh\u00e1zfegyelem a m. ref. egyh\u00e1zban (Debrecen, 1941); Katona Szab\u00f3 2001; Kib\u00e9d; Kib\u00e9d \u00e9s egyh\u00e1za; Kib\u00e9d 2.; M\u00e1tyus Andr\u00e1s: Kib\u00e9d els\u0151 vh. -s h\u0151seinek eml\u00e9km\u0171ve (N\u0151., Sz\u00ednes Vil\u00e1g (2015. j\u00fal. 24.); Nagy \u00d6d\u00f6n; Ref. egyetemes n\u00e9vt\u00e1r; RMIL; Sz\u00e9kelyf\u00f6ld \u00ed. k.<\/br><\/p>\n","protected":false},"excerpt":{"rendered":"<p>Br\u0103ila, 1889. okt. 2., \u2020 Ny\u00e1r\u00e1dszereda, 1949. m\u00e1rc. 17.: ref. lelk\u00e9sz, t\u00f6rt\u00e9n\u00e9sz, sz\u00f3t\u00e1r \u00e9s tank\u00f6nyv\u00edr\u00f3. \u2013 L\u00f3f\u0151 sz\u00e9kely nemesi csal\u00e1d sarja. Elemi iskol\u00e1it Br\u0103ila-n, a k\u00f6z\u00e9piskol\u00e1t Nagyenyeden a Bethlen Koll.-ban v\u00e9gezte, Kv.-on ref. teol\u00f3gi\u00e1t v\u00e9gzett (1915), papp\u00e1 szentelt\u00e9k (1916) \u00e9s tan\u00e1ri oklevelet is szerzett. Szegeden b\u00f6lcs\u00e9szdoktorr\u00e1 avatt\u00e1k (1923). Tan\u00edtott a sz\u00e1szv\u00e1rosi Kuun Koll.-ban \u00e9s a [&hellip;]<\/p>\n","protected":false},"featured_media":0,"comment_status":"open","ping_status":"closed","template":"","meta":[],"product_brand":[],"product_cat":[137],"product_tag":[],"class_list":{"0":"post-6583","1":"product","2":"type-product","3":"status-publish","5":"product_cat-maros-megyei-eletrajzi-lexikon","7":"first","8":"instock","9":"shipping-taxable","10":"product-type-simple"},"_links":{"self":[{"href":"https:\/\/uj.adatbank.ro\/lexikon\/wp-json\/wp\/v2\/product\/6583","targetHints":{"allow":["GET"]}}],"collection":[{"href":"https:\/\/uj.adatbank.ro\/lexikon\/wp-json\/wp\/v2\/product"}],"about":[{"href":"https:\/\/uj.adatbank.ro\/lexikon\/wp-json\/wp\/v2\/types\/product"}],"replies":[{"embeddable":true,"href":"https:\/\/uj.adatbank.ro\/lexikon\/wp-json\/wp\/v2\/comments?post=6583"}],"wp:attachment":[{"href":"https:\/\/uj.adatbank.ro\/lexikon\/wp-json\/wp\/v2\/media?parent=6583"}],"wp:term":[{"taxonomy":"product_brand","embeddable":true,"href":"https:\/\/uj.adatbank.ro\/lexikon\/wp-json\/wp\/v2\/product_brand?post=6583"},{"taxonomy":"product_cat","embeddable":true,"href":"https:\/\/uj.adatbank.ro\/lexikon\/wp-json\/wp\/v2\/product_cat?post=6583"},{"taxonomy":"product_tag","embeddable":true,"href":"https:\/\/uj.adatbank.ro\/lexikon\/wp-json\/wp\/v2\/product_tag?post=6583"}],"curies":[{"name":"wp","href":"https:\/\/api.w.org\/{rel}","templated":true}]}}

DÁVID György

<p>Brăila, 1889. okt. 2., † Nyárádszereda, 1949. márc. 17.: ref. lelkész, történész, szótár és tankönyvíró. – Lófő székely nemesi család sarja. Elemi iskoláit Brăila-n, a középiskolát Nagyenyeden a Bethlen Koll.-ban végezte, Kv.-on ref. teológiát végzett (1915), pappá szentelték (1916) és tanári oklevelet is szerzett. Szegeden bölcsészdoktorrá avatták (1923). Tanított a szászvárosi Kuun Koll.-ban és a nagyenyedi Bethlen Koll.-ban, ahol zsinati képviselő is volt. Papi pályafutását, mint segédlelkész kezdte Közápajtán (1913), onnan Szilágyszegre került mint helyettes, majd Alsóbölkényben mint rendes lelkész működött (–1920), amikor mezítelenre vetkőztették és megbotozták a román hatóságok. Később Bözödön, Kibéden (1921–34), Tordán végül Nyárádszeredában teljesített szolgálatot, mint ref. lelkész (1938–), majd Bedében szolgált haláláig. Volt egyházmegyei főjegyző. A KZST tagja (1944–). Cikkeket, tanulmányokat írt a Ref. Szemle, Székely Közélet, Brassói Lapok, Aranyosszék, Erdélyi Barázda-ban. Kibédi katonák névjegyzéke 1914–1918 c. könyvecskéjében feltűntette a személyi adatokat. Egy ideig az Aranyosszék társszerk.-je volt. Részt vett a népiskolák egységes tankönyveinek szerkesztésében. – <strong>F. m.:</strong> Román-m. és m. -román szótár (Brassó, 1924); Román nyelvtan és gyakorló könyv (Brassó, 1925); Az erdélyi református egyházközség XVII. századbeli képe (Mv. 1931); <strong>társsz.:</strong> Magyarok a Kárpátokon túl (Nagy Zoltánnal, Kv., 1932). <br /><strong>Irod.:</strong> Illyés Endre: Egyházfegyelem a m. ref. egyházban (Debrecen, 1941); Katona Szabó 2001; Kibéd; Kibéd és egyháza; Kibéd 2.; Mátyus András: Kibéd első vh. -s hőseinek emlékműve (Nő., Színes Világ (2015. júl. 24.); Nagy Ödön; Ref. egyetemes névtár; RMIL; Székelyföld í. k.</br></p>

<p>Brăila, 1889. okt. 2., † Nyárádszereda, 1949. márc. 17.: ref. lelkész, történész, szótár és tankönyvíró. – Lófő székely nemesi család sarja. Elemi iskoláit Brăila-n, a középiskolát Nagyenyeden a Bethlen Koll.-ban végezte, Kv.-on ref. teológiát végzett (1915), pappá szentelték (1916) és tanári oklevelet is szerzett. Szegeden bölcsészdoktorrá avatták (1923). Tanított a szászvárosi Kuun Koll.-ban és a [&hellip;]</p>
