{"id":6585,"date":"2025-06-28T17:57:42","date_gmt":"2025-06-28T15:57:42","guid":{"rendered":"https:\/\/uj.adatbank.ro\/lexikon\/termek\/david-gyula\/"},"modified":"2025-06-28T17:57:42","modified_gmt":"2025-06-28T15:57:42","slug":"david-gyula","status":"publish","type":"product","link":"https:\/\/uj.adatbank.ro\/lexikon\/termek\/david-gyula\/","title":{"rendered":"D\u00c1VID Gyula"},"content":{"rendered":"<p>Brass\u00f3, 1934. febr. 9. \u2020 1984. m\u00e1rc. 18.: Sz\u00e9kelykereszt\u00far, 1984. m\u00e1rc. 18.: orvos. \u2013 Feles\u00e9ge. Kov\u00e1cs Gy\u00f6ngyv\u00e9r, asszisztens. Gyermekeik: T\u00fcnde (1972. j\u00fan. 7. \u2013), Hajnal (1973. j\u00fal. 22.) \u2013 Sz\u00e1szmedgyesen elemit \u00e9s Sz\u00e9kelykereszt\u00faron k\u00f6z\u00e9piskol\u00e1t v\u00e9gzett (1953). Mv.-en orvostanhallgat\u00f3 (1953\u20131959). Sz\u00e1szn\u00e1dason \u00e1ltal\u00e1nos orvos, k\u00f6rorvos (1959. okt. 15. \u2013 1961. nov. 1.), segesv\u00e1ri k\u00f3rh\u00e1zban (m\u00e1j. -j\u00fan. 1960), N\u00e1dason k\u00f6rorvos (1960. j\u00fal. \u2013), r\u00f6ntgenorvos (1961\u201362), kereszt\u00fari k\u00f3rh\u00e1zban r\u00f6ntgen alorvos (1962. dec. 1. \u2013), szakorvos (1965. febr. 1. \u2013). A r\u00f6ntgenoszt\u00e1ly vezet\u0151je (1972. aug. 1. \u2013), doktor\u00e1lni k\u00e9sz\u00fclt. F\u0151orvos (1975. okt. 1. \u2013), radiol\u00f3gus f\u0151orvos (1978\u2013), a kereszt\u0151ri k\u00f3rh\u00e1z igazgat\u00f3ja (1981. szept. 15. \u2013), v\u00e1rosi f\u0151orvos (1981. dec. 1. \u2013). Az Udvarhelyi V\u00e1rosi k\u00f3rh\u00e1z r\u00f6ntgenoszt\u00e1ly\u00e1nak kialak\u00edt\u00f3ja (1982. febr. 15. \u2013) \u00e9s vezet\u0151je hal\u00e1l\u00e1ig (1983. dec. 1. \u2013) <br \/><strong>Irod.:<\/strong> Nagy L.<\/br><\/p>\n","protected":false},"excerpt":{"rendered":"<p>Brass\u00f3, 1934. febr. 9. \u2020 1984. m\u00e1rc. 18.: Sz\u00e9kelykereszt\u00far, 1984. m\u00e1rc. 18.: orvos. \u2013 Feles\u00e9ge. Kov\u00e1cs Gy\u00f6ngyv\u00e9r, asszisztens. Gyermekeik: T\u00fcnde (1972. j\u00fan. 7. \u2013), Hajnal (1973. j\u00fal. 22.) \u2013 Sz\u00e1szmedgyesen elemit \u00e9s Sz\u00e9kelykereszt\u00faron k\u00f6z\u00e9piskol\u00e1t v\u00e9gzett (1953). Mv.-en orvostanhallgat\u00f3 (1953\u20131959). Sz\u00e1szn\u00e1dason \u00e1ltal\u00e1nos orvos, k\u00f6rorvos (1959. okt. 15. \u2013 1961. nov. 1.), segesv\u00e1ri k\u00f3rh\u00e1zban (m\u00e1j. -j\u00fan. 1960), [&hellip;]<\/p>\n","protected":false},"featured_media":0,"comment_status":"open","ping_status":"closed","template":"","meta":[],"product_brand":[],"product_cat":[137],"product_tag":[],"class_list":{"0":"post-6585","1":"product","2":"type-product","3":"status-publish","5":"product_cat-maros-megyei-eletrajzi-lexikon","7":"first","8":"instock","9":"shipping-taxable","10":"product-type-simple"},"_links":{"self":[{"href":"https:\/\/uj.adatbank.ro\/lexikon\/wp-json\/wp\/v2\/product\/6585","targetHints":{"allow":["GET"]}}],"collection":[{"href":"https:\/\/uj.adatbank.ro\/lexikon\/wp-json\/wp\/v2\/product"}],"about":[{"href":"https:\/\/uj.adatbank.ro\/lexikon\/wp-json\/wp\/v2\/types\/product"}],"replies":[{"embeddable":true,"href":"https:\/\/uj.adatbank.ro\/lexikon\/wp-json\/wp\/v2\/comments?post=6585"}],"wp:attachment":[{"href":"https:\/\/uj.adatbank.ro\/lexikon\/wp-json\/wp\/v2\/media?parent=6585"}],"wp:term":[{"taxonomy":"product_brand","embeddable":true,"href":"https:\/\/uj.adatbank.ro\/lexikon\/wp-json\/wp\/v2\/product_brand?post=6585"},{"taxonomy":"product_cat","embeddable":true,"href":"https:\/\/uj.adatbank.ro\/lexikon\/wp-json\/wp\/v2\/product_cat?post=6585"},{"taxonomy":"product_tag","embeddable":true,"href":"https:\/\/uj.adatbank.ro\/lexikon\/wp-json\/wp\/v2\/product_tag?post=6585"}],"curies":[{"name":"wp","href":"https:\/\/api.w.org\/{rel}","templated":true}]}}

DÁVID Gyula

<p>Brassó, 1934. febr. 9. † 1984. márc. 18.: Székelykeresztúr, 1984. márc. 18.: orvos. – Felesége. Kovács Gyöngyvér, asszisztens. Gyermekeik: Tünde (1972. jún. 7. –), Hajnal (1973. júl. 22.) – Szászmedgyesen elemit és Székelykeresztúron középiskolát végzett (1953). Mv.-en orvostanhallgató (1953–1959). Szásznádason általános orvos, körorvos (1959. okt. 15. – 1961. nov. 1.), segesvári kórházban (máj. -jún. 1960), Nádason körorvos (1960. júl. –), röntgenorvos (1961–62), keresztúri kórházban röntgen alorvos (1962. dec. 1. –), szakorvos (1965. febr. 1. –). A röntgenosztály vezetője (1972. aug. 1. –), doktorálni készült. Főorvos (1975. okt. 1. –), radiológus főorvos (1978–), a keresztőri kórház igazgatója (1981. szept. 15. –), városi főorvos (1981. dec. 1. –). Az Udvarhelyi Városi kórház röntgenosztályának kialakítója (1982. febr. 15. –) és vezetője haláláig (1983. dec. 1. –) <br /><strong>Irod.:</strong> Nagy L.</br></p>

<p>Brassó, 1934. febr. 9. † 1984. márc. 18.: Székelykeresztúr, 1984. márc. 18.: orvos. – Felesége. Kovács Gyöngyvér, asszisztens. Gyermekeik: Tünde (1972. jún. 7. –), Hajnal (1973. júl. 22.) – Szászmedgyesen elemit és Székelykeresztúron középiskolát végzett (1953). Mv.-en orvostanhallgató (1953–1959). Szásznádason általános orvos, körorvos (1959. okt. 15. – 1961. nov. 1.), segesvári kórházban (máj. -jún. 1960), [&hellip;]</p>
