{"id":6586,"date":"2025-06-28T17:57:44","date_gmt":"2025-06-28T15:57:44","guid":{"rendered":"https:\/\/uj.adatbank.ro\/lexikon\/termek\/david-istvan\/"},"modified":"2025-06-28T17:57:44","modified_gmt":"2025-06-28T15:57:44","slug":"david-istvan","status":"publish","type":"product","link":"https:\/\/uj.adatbank.ro\/lexikon\/termek\/david-istvan\/","title":{"rendered":"D\u00c1VID Istv\u00e1n"},"content":{"rendered":"<p>K\u00e9zdiv\u00e1s\u00e1rhely, 1884., \u2020 1952. jan. 2.: jog\u00e1sz. \u2013 D\u00e1vid Antal \u00e9s Cs\u00edky Ida fia. Feles\u00e9ge Cs. Zakari\u00e1s Anna (1882\u20131966). Fi\u00fak: D. Antal-Iv\u00e1n, \u00edr\u00f3. \u2013 Kv.-on az egyetem jogi kar\u00e1n v\u00e9gzett \u00e9s doktor\u00e1lt (1909). Bp.-en a Zeneakad\u00e9mi\u00e1n Kod\u00e1ly Zolt\u00e1n tan\u00edtv\u00e1nyak\u00e9nt zeneszerz\u00e9st tanult, de nem fejezhette be, apja szigor\u00fa parancs\u00e1ra visszat\u00e9rt K\u00e9zdiv\u00e1s\u00e1rhelyre. \u00dcgyv\u00e9di esk\u00fct tett \u00e9s \u00e1tvette az \u00fcgyv\u00e9di oklevelet Mv.-en (1913). Hossz\u00fa ideig nem folytathatott \u00fcgyv\u00e9di tev\u00e9kenys\u00e9get (1920 ut\u00e1n), mert nem tette le a rom\u00e1n h\u0171s\u00e9gesk\u00fct. Kinevezt\u00e9k a mv.-i kir. t\u00f6rv\u00e9nysz\u00e9khez tan\u00e1cseln\u00f6knek (1941\u2013). Mo.-ra telepedett (1945 ut\u00e1n). Kv.-on a M. Sz\u00ednh\u00e1zban j\u00e1tszott\u00e1k a Sz\u00e9kely guzsalyos c. zen\u00e9s sz\u00ednj\u00e1t\u00e9k\u00e1t (1935), amelnek zen\u00e9j\u00e9t szerezte \u00e9s a sz\u00f6veget dr. Ga\u00e1l Alajos \u00edrta. <br \/><strong>Irod.:<\/strong> Sz\u00e1va 2012<\/br><\/p>\n","protected":false},"excerpt":{"rendered":"<p>K\u00e9zdiv\u00e1s\u00e1rhely, 1884., \u2020 1952. jan. 2.: jog\u00e1sz. \u2013 D\u00e1vid Antal \u00e9s Cs\u00edky Ida fia. Feles\u00e9ge Cs. Zakari\u00e1s Anna (1882\u20131966). Fi\u00fak: D. Antal-Iv\u00e1n, \u00edr\u00f3. \u2013 Kv.-on az egyetem jogi kar\u00e1n v\u00e9gzett \u00e9s doktor\u00e1lt (1909). Bp.-en a Zeneakad\u00e9mi\u00e1n Kod\u00e1ly Zolt\u00e1n tan\u00edtv\u00e1nyak\u00e9nt zeneszerz\u00e9st tanult, de nem fejezhette be, apja szigor\u00fa parancs\u00e1ra visszat\u00e9rt K\u00e9zdiv\u00e1s\u00e1rhelyre. \u00dcgyv\u00e9di esk\u00fct tett \u00e9s \u00e1tvette [&hellip;]<\/p>\n","protected":false},"featured_media":0,"comment_status":"open","ping_status":"closed","template":"","meta":[],"product_brand":[],"product_cat":[137],"product_tag":[],"class_list":{"0":"post-6586","1":"product","2":"type-product","3":"status-publish","5":"product_cat-maros-megyei-eletrajzi-lexikon","7":"first","8":"instock","9":"shipping-taxable","10":"product-type-simple"},"_links":{"self":[{"href":"https:\/\/uj.adatbank.ro\/lexikon\/wp-json\/wp\/v2\/product\/6586","targetHints":{"allow":["GET"]}}],"collection":[{"href":"https:\/\/uj.adatbank.ro\/lexikon\/wp-json\/wp\/v2\/product"}],"about":[{"href":"https:\/\/uj.adatbank.ro\/lexikon\/wp-json\/wp\/v2\/types\/product"}],"replies":[{"embeddable":true,"href":"https:\/\/uj.adatbank.ro\/lexikon\/wp-json\/wp\/v2\/comments?post=6586"}],"wp:attachment":[{"href":"https:\/\/uj.adatbank.ro\/lexikon\/wp-json\/wp\/v2\/media?parent=6586"}],"wp:term":[{"taxonomy":"product_brand","embeddable":true,"href":"https:\/\/uj.adatbank.ro\/lexikon\/wp-json\/wp\/v2\/product_brand?post=6586"},{"taxonomy":"product_cat","embeddable":true,"href":"https:\/\/uj.adatbank.ro\/lexikon\/wp-json\/wp\/v2\/product_cat?post=6586"},{"taxonomy":"product_tag","embeddable":true,"href":"https:\/\/uj.adatbank.ro\/lexikon\/wp-json\/wp\/v2\/product_tag?post=6586"}],"curies":[{"name":"wp","href":"https:\/\/api.w.org\/{rel}","templated":true}]}}

DÁVID István

<p>Kézdivásárhely, 1884., † 1952. jan. 2.: jogász. – Dávid Antal és Csíky Ida fia. Felesége Cs. Zakariás Anna (1882–1966). Fiúk: D. Antal-Iván, író. – Kv.-on az egyetem jogi karán végzett és doktorált (1909). Bp.-en a Zeneakadémián Kodály Zoltán tanítványaként zeneszerzést tanult, de nem fejezhette be, apja szigorú parancsára visszatért Kézdivásárhelyre. Ügyvédi esküt tett és átvette az ügyvédi oklevelet Mv.-en (1913). Hosszú ideig nem folytathatott ügyvédi tevékenységet (1920 után), mert nem tette le a román hűségesküt. Kinevezték a mv.-i kir. törvényszékhez tanácselnöknek (1941–). Mo.-ra telepedett (1945 után). Kv.-on a M. Színházban játszották a Székely guzsalyos c. zenés színjátékát (1935), amelnek zenéjét szerezte és a szöveget dr. Gaál Alajos írta. <br /><strong>Irod.:</strong> Száva 2012</br></p>

<p>Kézdivásárhely, 1884., † 1952. jan. 2.: jogász. – Dávid Antal és Csíky Ida fia. Felesége Cs. Zakariás Anna (1882–1966). Fiúk: D. Antal-Iván, író. – Kv.-on az egyetem jogi karán végzett és doktorált (1909). Bp.-en a Zeneakadémián Kodály Zoltán tanítványaként zeneszerzést tanult, de nem fejezhette be, apja szigorú parancsára visszatért Kézdivásárhelyre. Ügyvédi esküt tett és átvette [&hellip;]</p>
