{"id":6587,"date":"2025-06-28T17:57:46","date_gmt":"2025-06-28T15:57:46","guid":{"rendered":"https:\/\/uj.adatbank.ro\/lexikon\/termek\/david-istvan-2\/"},"modified":"2025-06-28T17:57:46","modified_gmt":"2025-06-28T15:57:46","slug":"david-istvan-2","status":"publish","type":"product","link":"https:\/\/uj.adatbank.ro\/lexikon\/termek\/david-istvan-2\/","title":{"rendered":"D\u00c1VID Istv\u00e1n"},"content":{"rendered":"<p>K\u00e9zdiv\u00e1s\u00e1rhely, 1924. m\u00e1j. 27., \u2020 Mv., ?: D\u00e1vid Dezs\u0151 \u00e9s Fej\u00e9r Katalin fia. Feles\u00e9ge. Csulak Magdolna (1929\u20132000). \u2013 Mv.-en szakk\u00f6z\u00e9piskol\u00e1t (1943) \u00e9s Kv.-on n\u00e9pm\u0171v\u00e9szeti f\u0151iskol\u00e1t v\u00e9gzett. K\u00e9zdiv\u00e1s\u00e1rhelyen k\u00f6nyvel\u0151, majd Mv.-en a Sz\u00f6vetkezeti k\u00f6zpont k\u00f6nyvel\u00e9si ellen\u0151re. \u00c9nekkari tenorista a kv.-i \u00c1llami Magyar Oper\u00e1ban (1956\u201360). Rakt\u00e1ros (1965\u201384). A Sz\u00e9kely N\u00e9pi Egy\u00fcttes \u00e9nekese nyugd\u00edjaz\u00e1s\u00e1ig \u00e9s a Filharmonia alkalmazottja, t\u00f6bb sz\u00ednj\u00e1tsz\u00f3 csoport tagja. &#8211;<br \/><strong>Irod.:<\/strong> Sz\u00e1va 2012.<\/br><\/p>\n","protected":false},"excerpt":{"rendered":"<p>K\u00e9zdiv\u00e1s\u00e1rhely, 1924. m\u00e1j. 27., \u2020 Mv., ?: D\u00e1vid Dezs\u0151 \u00e9s Fej\u00e9r Katalin fia. Feles\u00e9ge. Csulak Magdolna (1929\u20132000). \u2013 Mv.-en szakk\u00f6z\u00e9piskol\u00e1t (1943) \u00e9s Kv.-on n\u00e9pm\u0171v\u00e9szeti f\u0151iskol\u00e1t v\u00e9gzett. K\u00e9zdiv\u00e1s\u00e1rhelyen k\u00f6nyvel\u0151, majd Mv.-en a Sz\u00f6vetkezeti k\u00f6zpont k\u00f6nyvel\u00e9si ellen\u0151re. \u00c9nekkari tenorista a kv.-i \u00c1llami Magyar Oper\u00e1ban (1956\u201360). Rakt\u00e1ros (1965\u201384). A Sz\u00e9kely N\u00e9pi Egy\u00fcttes \u00e9nekese nyugd\u00edjaz\u00e1s\u00e1ig \u00e9s a Filharmonia alkalmazottja, [&hellip;]<\/p>\n","protected":false},"featured_media":0,"comment_status":"open","ping_status":"closed","template":"","meta":[],"product_brand":[],"product_cat":[137],"product_tag":[],"class_list":{"0":"post-6587","1":"product","2":"type-product","3":"status-publish","5":"product_cat-maros-megyei-eletrajzi-lexikon","7":"first","8":"instock","9":"shipping-taxable","10":"product-type-simple"},"_links":{"self":[{"href":"https:\/\/uj.adatbank.ro\/lexikon\/wp-json\/wp\/v2\/product\/6587","targetHints":{"allow":["GET"]}}],"collection":[{"href":"https:\/\/uj.adatbank.ro\/lexikon\/wp-json\/wp\/v2\/product"}],"about":[{"href":"https:\/\/uj.adatbank.ro\/lexikon\/wp-json\/wp\/v2\/types\/product"}],"replies":[{"embeddable":true,"href":"https:\/\/uj.adatbank.ro\/lexikon\/wp-json\/wp\/v2\/comments?post=6587"}],"wp:attachment":[{"href":"https:\/\/uj.adatbank.ro\/lexikon\/wp-json\/wp\/v2\/media?parent=6587"}],"wp:term":[{"taxonomy":"product_brand","embeddable":true,"href":"https:\/\/uj.adatbank.ro\/lexikon\/wp-json\/wp\/v2\/product_brand?post=6587"},{"taxonomy":"product_cat","embeddable":true,"href":"https:\/\/uj.adatbank.ro\/lexikon\/wp-json\/wp\/v2\/product_cat?post=6587"},{"taxonomy":"product_tag","embeddable":true,"href":"https:\/\/uj.adatbank.ro\/lexikon\/wp-json\/wp\/v2\/product_tag?post=6587"}],"curies":[{"name":"wp","href":"https:\/\/api.w.org\/{rel}","templated":true}]}}

DÁVID István

<p>Kézdivásárhely, 1924. máj. 27., † Mv., ?: Dávid Dezső és Fejér Katalin fia. Felesége. Csulak Magdolna (1929–2000). – Mv.-en szakközépiskolát (1943) és Kv.-on népművészeti főiskolát végzett. Kézdivásárhelyen könyvelő, majd Mv.-en a Szövetkezeti központ könyvelési ellenőre. Énekkari tenorista a kv.-i Állami Magyar Operában (1956–60). Raktáros (1965–84). A Székely Népi Együttes énekese nyugdíjazásáig és a Filharmonia alkalmazottja, több színjátszó csoport tagja. &#8211;<br /><strong>Irod.:</strong> Száva 2012.</br></p>

<p>Kézdivásárhely, 1924. máj. 27., † Mv., ?: Dávid Dezső és Fejér Katalin fia. Felesége. Csulak Magdolna (1929–2000). – Mv.-en szakközépiskolát (1943) és Kv.-on népművészeti főiskolát végzett. Kézdivásárhelyen könyvelő, majd Mv.-en a Szövetkezeti központ könyvelési ellenőre. Énekkari tenorista a kv.-i Állami Magyar Operában (1956–60). Raktáros (1965–84). A Székely Népi Együttes énekese nyugdíjazásáig és a Filharmonia alkalmazottja, [&hellip;]</p>
