{"id":6591,"date":"2025-06-28T17:57:55","date_gmt":"2025-06-28T15:57:55","guid":{"rendered":"https:\/\/uj.adatbank.ro\/lexikon\/termek\/david-laszlo-%c2%a7\/"},"modified":"2025-06-28T17:57:55","modified_gmt":"2025-06-28T15:57:55","slug":"david-laszlo-%c2%a7","status":"publish","type":"product","link":"https:\/\/uj.adatbank.ro\/lexikon\/termek\/david-laszlo-%c2%a7\/","title":{"rendered":"D\u00c1VID L\u00e1szl\u00f3 \u00a7"},"content":{"rendered":"<p>\u00c1rapatak, 1932. m\u00e1j. 25., \u2020 Sz\u00e9kelyudvarhely, 2007: ref. lelkip\u00e1sztor, m\u0171v\u00e9szett\u00f6rt\u00e9n\u00e9sz. -Sz\u00e9kelyudvarhelyen j\u00e1rt k\u00f6z\u00e9piskol\u00e1ba, Kv.-on v\u00e9gzte a ref. teol\u00f3gi\u00e1t (1955), ut\u00e1na tov\u00e1bbtanult a h\u00e1rom\u00e9ves magiszteri rendszerben, vizsg\u00e1zott h\u00e9berb\u0151l, g\u00f6r\u00f6gb\u0151l, egyh\u00e1zt\u00f6rt. -b\u0151l \u00e9s dogmatik\u00e1b\u00f3l, egyh\u00e1zt\u00f6rt\u00e9netb\u0151l doktor\u00e1lt (1969). Muzsnai lelkip\u00e1sztor (1958\u201363), majd k\u00f6zel 40 \u00e9ven \u00e1t volt a segesv\u00e1ri ref. egyh\u00e1z lelkip\u00e1sztora, espereshelyettes nyugd\u00edjaz\u00e1s\u00e1ig (1963\u2013). A szabadegyetem megh\u00edv\u00e1s\u00e1ra sz\u00e1mos vetitettk\u00e9pes el\u0151ad\u00e1st tartott nemcsak saj\u00e1t k\u00f6nyv\u00e9r\u0151l, hanem tov\u00e1bbi kutat\u00e1saira alapozva Segesv\u00e1r k\u00f6rny\u00e9ke k\u00f6z\u00e9pkori m\u0171v\u00e9szet\u00e9nek m\u00e1s megmaradt eml\u00e9keir\u0151l is. Kutat\u00e1si ter\u00fclete: egyh\u00e1z-, gy\u00fclekezet-, m\u0171v\u00e9szet- \u00e9s vall\u00e1st\u00f6rt\u00e9net. \u2013 <strong>F. m.:<\/strong> A k\u00f6z\u00e9pkori Udvarhelysz\u00e9k m\u0171v\u00e9szeti eml\u00e9kei (Buk., 1981). <br \/><strong>Irod.:<\/strong> Ferenczi S\u00e1ndor 2012; A k\u00f6z\u00e9pkori Udvarhelysz\u00e9k m\u0171v\u00e9szeti eml\u00e9kei (Buk., 1981) Nov\u00e1k K\u00e1roly-Istv\u00e1n besz\u00e9lget\u00e9se D. L. -val, a k\u00f6tet szerz\u0151j\u00e9vel (\u00d6r\u00f6ks\u00e9g\u00fcnk, 1. sz., 2007.; 2. sz., 2007.); RMIL<\/br><\/p>\n","protected":false},"excerpt":{"rendered":"<p>\u00c1rapatak, 1932. m\u00e1j. 25., \u2020 Sz\u00e9kelyudvarhely, 2007: ref. lelkip\u00e1sztor, m\u0171v\u00e9szett\u00f6rt\u00e9n\u00e9sz. -Sz\u00e9kelyudvarhelyen j\u00e1rt k\u00f6z\u00e9piskol\u00e1ba, Kv.-on v\u00e9gzte a ref. teol\u00f3gi\u00e1t (1955), ut\u00e1na tov\u00e1bbtanult a h\u00e1rom\u00e9ves magiszteri rendszerben, vizsg\u00e1zott h\u00e9berb\u0151l, g\u00f6r\u00f6gb\u0151l, egyh\u00e1zt\u00f6rt. -b\u0151l \u00e9s dogmatik\u00e1b\u00f3l, egyh\u00e1zt\u00f6rt\u00e9netb\u0151l doktor\u00e1lt (1969). Muzsnai lelkip\u00e1sztor (1958\u201363), majd k\u00f6zel 40 \u00e9ven \u00e1t volt a segesv\u00e1ri ref. egyh\u00e1z lelkip\u00e1sztora, espereshelyettes nyugd\u00edjaz\u00e1s\u00e1ig (1963\u2013). A szabadegyetem megh\u00edv\u00e1s\u00e1ra [&hellip;]<\/p>\n","protected":false},"featured_media":0,"comment_status":"open","ping_status":"closed","template":"","meta":[],"product_brand":[],"product_cat":[137],"product_tag":[],"class_list":{"0":"post-6591","1":"product","2":"type-product","3":"status-publish","5":"product_cat-maros-megyei-eletrajzi-lexikon","7":"first","8":"instock","9":"shipping-taxable","10":"product-type-simple"},"_links":{"self":[{"href":"https:\/\/uj.adatbank.ro\/lexikon\/wp-json\/wp\/v2\/product\/6591","targetHints":{"allow":["GET"]}}],"collection":[{"href":"https:\/\/uj.adatbank.ro\/lexikon\/wp-json\/wp\/v2\/product"}],"about":[{"href":"https:\/\/uj.adatbank.ro\/lexikon\/wp-json\/wp\/v2\/types\/product"}],"replies":[{"embeddable":true,"href":"https:\/\/uj.adatbank.ro\/lexikon\/wp-json\/wp\/v2\/comments?post=6591"}],"wp:attachment":[{"href":"https:\/\/uj.adatbank.ro\/lexikon\/wp-json\/wp\/v2\/media?parent=6591"}],"wp:term":[{"taxonomy":"product_brand","embeddable":true,"href":"https:\/\/uj.adatbank.ro\/lexikon\/wp-json\/wp\/v2\/product_brand?post=6591"},{"taxonomy":"product_cat","embeddable":true,"href":"https:\/\/uj.adatbank.ro\/lexikon\/wp-json\/wp\/v2\/product_cat?post=6591"},{"taxonomy":"product_tag","embeddable":true,"href":"https:\/\/uj.adatbank.ro\/lexikon\/wp-json\/wp\/v2\/product_tag?post=6591"}],"curies":[{"name":"wp","href":"https:\/\/api.w.org\/{rel}","templated":true}]}}

DÁVID László §

<p>Árapatak, 1932. máj. 25., † Székelyudvarhely, 2007: ref. lelkipásztor, művészettörténész. -Székelyudvarhelyen járt középiskolába, Kv.-on végzte a ref. teológiát (1955), utána továbbtanult a hároméves magiszteri rendszerben, vizsgázott héberből, görögből, egyháztört. -ből és dogmatikából, egyháztörténetből doktorált (1969). Muzsnai lelkipásztor (1958–63), majd közel 40 éven át volt a segesvári ref. egyház lelkipásztora, espereshelyettes nyugdíjazásáig (1963–). A szabadegyetem meghívására számos vetitettképes előadást tartott nemcsak saját könyvéről, hanem további kutatásaira alapozva Segesvár környéke középkori művészetének más megmaradt emlékeiről is. Kutatási területe: egyház-, gyülekezet-, művészet- és vallástörténet. – <strong>F. m.:</strong> A középkori Udvarhelyszék művészeti emlékei (Buk., 1981). <br /><strong>Irod.:</strong> Ferenczi Sándor 2012; A középkori Udvarhelyszék művészeti emlékei (Buk., 1981) Novák Károly-István beszélgetése D. L. -val, a kötet szerzőjével (Örökségünk, 1. sz., 2007.; 2. sz., 2007.); RMIL</br></p>

<p>Árapatak, 1932. máj. 25., † Székelyudvarhely, 2007: ref. lelkipásztor, művészettörténész. -Székelyudvarhelyen járt középiskolába, Kv.-on végzte a ref. teológiát (1955), utána továbbtanult a hároméves magiszteri rendszerben, vizsgázott héberből, görögből, egyháztört. -ből és dogmatikából, egyháztörténetből doktorált (1969). Muzsnai lelkipásztor (1958–63), majd közel 40 éven át volt a segesvári ref. egyház lelkipásztora, espereshelyettes nyugdíjazásáig (1963–). A szabadegyetem meghívására [&hellip;]</p>
